000
CDUS43 KARX 110714
CLILSE


CLIMATE REPORT
NATIONAL WEATHER SERVICE LA CROSSE WI
211 AM CDT MON MAY 11 2015

...THE LA CROSSE WI CLIMATE SUMMARY FOR MAY 10 2015...

CLIMATE NORMAL PERIOD 1981 TO 2010
CLIMATE RECORD PERIOD 1873 TO 2015

WEATHER ITEM   OBSERVED TIME   RECORD YEAR NORMAL DEPARTURE LAST
                VALUE   (LST)  VALUE       VALUE  FROM      YEAR
                                                  NORMAL
..................................................................
TEMPERATURE (F)
 YESTERDAY
  MAXIMUM         64    309 PM  90    1911  69     -5       70
  MINIMUM         52    854 AM  27    1966  47      5       42
  AVERAGE         58                        58      0       56

PRECIPITATION (IN)
  YESTERDAY        T             1.02 1892   0.11  -0.11     0.02
  MONTH TO DATE    1.07                      1.13  -0.06     0.67
  SINCE MAR 1      6.04                      6.51  -0.47     9.01
  SINCE JAN 1      7.25                      8.68  -1.43    11.37

SNOWFALL (IN)
  YESTERDAY        0.0           0.0  2002   0.0    0.0      0.0
                                      2001
  MONTH TO DATE    0.0                       0.1   -0.1      0.0
  SINCE JUL 1     38.8                      43.4   -4.6     48.9
  SNOW DEPTH       0

DEGREE DAYS
 HEATING
  YESTERDAY        7                         8     -1        9
  MONTH TO DATE   32                        90    -58      102
  SINCE JUL 1   6939                      7042   -103     8042

 COOLING
  YESTERDAY        0                         1     -1        0
  MONTH TO DATE   23                         8     15        1
  SINCE JAN 1     24                        15      9        1
..................................................................

WIND (MPH)
  HIGHEST WIND SPEED    23   HIGHEST WIND DIRECTION     E (80)
  HIGHEST GUST SPEED    31   HIGHEST GUST DIRECTION     E (90)
  AVERAGE WIND SPEED    10.7

SKY COVER
  POSSIBLE SUNSHINE  MM
  AVERAGE SKY COVER 1.0

WEATHER CONDITIONS
 THE FOLLOWING WEATHER WAS RECORDED YESTERDAY.
  LIGHT RAIN

RELATIVE HUMIDITY (PERCENT)
 HIGHEST    80           900 PM
 LOWEST     55           100 PM
 AVERAGE    68
..........................................................

THE LA CROSSE WI CLIMATE NORMALS FOR TODAY
                         NORMAL    RECORD    YEAR
 MAXIMUM TEMPERATURE (F)   69        89      1922
 MINIMUM TEMPERATURE (F)   47        30      1925

SUNRISE AND SUNSET
MAY 11 2015...........SUNRISE   544 AM CDT   SUNSET   819 PM CDT
MAY 12 2015...........SUNRISE   543 AM CDT   SUNSET   820 PM CDT

-  INDICATES NEGATIVE NUMBERS.
R  INDICATES RECORD WAS SET OR TIED.
MM INDICATES DATA IS MISSING.
T  INDICATES TRACE AMOUNT.

$$

BOYNE
