000
CDUS43 KARX 070744
CLILSE


CLIMATE REPORT
NATIONAL WEATHER SERVICE LA CROSSE WI
144 AM CST SUN DEC 7 2014


...................................

...THE LA CROSSE WI CLIMATE SUMMARY FOR DECEMBER 6 2014...

CLIMATE NORMAL PERIOD 1981 TO 2010
CLIMATE RECORD PERIOD 1873 TO 2014


WEATHER ITEM   OBSERVED TIME   RECORD YEAR NORMAL DEPARTURE LAST
                VALUE   (LST)  VALUE       VALUE  FROM      YEAR
                                                  NORMAL
..................................................................
TEMPERATURE (F)
 YESTERDAY
  MAXIMUM         38    311 PM  55    1939  32      6       14
  MINIMUM         21    750 AM -16    1972  18      3        2
  AVERAGE         30                        25      5        8

PRECIPITATION (IN)
  YESTERDAY        0.00          0.78 1875   0.06  -0.06     0.00
  MONTH TO DATE    0.00                      0.33  -0.33     0.50
  SINCE DEC 1      0.00                      0.33  -0.33     0.50
  SINCE JAN 1     36.59                     32.03   4.56    34.87

SNOWFALL (IN)
  YESTERDAY        0.0           2.2  1996   0.4   -0.4      0.0
                                      1950
  MONTH TO DATE    0.0                       2.2   -2.2      0.1
  SINCE JUL 1      7.8                       6.5    1.3      1.1
  SNOW DEPTH       T

DEGREE DAYS
 HEATING
  YESTERDAY       35                        40     -5       57
  MONTH TO DATE  250                       234     16      230
  SINCE JUL 1   1850                      1734    116     1634

 COOLING
  YESTERDAY        0                         0      0        0
  MONTH TO DATE    0                         0      0        0
  SINCE JAN 1    822                       782     40      917
..................................................................


WIND (MPH)
  HIGHEST WIND SPEED    14   HIGHEST WIND DIRECTION     N (360)
  HIGHEST GUST SPEED    18   HIGHEST GUST DIRECTION     N (360)
  AVERAGE WIND SPEED     4.4


SKY COVER
  POSSIBLE SUNSHINE  MM
  AVERAGE SKY COVER 0.1


WEATHER CONDITIONS
 THE FOLLOWING WEATHER WAS RECORDED YESTERDAY.
  FOG
  HAZE


RELATIVE HUMIDITY (PERCENT)
 HIGHEST    92           700 AM
 LOWEST     48           300 PM
 AVERAGE    70

..........................................................


THE LA CROSSE WI CLIMATE NORMALS FOR TODAY
                         NORMAL    RECORD    YEAR
 MAXIMUM TEMPERATURE (F)   32        57      1916
 MINIMUM TEMPERATURE (F)   17       -20      1882


SUNRISE AND SUNSET
DECEMBER  7 2014......SUNRISE   726 AM CST   SUNSET   427 PM CST
DECEMBER  8 2014......SUNRISE   726 AM CST   SUNSET   427 PM CST


-  INDICATES NEGATIVE NUMBERS.
R  INDICATES RECORD WAS SET OR TIED.
MM INDICATES DATA IS MISSING.
T  INDICATES TRACE AMOUNT.




$$
