000
CDUS43 KARX 050642
CLILSE


CLIMATE REPORT
NATIONAL WEATHER SERVICE LA CROSSE WI
141 AM CDT FRI AUG 5 2016


...................................

...THE LA CROSSE WI CLIMATE SUMMARY FOR AUGUST 4 2016...

CLIMATE NORMAL PERIOD 1981 TO 2010
CLIMATE RECORD PERIOD 1873 TO 2016


WEATHER ITEM   OBSERVED TIME   RECORD YEAR NORMAL DEPARTURE LAST
                VALUE   (LST)  VALUE       VALUE  FROM      YEAR
                                                  NORMAL
..................................................................
TEMPERATURE (F)
 YESTERDAY
  MAXIMUM         92    106 PM  99    1896  83      9       83
  MINIMUM         70   1159 PM  45    1912  63      7       57
  AVERAGE         81                        73      8       70

PRECIPITATION (IN)
  YESTERDAY        1.34          2.93 1916   0.15   1.19     0.00
  MONTH TO DATE    1.34                      0.57   0.77     0.00
  SINCE JUN 1     13.22                      9.17   4.05     7.32
  SINCE JAN 1     23.70                     20.24   3.46    19.91

SNOWFALL (IN)
  YESTERDAY        0.0           0.0  2002   0.0    0.0      0.0
                                      2001
  MONTH TO DATE    0.0                       0.0    0.0      0.0
  SINCE JUL 1      0.0                       0.0    0.0      0.0
  SNOW DEPTH       0

DEGREE DAYS
 HEATING
  YESTERDAY        0                         0      0        0
  MONTH TO DATE    0                         0      0        0
  SINCE JUL 1      0                         5     -5        3

 COOLING
  YESTERDAY       16                         8      8        5
  MONTH TO DATE   59                        32     27       38
  SINCE JAN 1    675                       519    156      520
..................................................................


WIND (MPH)
  HIGHEST WIND SPEED    41   HIGHEST WIND DIRECTION    NW (300)
  HIGHEST GUST SPEED    53   HIGHEST GUST DIRECTION     W (290)
  AVERAGE WIND SPEED     8.1


SKY COVER
  POSSIBLE SUNSHINE  MM
  AVERAGE SKY COVER 0.4


WEATHER CONDITIONS
 THE FOLLOWING WEATHER WAS RECORDED YESTERDAY.
  THUNDERSTORM
  HEAVY RAIN
  RAIN
  LIGHT RAIN
  FOG


RELATIVE HUMIDITY (PERCENT)
 HIGHEST    94           400 AM
 LOWEST     52           100 PM
 AVERAGE    73

..........................................................


THE LA CROSSE WI CLIMATE NORMALS FOR TODAY
                         NORMAL    RECORD    YEAR
 MAXIMUM TEMPERATURE (F)   83        96      2001
 MINIMUM TEMPERATURE (F)   62        46      1994
                                             1889


SUNRISE AND SUNSET
AUGUST  5 2016........SUNRISE   558 AM CDT   SUNSET   823 PM CDT
AUGUST  6 2016........SUNRISE   600 AM CDT   SUNSET   821 PM CDT


-  INDICATES NEGATIVE NUMBERS.
R  INDICATES RECORD WAS SET OR TIED.
MM INDICATES DATA IS MISSING.
T  INDICATES TRACE AMOUNT.




$$
