000
CDUS43 KARX 032132
CLILSE


CLIMATE REPORT
NATIONAL WEATHER SERVICE LA CROSSE WI
432 PM CDT SUN SEP 3 2017


...................................

...THE LA CROSSE WI CLIMATE SUMMARY FOR SEPTEMBER 3 2017...
VALID TODAY AS OF 0430 PM LOCAL TIME.

CLIMATE NORMAL PERIOD 1981 TO 2010
CLIMATE RECORD PERIOD 1873 TO 2017


WEATHER ITEM   OBSERVED TIME   RECORD YEAR NORMAL DEPARTURE LAST
                VALUE   (LST)  VALUE       VALUE  FROM      YEAR
                                                  NORMAL
..................................................................
TEMPERATURE (F)
 TODAY
  MAXIMUM         89    326 PM  95    1929  78     11       79
  MINIMUM         56    524 AM  38    1974  58     -2       58
  AVERAGE         73                        68      5       69

PRECIPITATION (IN)
  TODAY            0.00          2.30 1934   0.12  -0.12     0.00
  MONTH TO DATE    0.06                      0.37  -0.31     0.00
  SINCE SEP 1      0.06                      0.37  -0.31     0.00
  SINCE JAN 1     31.82                     24.33   7.49    28.72

SNOWFALL (IN)
  TODAY            0.0           0.0  2002   0.0    0.0      0.0
                                      2001
  MONTH TO DATE    0.0                       0.0    0.0      0.0
  SINCE JUL 1      0.0                       0.0    0.0      0.0
  SNOW DEPTH       0

DEGREE DAYS
 HEATING
  TODAY            0                         2     -2        0
  MONTH TO DATE    1                         4     -3        0
  SINCE JUL 1      1                        24    -23        0

 COOLING
  TODAY            8                         4      4        4
  MONTH TO DATE   11                        14     -3        5
  SINCE JAN 1    826                       714    112      914
..................................................................


WIND (MPH)
  HIGHEST WIND SPEED    16   HIGHEST WIND DIRECTION    SW (220)
  HIGHEST GUST SPEED    21   HIGHEST GUST DIRECTION    SW (210)
  AVERAGE WIND SPEED     6.7


SKY COVER
  POSSIBLE SUNSHINE  MM
  AVERAGE SKY COVER 0.2


WEATHER CONDITIONS
 THE FOLLOWING WEATHER WAS RECORDED TODAY.
  FOG
  FOG W/VISIBILITY <= 1/4 MILE


RELATIVE HUMIDITY (PERCENT)
 HIGHEST    93          1200 AM
 LOWEST     39           200 PM
 AVERAGE    66

..........................................................


THE LA CROSSE WI CLIMATE NORMALS FOR TOMORROW
                         NORMAL    RECORD    YEAR
 MAXIMUM TEMPERATURE (F)   78        95      1925
 MINIMUM TEMPERATURE (F)   57        37      1891


SUNRISE AND SUNSET
SEPTEMBER  3 2017.....SUNRISE   631 AM CDT   SUNSET   737 PM CDT
SEPTEMBER  4 2017.....SUNRISE   632 AM CDT   SUNSET   735 PM CDT


-  INDICATES NEGATIVE NUMBERS.
R  INDICATES RECORD WAS SET OR TIED.
MM INDICATES DATA IS MISSING.
T  INDICATES TRACE AMOUNT.




$$
