000
CDUS43 KARX 310650
CLILSE


CLIMATE REPORT
NATIONAL WEATHER SERVICE LA CROSSE WI
148 AM CDT FRI MAR 31 2017

...THE LA CROSSE WI CLIMATE SUMMARY FOR MARCH 30 2017...

CLIMATE NORMAL PERIOD 1981 TO 2010
CLIMATE RECORD PERIOD 1873 TO 2017

WEATHER ITEM   OBSERVED TIME   RECORD YEAR NORMAL DEPARTURE LAST
                VALUE   (LST)  VALUE       VALUE  FROM      YEAR
                                                  NORMAL
..................................................................
TEMPERATURE (F)
 YESTERDAY
  MAXIMUM         43    325 PM  80    1967  51     -8       54
  MINIMUM         39   1159 PM   2    1969  31      8       43
  AVERAGE         41                        41      0       49

PRECIPITATION (IN)
  YESTERDAY        0.11          1.03 1934   0.09   0.02     0.61
  MONTH TO DATE    1.76                      1.96  -0.20     3.29
  SINCE MAR 1      1.76                      1.96  -0.20     3.29
  SINCE JAN 1      5.62                      4.13   1.49     4.94

SNOWFALL (IN)
  YESTERDAY        0.0           9.5  1934   0.2   -0.2      0.0
  MONTH TO DATE    8.0                       7.0    1.0     12.3
  SINCE JUL 1     42.2                      41.5    0.7     39.7
  SNOW DEPTH       0

DEGREE DAYS
 HEATING
  YESTERDAY       24                        24      0       16
  MONTH TO DATE  883                       921    -38      698
  SINCE JUL 1   5163                      6430  -1267     5273

 COOLING
  YESTERDAY        0                         0      0        0
  MONTH TO DATE    0                         0      0        0
  SINCE JAN 1      0                         0      0        0
..................................................................

WIND (MPH)
  HIGHEST WIND SPEED    23   HIGHEST WIND DIRECTION     E (90)
  HIGHEST GUST SPEED    30   HIGHEST GUST DIRECTION     E (80)
  AVERAGE WIND SPEED    10.8

SKY COVER
  POSSIBLE SUNSHINE  MM
  AVERAGE SKY COVER 1.0

WEATHER CONDITIONS
 THE FOLLOWING WEATHER WAS RECORDED YESTERDAY.
  LIGHT RAIN
  FOG

RELATIVE HUMIDITY (PERCENT)
 HIGHEST    86           600 PM
 LOWEST     76           300 PM
 AVERAGE    81

..........................................................

THE LA CROSSE WI CLIMATE NORMALS FOR TODAY
                         NORMAL    RECORD    YEAR
 MAXIMUM TEMPERATURE (F)   52        83      1986
 MINIMUM TEMPERATURE (F)   31         5      1969

SUNRISE AND SUNSET
MARCH 31 2017.........SUNRISE   648 AM CDT   SUNSET   731 PM CDT
APRIL  1 2017.........SUNRISE   646 AM CDT   SUNSET   732 PM CDT

-  INDICATES NEGATIVE NUMBERS.
R  INDICATES RECORD WAS SET OR TIED.
MM INDICATES DATA IS MISSING.
T  INDICATES TRACE AMOUNT.

$$

Boyne
