000
CDUS43 KARX 212133
CLILSE


CLIMATE REPORT
NATIONAL WEATHER SERVICE LA CROSSE WI
433 PM CDT TUE JUL 21 2015


...................................

...THE LA CROSSE WI CLIMATE SUMMARY FOR JULY 21 2015...
VALID TODAY AS OF 0430 PM LOCAL TIME.

CLIMATE NORMAL PERIOD 1981 TO 2010
CLIMATE RECORD PERIOD 1873 TO 2015


WEATHER ITEM   OBSERVED TIME   RECORD YEAR NORMAL DEPARTURE LAST
                VALUE   (LST)  VALUE       VALUE  FROM      YEAR
                                                  NORMAL
..................................................................
TEMPERATURE (F)
 TODAY
  MAXIMUM         82    249 PM 104    1901  84     -2       90
  MINIMUM         58    422 AM  47    1992  63     -5       73
  AVERAGE         70                        74     -4       82

PRECIPITATION (IN)
  TODAY            0.00          4.48 1907   0.13  -0.13     0.00
  MONTH TO DATE    2.57                      2.89  -0.32     3.72
  SINCE JUN 1      6.27                      7.23  -0.96    10.42
  SINCE JAN 1     18.86                     18.30   0.56    23.58

SNOWFALL (IN)
  TODAY            0.0           0.0  2002   0.0    0.0      0.0
                                      2001
  MONTH TO DATE    0.0                       0.0    0.0      0.0
  SINCE JUL 1      0.0                       0.0    0.0      0.0
  SNOW DEPTH       0

DEGREE DAYS
 HEATING
  TODAY            0                         0      0        0
  MONTH TO DATE    3                         0      3        3
  SINCE JUL 1      3                         0      3        3

 COOLING
  TODAY            5                         9     -4       17
  MONTH TO DATE  140                       188    -48      127
  SINCE JAN 1    372                       402    -30      408
..................................................................


WIND (MPH)
  HIGHEST WIND SPEED    13   HIGHEST WIND DIRECTION    NW (300)
  HIGHEST GUST SPEED    17   HIGHEST GUST DIRECTION    NW (310)
  AVERAGE WIND SPEED     6.3


SKY COVER
  POSSIBLE SUNSHINE  MM
  AVERAGE SKY COVER 0.0


WEATHER CONDITIONS
 THE FOLLOWING WEATHER WAS RECORDED TODAY.
  NO SIGNIFICANT WEATHER WAS OBSERVED.


RELATIVE HUMIDITY (PERCENT)
 HIGHEST    87           400 AM
 LOWEST     39           100 PM
 AVERAGE    63

..........................................................


THE LA CROSSE WI CLIMATE NORMALS FOR TOMORROW
                         NORMAL    RECORD    YEAR
 MAXIMUM TEMPERATURE (F)   84       102      1934
 MINIMUM TEMPERATURE (F)   63        47      1947


SUNRISE AND SUNSET
JULY 21 2015..........SUNRISE   542 AM CDT   SUNSET   840 PM CDT
JULY 22 2015..........SUNRISE   543 AM CDT   SUNSET   839 PM CDT


-  INDICATES NEGATIVE NUMBERS.
R  INDICATES RECORD WAS SET OR TIED.
MM INDICATES DATA IS MISSING.
T  INDICATES TRACE AMOUNT.




$$
