000
CDUS43 KARX 190640
CLILSE


CLIMATE REPORT
NATIONAL WEATHER SERVICE LA CROSSE WI
138 AM CDT FRI JUN 19 2015


...................................

...THE LA CROSSE WI CLIMATE SUMMARY FOR JUNE 18 2015...

CLIMATE NORMAL PERIOD 1981 TO 2010
CLIMATE RECORD PERIOD 1873 TO 2015


WEATHER ITEM   OBSERVED TIME   RECORD YEAR NORMAL DEPARTURE LAST
                VALUE   (LST)  VALUE       VALUE  FROM      YEAR
                                                  NORMAL
..................................................................
TEMPERATURE (F)
 YESTERDAY
  MAXIMUM         81    521 PM  96    1995  81      0       82
                                      1988
  MINIMUM         65   1112 PM  40    1876  60      5       68
  AVERAGE         73                        70      3       75

PRECIPITATION (IN)
  YESTERDAY        0.00          4.50 2011   0.14  -0.14     0.53
  MONTH TO DATE    2.29                      2.57  -0.28     3.64
  SINCE JUN 1      2.29                      2.57  -0.28     3.64
  SINCE JAN 1     14.88                     13.64   1.24    16.80

SNOWFALL (IN)
  YESTERDAY        0.0           0.0  2002   0.0    0.0      0.0
                                      2001
  MONTH TO DATE    0.0                       0.0    0.0      0.0
  SINCE JUL 1     38.8                      43.3   -4.5     48.9
  SNOW DEPTH       0

DEGREE DAYS
 HEATING
  YESTERDAY        0                         1     -1        0
  MONTH TO DATE   12                        32    -20        1
  SINCE JUL 1   7066                      7189   -123     8136

 COOLING
  YESTERDAY        8                         6      2       10
  MONTH TO DATE   90                        77     13      102
  SINCE JAN 1    155                       125     30      161
..................................................................


WIND (MPH)
  HIGHEST WIND SPEED    17   HIGHEST WIND DIRECTION    NW (330)
  HIGHEST GUST SPEED    22   HIGHEST GUST DIRECTION    NW (320)
  AVERAGE WIND SPEED     9.3


SKY COVER
  POSSIBLE SUNSHINE  MM
  AVERAGE SKY COVER 0.4


WEATHER CONDITIONS
 THE FOLLOWING WEATHER WAS RECORDED YESTERDAY.
  NO SIGNIFICANT WEATHER WAS OBSERVED.


RELATIVE HUMIDITY (PERCENT)
 HIGHEST    87           400 AM
 LOWEST     39           300 PM
 AVERAGE    63

..........................................................


THE LA CROSSE WI CLIMATE NORMALS FOR TODAY
                         NORMAL    RECORD    YEAR
 MAXIMUM TEMPERATURE (F)   81        98      1953
 MINIMUM TEMPERATURE (F)   60        43      1982


SUNRISE AND SUNSET
JUNE 19 2015..........SUNRISE   522 AM CDT   SUNSET   850 PM CDT
JUNE 20 2015..........SUNRISE   522 AM CDT   SUNSET   851 PM CDT


-  INDICATES NEGATIVE NUMBERS.
R  INDICATES RECORD WAS SET OR TIED.
MM INDICATES DATA IS MISSING.
T  INDICATES TRACE AMOUNT.




$$
