000
CDUS43 KARX 280631
CLILSE


CLIMATE REPORT
NATIONAL WEATHER SERVICE LA CROSSE WI
1231 AM CST WED DEC 28 2016


...................................

...THE LA CROSSE WI CLIMATE SUMMARY FOR DECEMBER 27 2016...

CLIMATE NORMAL PERIOD 1981 TO 2010
CLIMATE RECORD PERIOD 1873 TO 2016


WEATHER ITEM   OBSERVED TIME   RECORD YEAR NORMAL DEPARTURE LAST
                VALUE   (LST)  VALUE       VALUE  FROM      YEAR
                                                  NORMAL
..................................................................
TEMPERATURE (F)
 YESTERDAY
  MAXIMUM         27    424 PM  51    1936  26      1       35
  MINIMUM         16    919 PM -23    1880  11      5       21
                                      1872
  AVERAGE         22                        18      4       28

PRECIPITATION (IN)
  YESTERDAY        T             0.86 1904   0.03  -0.03     0.00
  MONTH TO DATE    2.19                      1.22   0.97     4.06
  SINCE DEC 1      2.19                      1.22   0.97     4.06
  SINCE JAN 1     44.76                     32.92  11.84    33.61

SNOWFALL (IN)
  YESTERDAY        T             2.0  1973   0.3   -0.3      0.0
  MONTH TO DATE   20.8                      10.0   10.8      1.6
  SINCE JUL 1     20.8                      14.3    6.5      2.5
  SNOW DEPTH       4

DEGREE DAYS
 HEATING
  YESTERDAY       43                        46     -3       37
  MONTH TO DATE 1131                      1156    -25      785
  SINCE JUL 1   1990                      2656   -666     1871

 COOLING
  YESTERDAY        0                         0      0        0
  MONTH TO DATE    0                         0      0        0
  SINCE JAN 1   1033                       782    251      887
..................................................................


WIND (MPH)
  HIGHEST WIND SPEED    24   HIGHEST WIND DIRECTION     W (280)
  HIGHEST GUST SPEED    31   HIGHEST GUST DIRECTION     W (290)
  AVERAGE WIND SPEED     9.9


SKY COVER
  POSSIBLE SUNSHINE  MM
  AVERAGE SKY COVER 0.7


WEATHER CONDITIONS
 THE FOLLOWING WEATHER WAS RECORDED YESTERDAY.
  LIGHT SNOW


RELATIVE HUMIDITY (PERCENT)
 HIGHEST    84           900 PM
 LOWEST     65          1200 AM
 AVERAGE    75

..........................................................


THE LA CROSSE WI CLIMATE NORMALS FOR TODAY
                         NORMAL    RECORD    YEAR
 MAXIMUM TEMPERATURE (F)   26        60      1984
 MINIMUM TEMPERATURE (F)   11       -25      1880


SUNRISE AND SUNSET
DECEMBER 28 2016......SUNRISE   739 AM CST   SUNSET   435 PM CST
DECEMBER 29 2016......SUNRISE   739 AM CST   SUNSET   436 PM CST


-  INDICATES NEGATIVE NUMBERS.
R  INDICATES RECORD WAS SET OR TIED.
MM INDICATES DATA IS MISSING.
T  INDICATES TRACE AMOUNT.




$$
