000
CDUS43 KARX 020637
CLILSE


CLIMATE REPORT
NATIONAL WEATHER SERVICE LA CROSSE WI
1236 AM CST THU FEB 2 2017


...................................

...THE LA CROSSE WI CLIMATE SUMMARY FOR FEBRUARY 1 2017...

CLIMATE NORMAL PERIOD 1981 TO 2010
CLIMATE RECORD PERIOD 1873 TO 2017


WEATHER ITEM   OBSERVED TIME   RECORD YEAR NORMAL DEPARTURE LAST
                VALUE   (LST)  VALUE       VALUE  FROM      YEAR
                                                  NORMAL
..................................................................
TEMPERATURE (F)
 YESTERDAY
  MAXIMUM         34   1244 AM  48    1931  28      6       38
  MINIMUM         12   1146 PM -28    1918  10      2       21
  AVERAGE         23                        19      4       30

PRECIPITATION (IN)
  YESTERDAY        0.03          0.80 1922   0.03   0.00     0.00
                                      1915
  MONTH TO DATE    0.03                      0.03   0.00     0.00
  SINCE DEC 1      4.91                      2.51   2.40     5.80
  SINCE JAN 1      2.72                      1.15   1.57     0.87

SNOWFALL (IN)
  YESTERDAY        0.5           8.7  1915   0.4    0.1      0.0
  MONTH TO DATE    0.5                       0.4    0.1      0.0
  SINCE JUL 1     30.8                      26.7    4.1     16.6
  SNOW DEPTH       3

DEGREE DAYS
 HEATING
  YESTERDAY       42                        46     -4       35
  MONTH TO DATE   42                        46     -4       35
  SINCE JUL 1   3439                      4365   -926     3474

 COOLING
  YESTERDAY        0                         0      0        0
  MONTH TO DATE    0                         0      0        0
  SINCE JAN 1      0                         0      0        0
..................................................................


WIND (MPH)
  HIGHEST WIND SPEED    22   HIGHEST WIND DIRECTION    NW (310)
  HIGHEST GUST SPEED    25   HIGHEST GUST DIRECTION    NW (300)
  AVERAGE WIND SPEED    11.9


SKY COVER
  POSSIBLE SUNSHINE  MM
  AVERAGE SKY COVER 0.4


WEATHER CONDITIONS
 THE FOLLOWING WEATHER WAS RECORDED YESTERDAY.
  LIGHT SNOW
  FOG


RELATIVE HUMIDITY (PERCENT)
 HIGHEST    85           400 AM
 LOWEST     46           200 PM
 AVERAGE    66

..........................................................


THE LA CROSSE WI CLIMATE NORMALS FOR TODAY
                         NORMAL    RECORD    YEAR
 MAXIMUM TEMPERATURE (F)   28        51      2006
 MINIMUM TEMPERATURE (F)   10       -34      1996


SUNRISE AND SUNSET
FEBRUARY  2 2017......SUNRISE   721 AM CST   SUNSET   517 PM CST
FEBRUARY  3 2017......SUNRISE   719 AM CST   SUNSET   519 PM CST


-  INDICATES NEGATIVE NUMBERS.
R  INDICATES RECORD WAS SET OR TIED.
MM INDICATES DATA IS MISSING.
T  INDICATES TRACE AMOUNT.




$$
