000
CDUS43 KARX 050642
CLILSE


CLIMATE REPORT
NATIONAL WEATHER SERVICE LA CROSSE WI
1241 AM CST FRI DEC 5 2014


...................................

...THE LA CROSSE WI CLIMATE SUMMARY FOR DECEMBER 4 2014...

CLIMATE NORMAL PERIOD 1981 TO 2010
CLIMATE RECORD PERIOD 1873 TO 2014


WEATHER ITEM   OBSERVED TIME   RECORD YEAR NORMAL DEPARTURE LAST
                VALUE   (LST)  VALUE       VALUE  FROM      YEAR
                                                  NORMAL
..................................................................
TEMPERATURE (F)
 YESTERDAY
  MAXIMUM         34    309 PM  64    2001  33      1       39
  MINIMUM         15   1232 AM  -6    1893  19     -4       27
  AVERAGE         25                        26     -1       33

PRECIPITATION (IN)
  YESTERDAY        0.00          1.13 1925   0.05  -0.05     0.10
  MONTH TO DATE    0.00                      0.22  -0.22     0.50
  SINCE DEC 1      0.00                      0.22  -0.22     0.50
  SINCE JAN 1     36.59                     31.92   4.67    34.87

SNOWFALL (IN)
  YESTERDAY        0.0           6.5  1925   0.3   -0.3      0.0
  MONTH TO DATE    0.0                       1.4   -1.4      0.1
  SINCE JUL 1      7.8                       5.7    2.1      1.1
  SNOW DEPTH       T

DEGREE DAYS
 HEATING
  YESTERDAY       40                        39      1       32
  MONTH TO DATE  184                       154     30      126
  SINCE JUL 1   1784                      1654    130     1530

 COOLING
  YESTERDAY        0                         0      0        0
  MONTH TO DATE    0                         0      0        0
  SINCE JAN 1    822                       782     40      917
..................................................................


WIND (MPH)
  HIGHEST WIND SPEED    16   HIGHEST WIND DIRECTION    SE (150)
  HIGHEST GUST SPEED    21   HIGHEST GUST DIRECTION     S (160)
  AVERAGE WIND SPEED     6.7


SKY COVER
  POSSIBLE SUNSHINE  MM
  AVERAGE SKY COVER 0.6


WEATHER CONDITIONS
 THE FOLLOWING WEATHER WAS RECORDED YESTERDAY.
  NO SIGNIFICANT WEATHER WAS OBSERVED.


RELATIVE HUMIDITY (PERCENT)
 HIGHEST    80          1200 AM
 LOWEST     32           200 PM
 AVERAGE    56

..........................................................


THE LA CROSSE WI CLIMATE NORMALS FOR TODAY
                         NORMAL    RECORD    YEAR
 MAXIMUM TEMPERATURE (F)   33        67      1998
 MINIMUM TEMPERATURE (F)   18        -5      1880
                                             1873


SUNRISE AND SUNSET
DECEMBER  5 2014......SUNRISE   724 AM CST   SUNSET   428 PM CST
DECEMBER  6 2014......SUNRISE   725 AM CST   SUNSET   427 PM CST


-  INDICATES NEGATIVE NUMBERS.
R  INDICATES RECORD WAS SET OR TIED.
MM INDICATES DATA IS MISSING.
T  INDICATES TRACE AMOUNT.




$$
