000
CDUS43 KARX 060653
CLILSE


CLIMATE REPORT
NATIONAL WEATHER SERVICE LA CROSSE WI
1253 AM CST THU NOV 6 2014


...................................

...THE LA CROSSE WI CLIMATE SUMMARY FOR NOVEMBER 5 2014...

CLIMATE NORMAL PERIOD 1981 TO 2010
CLIMATE RECORD PERIOD 1873 TO 2014


WEATHER ITEM   OBSERVED TIME   RECORD YEAR NORMAL DEPARTURE LAST
                VALUE   (LST)  VALUE       VALUE  FROM      YEAR
                                                  NORMAL
..................................................................
TEMPERATURE (F)
 YESTERDAY
  MAXIMUM         52    219 PM  71    1924  50      2       46
  MINIMUM         34    320 AM   1    1951  34      0       34
  AVERAGE         43                        42      1       40

PRECIPITATION (IN)
  YESTERDAY        0.03          1.29 1905   0.06  -0.03     1.07
  MONTH TO DATE    0.06                      0.33  -0.27     1.13
  SINCE SEP 1      6.21                      6.06   0.15     6.58
  SINCE JAN 1     35.69                     30.02   5.67    33.73

SNOWFALL (IN)
  YESTERDAY        0.0           6.5  1959   0.0    0.0      0.0
  MONTH TO DATE    0.0                       0.2   -0.2      0.0
  SINCE JUL 1      0.0                       0.4   -0.4       T
  SNOW DEPTH       0

DEGREE DAYS
 HEATING
  YESTERDAY       22                        23     -1       25
  MONTH TO DATE  100                       111    -11      112
  SINCE JUL 1    660                       739    -79      626

 COOLING
  YESTERDAY        0                         0      0        0
  MONTH TO DATE    0                         0      0        0
  SINCE JAN 1    822                       782     40      917
..................................................................


WIND (MPH)
  HIGHEST WIND SPEED    14   HIGHEST WIND DIRECTION     W (280)
  HIGHEST GUST SPEED    17   HIGHEST GUST DIRECTION     W (280)
  AVERAGE WIND SPEED     6.5


SKY COVER
  POSSIBLE SUNSHINE  MM
  AVERAGE SKY COVER 0.7


WEATHER CONDITIONS
 THE FOLLOWING WEATHER WAS RECORDED YESTERDAY.
  LIGHT RAIN
  FOG


RELATIVE HUMIDITY (PERCENT)
 HIGHEST    92           700 PM
 LOWEST     50           200 PM
 AVERAGE    71

..........................................................


THE LA CROSSE WI CLIMATE NORMALS FOR TODAY
                         NORMAL    RECORD    YEAR
 MAXIMUM TEMPERATURE (F)   50        71      2001
                                             1916
 MINIMUM TEMPERATURE (F)   33        -1      1951


SUNRISE AND SUNSET
NOVEMBER  6 2014......SUNRISE   648 AM CST   SUNSET   449 PM CST
NOVEMBER  7 2014......SUNRISE   649 AM CST   SUNSET   448 PM CST


-  INDICATES NEGATIVE NUMBERS.
R  INDICATES RECORD WAS SET OR TIED.
MM INDICATES DATA IS MISSING.
T  INDICATES TRACE AMOUNT.




$$
