000
CDUS43 KARX 062140
CLILSE


CLIMATE REPORT
NATIONAL WEATHER SERVICE LA CROSSE WI
437 PM CDT TUE SEP 6 2016


...................................

...THE LA CROSSE WI CLIMATE SUMMARY FOR SEPTEMBER 6 2016...
VALID TODAY AS OF 0430 PM LOCAL TIME.

CLIMATE NORMAL PERIOD 1981 TO 2010
CLIMATE RECORD PERIOD 1873 TO 2016


WEATHER ITEM   OBSERVED TIME   RECORD YEAR NORMAL DEPARTURE LAST
                VALUE   (LST)  VALUE       VALUE  FROM      YEAR
                                                  NORMAL
..................................................................
TEMPERATURE (F)
 TODAY
  MAXIMUM         86    327 PM 101    1922  77      9       92
  MINIMUM         75    434 AM  41    1988  57     18       76
                                      1892
  AVERAGE         81                        67     14       84

PRECIPITATION (IN)
  TODAY            0.00          5.55 1884   0.12  -0.12     0.07
  MONTH TO DATE    0.50                      0.73  -0.23     0.13
  SINCE SEP 1      0.50                      0.73  -0.23     0.13
  SINCE JAN 1     29.22                     24.69   4.53    22.84

SNOWFALL (IN)
  TODAY            0.0           0.0  2002   0.0    0.0      0.0
                                      2001
  MONTH TO DATE    0.0                       0.0    0.0      0.0
  SINCE JUL 1      0.0                       0.0    0.0      0.0
  SNOW DEPTH       0

DEGREE DAYS
 HEATING
  TODAY            0                         2     -2        0
  MONTH TO DATE    0                        10    -10        0
  SINCE JUL 1      0                        30    -30       14

 COOLING
  TODAY           16                         4     12       19
  MONTH TO DATE   39                        26     13       93
  SINCE JAN 1    948                       726    222      784
..................................................................


WIND (MPH)
  HIGHEST WIND SPEED    15   HIGHEST WIND DIRECTION    SW (220)
  HIGHEST GUST SPEED    22   HIGHEST GUST DIRECTION    SW (240)
  AVERAGE WIND SPEED    10.4


SKY COVER
  POSSIBLE SUNSHINE  MM
  AVERAGE SKY COVER 0.5


WEATHER CONDITIONS
 THE FOLLOWING WEATHER WAS RECORDED TODAY.
  NO SIGNIFICANT WEATHER WAS OBSERVED.


RELATIVE HUMIDITY (PERCENT)
 HIGHEST    87           300 AM
 LOWEST     65           100 PM
 AVERAGE    76

..........................................................


THE LA CROSSE WI CLIMATE NORMALS FOR TOMORROW
                         NORMAL    RECORD    YEAR
 MAXIMUM TEMPERATURE (F)   77       100      1978
 MINIMUM TEMPERATURE (F)   56        40      1986
                                             1956


SUNRISE AND SUNSET
SEPTEMBER  6 2016.....SUNRISE   635 AM CDT   SUNSET   731 PM CDT
SEPTEMBER  7 2016.....SUNRISE   636 AM CDT   SUNSET   729 PM CDT


-  INDICATES NEGATIVE NUMBERS.
R  INDICATES RECORD WAS SET OR TIED.
MM INDICATES DATA IS MISSING.
T  INDICATES TRACE AMOUNT.




$$
