958
CDUS43 KARX 180742
CLILSE


CLIMATE REPORT
NATIONAL WEATHER SERVICE LA CROSSE WI
241 AM CDT THU MAY 18 2017


...................................

...THE LA CROSSE WI CLIMATE SUMMARY FOR MAY 17 2017...

CLIMATE NORMAL PERIOD 1981 TO 2010
CLIMATE RECORD PERIOD 1873 TO 2017


WEATHER ITEM   OBSERVED TIME   RECORD YEAR NORMAL DEPARTURE LAST
                VALUE   (LST)  VALUE       VALUE  FROM      YEAR
                                                  NORMAL
..................................................................
TEMPERATURE (F)
 YESTERDAY
  MAXIMUM         79    317 PM  92    1998  71      8       66
  MINIMUM         61    957 PM  29    1925  49     12       41
  AVERAGE         70                        60     10       54

PRECIPITATION (IN)
  YESTERDAY        2.39          2.87 2000   0.11   2.28     0.00
  MONTH TO DATE    5.69                      1.89   3.80     1.44
  SINCE MAR 1     12.32                      7.27   5.05     6.13
  SINCE JAN 1     16.18                      9.44   6.74     7.78

SNOWFALL (IN)
  YESTERDAY        0.0           0.0  2002   0.0    0.0      0.0
                                      2001
  MONTH TO DATE    T                         0.1   -0.1      0.0
  SINCE JUL 1     42.2                      43.4   -1.2     40.3
  SNOW DEPTH       0

DEGREE DAYS
 HEATING
  YESTERDAY        0                         6     -6       11
  MONTH TO DATE  124                       139    -15      173
  SINCE JUL 1   5678                      7091  -1413     5930

 COOLING
  YESTERDAY        5                         1      4        0
  MONTH TO DATE   34                        15     19        7
  SINCE JAN 1     40                        22     18       18
..................................................................


WIND (MPH)
  HIGHEST WIND SPEED    33   HIGHEST WIND DIRECTION     W (260)
  HIGHEST GUST SPEED    42   HIGHEST GUST DIRECTION     W (260)
  AVERAGE WIND SPEED     6.1


SKY COVER
  POSSIBLE SUNSHINE  MM
  AVERAGE SKY COVER 0.6


WEATHER CONDITIONS
 THE FOLLOWING WEATHER WAS RECORDED YESTERDAY.
  THUNDERSTORM
  HEAVY RAIN
  RAIN
  LIGHT RAIN
  FOG
  FOG W/VISIBILITY <= 1/4 MILE


RELATIVE HUMIDITY (PERCENT)
 HIGHEST    MM
 LOWEST     MM
 AVERAGE    MM

..........................................................


THE LA CROSSE WI CLIMATE NORMALS FOR TODAY
                         NORMAL    RECORD    YEAR
 MAXIMUM TEMPERATURE (F)   71        92      1998
                                             1934
 MINIMUM TEMPERATURE (F)   49        35      2002
                                             1915


SUNRISE AND SUNSET
MAY 18 2017...........SUNRISE   536 AM CDT   SUNSET   828 PM CDT
MAY 19 2017...........SUNRISE   535 AM CDT   SUNSET   829 PM CDT


-  INDICATES NEGATIVE NUMBERS.
R  INDICATES RECORD WAS SET OR TIED.
MM INDICATES DATA IS MISSING.
T  INDICATES TRACE AMOUNT.




$$
