000
CDUS43 KARX 300640
CLILSE


CLIMATE REPORT
NATIONAL WEATHER SERVICE LA CROSSE WI
140 AM CDT MON OCT 30 2017


...................................

...THE LA CROSSE WI CLIMATE SUMMARY FOR OCTOBER 29 2017...

CLIMATE NORMAL PERIOD 1981 TO 2010
CLIMATE RECORD PERIOD 1873 TO 2017


WEATHER ITEM   OBSERVED TIME   RECORD YEAR NORMAL DEPARTURE LAST
                VALUE   (LST)  VALUE       VALUE  FROM      YEAR
                                                  NORMAL
..................................................................
TEMPERATURE (F)
 YESTERDAY
  MAXIMUM         45    431 PM  81    1937  54     -9       65
  MINIMUM         30    602 AM  12    1925  36     -6       50
  AVERAGE         38                        45     -7       58

PRECIPITATION (IN)
  YESTERDAY        0.03          2.25 1896   0.07  -0.04     0.10
  MONTH TO DATE    6.00                      2.05   3.95     2.23
  SINCE SEP 1      6.95                      5.61   1.34    12.69
  SINCE JAN 1     38.71                     29.57   9.14    41.41

SNOWFALL (IN)
  YESTERDAY        0.0           0.5  1929   0.0    0.0      0.0
  MONTH TO DATE    T                         0.2   -0.2      0.0
  SINCE JUL 1      T                         0.2   -0.2      0.0
  SNOW DEPTH       0

DEGREE DAYS
 HEATING
  YESTERDAY       27                        20      7        7
  MONTH TO DATE  283                       428   -145      250
  SINCE JUL 1    331                       588   -257      270

 COOLING
  YESTERDAY        0                         0      0        0
  MONTH TO DATE   14                         7      7       13
  SINCE JAN 1   1001                       781    220     1033
..................................................................


WIND (MPH)
  HIGHEST WIND SPEED    22   HIGHEST WIND DIRECTION     S (170)
  HIGHEST GUST SPEED    28   HIGHEST GUST DIRECTION     S (170)
  AVERAGE WIND SPEED     8.6


SKY COVER
  POSSIBLE SUNSHINE  MM
  AVERAGE SKY COVER 0.8


WEATHER CONDITIONS
 THE FOLLOWING WEATHER WAS RECORDED YESTERDAY.
  LIGHT RAIN


RELATIVE HUMIDITY (PERCENT)
 HIGHEST    92           800 PM
 LOWEST     49          1200 PM
 AVERAGE    71

..........................................................


THE LA CROSSE WI CLIMATE NORMALS FOR TODAY
                         NORMAL    RECORD    YEAR
 MAXIMUM TEMPERATURE (F)   53        80      1924
 MINIMUM TEMPERATURE (F)   36         7      1925


SUNRISE AND SUNSET
OCTOBER 30 2017.......SUNRISE   739 AM CDT   SUNSET   558 PM CDT
OCTOBER 31 2017.......SUNRISE   740 AM CDT   SUNSET   556 PM CDT


-  INDICATES NEGATIVE NUMBERS.
R  INDICATES RECORD WAS SET OR TIED.
MM INDICATES DATA IS MISSING.
T  INDICATES TRACE AMOUNT.




$$
