000
CDUS43 KARX 172135
CLILSE


CLIMATE REPORT
NATIONAL WEATHER SERVICE LA CROSSE WI
434 PM CDT WED JUN 17 2015


...................................

...THE LA CROSSE WI CLIMATE SUMMARY FOR JUNE 17 2015...
VALID TODAY AS OF 0400 PM LOCAL TIME.

CLIMATE NORMAL PERIOD 1981 TO 2010
CLIMATE RECORD PERIOD 1873 TO 2015


WEATHER ITEM   OBSERVED TIME   RECORD YEAR NORMAL DEPARTURE LAST
                VALUE   (LST)  VALUE       VALUE  FROM      YEAR
                                                  NORMAL
..................................................................
TEMPERATURE (F)
 TODAY
  MAXIMUM         77    224 PM  95    1995  81     -4       84
                                      1994
  MINIMUM         63    640 AM  43    1915  59      4       63
                                      1876
  AVERAGE         70                        70      0       74

PRECIPITATION (IN)
  TODAY            0.00          2.83 1993   0.14  -0.14     0.16
  MONTH TO DATE    2.29                      2.43  -0.14     3.11
  SINCE JUN 1      2.29                      2.43  -0.14     3.11
  SINCE JAN 1     14.88                     13.50   1.38    16.27

SNOWFALL (IN)
  TODAY            0.0           0.0  2002   0.0    0.0      0.0
                                      2001
  MONTH TO DATE    0.0                       0.0    0.0      0.0
  SINCE JUL 1     38.8                      43.3   -4.5     48.9
  SNOW DEPTH       0

DEGREE DAYS
 HEATING
  TODAY            0                         1     -1        0
  MONTH TO DATE   12                        31    -19        1
  SINCE JUL 1   7066                      7188   -122     8136

 COOLING
  TODAY            5                         6     -1        9
  MONTH TO DATE   82                        71     11       92
  SINCE JAN 1    147                       119     28      151
..................................................................


WIND (MPH)
  HIGHEST WIND SPEED    16   HIGHEST WIND DIRECTION     S (180)
  HIGHEST GUST SPEED    20   HIGHEST GUST DIRECTION    SW (210)
  AVERAGE WIND SPEED    10.8


SKY COVER
  POSSIBLE SUNSHINE  MM
  AVERAGE SKY COVER 0.3


WEATHER CONDITIONS
 THE FOLLOWING WEATHER WAS RECORDED TODAY.
  NO SIGNIFICANT WEATHER WAS OBSERVED.


RELATIVE HUMIDITY (PERCENT)
 HIGHEST    63           500 AM
 LOWEST     53          1100 AM
 AVERAGE    58

..........................................................


THE LA CROSSE WI CLIMATE NORMALS FOR TOMORROW
                         NORMAL    RECORD    YEAR
 MAXIMUM TEMPERATURE (F)   81        96      1995
                                             1988
 MINIMUM TEMPERATURE (F)   60        40      1876


SUNRISE AND SUNSET
JUNE 17 2015..........SUNRISE   522 AM CDT   SUNSET   850 PM CDT
JUNE 18 2015..........SUNRISE   522 AM CDT   SUNSET   850 PM CDT


-  INDICATES NEGATIVE NUMBERS.
R  INDICATES RECORD WAS SET OR TIED.
MM INDICATES DATA IS MISSING.
T  INDICATES TRACE AMOUNT.




$$
