000
CDUS43 KARX 142230
CLILSE


CLIMATE REPORT
NATIONAL WEATHER SERVICE LA CROSSE WI
428 PM CST SAT FEB 14 2015


...................................

...THE LA CROSSE WI CLIMATE SUMMARY FOR FEBRUARY 14 2015...
VALID TODAY AS OF 0400 PM LOCAL TIME.

CLIMATE NORMAL PERIOD 1981 TO 2010
CLIMATE RECORD PERIOD 1873 TO 2015


WEATHER ITEM   OBSERVED TIME   RECORD YEAR NORMAL DEPARTURE LAST
                VALUE   (LST)  VALUE       VALUE  FROM      YEAR
                                                  NORMAL
..................................................................
TEMPERATURE (F)
 TODAY
  MAXIMUM         20   1209 AM  56    1954  31    -11       18
                                      1934
  MINIMUM          3    925 AM -17    1951  13    -10       -1
  AVERAGE         12                        22    -10        9

PRECIPITATION (IN)
  TODAY            T             0.49 1911   0.03  -0.03     0.00
  MONTH TO DATE    0.45                      0.48  -0.03     0.10
  SINCE DEC 1      2.22                      2.96  -0.74     2.60
  SINCE JAN 1      1.12                      1.60  -0.48     1.08

SNOWFALL (IN)
  TODAY            T             5.0  2008   0.3   -0.3      0.0
  MONTH TO DATE    7.7                       4.3    3.4      1.5
  SINCE JUL 1     26.9                      30.6   -3.7     30.9
  SNOW DEPTH       6

DEGREE DAYS
 HEATING
  TODAY           53                        43     10       56
  MONTH TO DATE  689                       628     61      838
  SINCE JUL 1   4796                      4947   -151     5485

 COOLING
  TODAY            0                         0      0        0
  MONTH TO DATE    0                         0      0        0
  SINCE JAN 1      0                         0      0        0
..................................................................


WIND (MPH)
  HIGHEST WIND SPEED    30   HIGHEST WIND DIRECTION     N (340)
  HIGHEST GUST SPEED    41   HIGHEST GUST DIRECTION    NW (330)
  AVERAGE WIND SPEED    20.4


SKY COVER
  POSSIBLE SUNSHINE  MM
  AVERAGE SKY COVER 0.3


WEATHER CONDITIONS
 THE FOLLOWING WEATHER WAS RECORDED TODAY.
  NO SIGNIFICANT WEATHER WAS OBSERVED.


RELATIVE HUMIDITY (PERCENT)
 HIGHEST    67           200 AM
 LOWEST     44           100 PM
 AVERAGE    56

..........................................................


THE LA CROSSE WI CLIMATE NORMALS FOR TOMORROW
                         NORMAL    RECORD    YEAR
 MAXIMUM TEMPERATURE (F)   31        65      1921
 MINIMUM TEMPERATURE (F)   14       -16      1905
                                             1875


SUNRISE AND SUNSET
FEBRUARY 14 2015......SUNRISE   706 AM CST   SUNSET   533 PM CST
FEBRUARY 15 2015......SUNRISE   704 AM CST   SUNSET   535 PM CST


-  INDICATES NEGATIVE NUMBERS.
R  INDICATES RECORD WAS SET OR TIED.
MM INDICATES DATA IS MISSING.
T  INDICATES TRACE AMOUNT.




$$
