000
CDUS43 KARX 100637
CLILSE


CLIMATE REPORT
NATIONAL WEATHER SERVICE LA CROSSE WI
1236 AM CST THU NOV 10 2016


...................................

...THE LA CROSSE WI CLIMATE SUMMARY FOR NOVEMBER 9 2016...

CLIMATE NORMAL PERIOD 1981 TO 2010
CLIMATE RECORD PERIOD 1873 TO 2016


WEATHER ITEM   OBSERVED TIME   RECORD YEAR NORMAL DEPARTURE LAST
                VALUE   (LST)  VALUE       VALUE  FROM      YEAR
                                                  NORMAL
..................................................................
TEMPERATURE (F)
 YESTERDAY
  MAXIMUM         62    232 PM  75    1999  48     14       59
  MINIMUM         32    714 AM  13    1921  32      0       38
  AVERAGE         47                        40      7       49

PRECIPITATION (IN)
  YESTERDAY        0.00          1.77 1919   0.07  -0.07     0.00
  MONTH TO DATE    T                         0.60  -0.60     0.17
  SINCE SEP 1     12.69                      6.33   6.36     5.08
  SINCE JAN 1     41.41                     30.29  11.12    27.79

SNOWFALL (IN)
  YESTERDAY        0.0           0.8  1995   0.1   -0.1      0.0
  MONTH TO DATE    0.0                       0.5   -0.5      0.0
  SINCE JUL 1      0.0                       0.7   -0.7      0.0
  SNOW DEPTH       0

DEGREE DAYS
 HEATING
  YESTERDAY       18                        25     -7       16
  MONTH TO DATE   96                       209   -113      112
  SINCE JUL 1    399                       837   -438      550

 COOLING
  YESTERDAY        0                         0      0        0
  MONTH TO DATE    0                         0      0        0
  SINCE JAN 1   1033                       782    251      887
..................................................................


WIND (MPH)
  HIGHEST WIND SPEED    14   HIGHEST WIND DIRECTION     W (260)
  HIGHEST GUST SPEED    18   HIGHEST GUST DIRECTION     W (270)
  AVERAGE WIND SPEED     5.9


SKY COVER
  POSSIBLE SUNSHINE  MM
  AVERAGE SKY COVER 0.0


WEATHER CONDITIONS
 THE FOLLOWING WEATHER WAS RECORDED YESTERDAY.
  NO SIGNIFICANT WEATHER WAS OBSERVED.


RELATIVE HUMIDITY (PERCENT)
 HIGHEST    89           400 AM
 LOWEST     29           200 PM
 AVERAGE    59

..........................................................


THE LA CROSSE WI CLIMATE NORMALS FOR TODAY
                         NORMAL    RECORD    YEAR
 MAXIMUM TEMPERATURE (F)   47        68      2012
 MINIMUM TEMPERATURE (F)   31        10      1979


SUNRISE AND SUNSET
NOVEMBER 10 2016......SUNRISE   654 AM CST   SUNSET   444 PM CST
NOVEMBER 11 2016......SUNRISE   655 AM CST   SUNSET   443 PM CST


-  INDICATES NEGATIVE NUMBERS.
R  INDICATES RECORD WAS SET OR TIED.
MM INDICATES DATA IS MISSING.
T  INDICATES TRACE AMOUNT.




$$
