000
CDUS43 KARX 220644
CLILSE


CLIMATE REPORT
NATIONAL WEATHER SERVICE LA CROSSE WI
144 AM CDT MON MAY 22 2017


...................................

...THE LA CROSSE WI CLIMATE SUMMARY FOR MAY 21 2017...

CLIMATE NORMAL PERIOD 1981 TO 2010
CLIMATE RECORD PERIOD 1873 TO 2017


WEATHER ITEM   OBSERVED TIME   RECORD YEAR NORMAL DEPARTURE LAST
                VALUE   (LST)  VALUE       VALUE  FROM      YEAR
                                                  NORMAL
..................................................................
TEMPERATURE (F)
 YESTERDAY
  MAXIMUM         57    749 AM  92    1970  72    -15       82
  MINIMUM         49   1159 PM  31    1883  50     -1       47
  AVERAGE         53                        61     -8       65

PRECIPITATION (IN)
  YESTERDAY        0.04          2.83 1945   0.11  -0.07     0.00
  MONTH TO DATE    6.60                      2.34   4.26     1.44
  SINCE MAR 1     13.23                      7.72   5.51     6.13
  SINCE JAN 1     17.09                      9.89   7.20     7.78

SNOWFALL (IN)
  YESTERDAY        0.0           0.0  2002   0.0    0.0      0.0
                                      2001
  MONTH TO DATE    T                         0.1   -0.1      0.0
  SINCE JUL 1     42.2                      43.4   -1.2     40.3
  SNOW DEPTH       0

DEGREE DAYS
 HEATING
  YESTERDAY       12                         5      7        0
  MONTH TO DATE  176                       162     14      192
  SINCE JUL 1   5730                      7114  -1384     5949

 COOLING
  YESTERDAY        0                         2     -2        0
  MONTH TO DATE   27                        20      7        7
  SINCE JAN 1     33                        27      6       18
..................................................................


WIND (MPH)
  HIGHEST WIND SPEED    22   HIGHEST WIND DIRECTION    SW (220)
  HIGHEST GUST SPEED    29   HIGHEST GUST DIRECTION    SW (220)
  AVERAGE WIND SPEED    11.7


SKY COVER
  POSSIBLE SUNSHINE  MM
  AVERAGE SKY COVER 0.9


WEATHER CONDITIONS
 THE FOLLOWING WEATHER WAS RECORDED YESTERDAY.
  LIGHT RAIN
  FOG


RELATIVE HUMIDITY (PERCENT)
 HIGHEST   100           200 AM
 LOWEST     66           300 PM
 AVERAGE    83

..........................................................


THE LA CROSSE WI CLIMATE NORMALS FOR TODAY
                         NORMAL    RECORD    YEAR
 MAXIMUM TEMPERATURE (F)   73        98      1925
 MINIMUM TEMPERATURE (F)   51        33      1967


SUNRISE AND SUNSET
MAY 22 2017...........SUNRISE   532 AM CDT   SUNSET   832 PM CDT
MAY 23 2017...........SUNRISE   531 AM CDT   SUNSET   833 PM CDT


-  INDICATES NEGATIVE NUMBERS.
R  INDICATES RECORD WAS SET OR TIED.
MM INDICATES DATA IS MISSING.
T  INDICATES TRACE AMOUNT.




$$
