000
CDUS43 KARX 190649
CLILSE


CLIMATE REPORT
NATIONAL WEATHER SERVICE LA CROSSE WI
148 AM CDT TUE AUG 19 2014


...................................

...THE LA CROSSE WI CLIMATE SUMMARY FOR AUGUST 18 2014...

CLIMATE NORMAL PERIOD 1981 TO 2010
CLIMATE RECORD PERIOD 1873 TO 2014


WEATHER ITEM   OBSERVED TIME   RECORD YEAR NORMAL DEPARTURE LAST
                VALUE   (LST)  VALUE       VALUE  FROM      YEAR
                                                  NORMAL
..................................................................
TEMPERATURE (F)
 YESTERDAY
  MAXIMUM         89    223 PM  99    1936  82      7       83
  MINIMUM         67   1017 PM  44    1977  61      6       57
  AVERAGE         78                        71      7       70

PRECIPITATION (IN)
  YESTERDAY        1.08          4.05 2007   0.14   0.94     0.00
  MONTH TO DATE    1.76                      2.59  -0.83     0.93
  SINCE JUN 1     13.46                     11.19   2.27     8.11
  SINCE JAN 1     26.62                     22.26   4.36    27.04

SNOWFALL (IN)
  YESTERDAY        0.0           0.0  2002   0.0    0.0      0.0
                                      2001
  MONTH TO DATE    0.0                       0.0    0.0      0.0
  SINCE JUL 1      0.0                       0.0    0.0       T
  SNOW DEPTH       0

DEGREE DAYS
 HEATING
  YESTERDAY        0                         0      0        0
  MONTH TO DATE    0                         0      0        2
  SINCE JUL 1      3                         5     -2       14

 COOLING
  YESTERDAY       13                         7      6        5
  MONTH TO DATE  138                       137      1       61
  SINCE JAN 1    617                       624     -7      586
..................................................................


WIND (MPH)
  HIGHEST WIND SPEED    37   HIGHEST WIND DIRECTION    NW (320)
  HIGHEST GUST SPEED    49   HIGHEST GUST DIRECTION    NW (320)
  AVERAGE WIND SPEED     9.3


SKY COVER
  POSSIBLE SUNSHINE  MM
  AVERAGE SKY COVER 0.4


WEATHER CONDITIONS
 THE FOLLOWING WEATHER WAS RECORDED YESTERDAY.
  THUNDERSTORM
  HEAVY RAIN
  RAIN
  LIGHT RAIN
  FOG
  HAZE


RELATIVE HUMIDITY (PERCENT)
 HIGHEST    84           100 AM
 LOWEST     55           200 PM
 AVERAGE    70

..........................................................


THE LA CROSSE WI CLIMATE NORMALS FOR TODAY
                         NORMAL    RECORD    YEAR
 MAXIMUM TEMPERATURE (F)   81        97      1916
 MINIMUM TEMPERATURE (F)   61        46      2004


SUNRISE AND SUNSET
AUGUST 19 2014........SUNRISE   614 AM CDT   SUNSET   803 PM CDT
AUGUST 20 2014........SUNRISE   615 AM CDT   SUNSET   801 PM CDT


-  INDICATES NEGATIVE NUMBERS.
R  INDICATES RECORD WAS SET OR TIED.
MM INDICATES DATA IS MISSING.
T  INDICATES TRACE AMOUNT.




$$
