000
CDUS43 KARX 240652
CLILSE


CLIMATE REPORT
NATIONAL WEATHER SERVICE LA CROSSE WI
1251 AM CST WED DEC 24 2014


...................................

...THE LA CROSSE WI CLIMATE SUMMARY FOR DECEMBER 23 2014...

CLIMATE NORMAL PERIOD 1981 TO 2010
CLIMATE RECORD PERIOD 1873 TO 2014


WEATHER ITEM   OBSERVED TIME   RECORD YEAR NORMAL DEPARTURE LAST
                VALUE   (LST)  VALUE       VALUE  FROM      YEAR
                                                  NORMAL
..................................................................
TEMPERATURE (F)
 YESTERDAY
  MAXIMUM         38    259 AM  59    1877  27     11       12
  MINIMUM         33    947 AM -28    1872  12     21      -10
  AVERAGE         36                        19     17        1

PRECIPITATION (IN)
  YESTERDAY        0.37          0.41 1941   0.04   0.33     0.03
  MONTH TO DATE    0.94                      1.08  -0.14     1.22
  SINCE DEC 1      0.94                      1.08  -0.14     1.22
  SINCE JAN 1     37.53                     32.78   4.75    35.59

SNOWFALL (IN)
  YESTERDAY        1.2           7.0  2007   0.4    0.8      0.5
  MONTH TO DATE    1.3                       8.8   -7.5      8.5
  SINCE JUL 1      9.1                      13.1   -4.0      9.5
  SNOW DEPTH       0

DEGREE DAYS
 HEATING
  YESTERDAY       29                        46    -17       64
  MONTH TO DATE  793                       972   -179     1101
  SINCE JUL 1   2393                      2472    -79     2505

 COOLING
  YESTERDAY        0                         0      0        0
  MONTH TO DATE    0                         0      0        0
  SINCE JAN 1    822                       782     40      917
..................................................................


WIND (MPH)
  HIGHEST WIND SPEED    12   HIGHEST WIND DIRECTION    NW (320)
  HIGHEST GUST SPEED    16   HIGHEST GUST DIRECTION    NE (60)
  AVERAGE WIND SPEED     6.8


SKY COVER
  POSSIBLE SUNSHINE  MM
  AVERAGE SKY COVER 1.0


WEATHER CONDITIONS
 THE FOLLOWING WEATHER WAS RECORDED YESTERDAY.
  LIGHT RAIN
  LIGHT SNOW
  FOG


RELATIVE HUMIDITY (PERCENT)
 HIGHEST   100           100 PM
 LOWEST     85          1200 AM
 AVERAGE    93

..........................................................


THE LA CROSSE WI CLIMATE NORMALS FOR TODAY
                         NORMAL    RECORD    YEAR
 MAXIMUM TEMPERATURE (F)   27        61      1889
 MINIMUM TEMPERATURE (F)   12       -37      1872


SUNRISE AND SUNSET
DECEMBER 24 2014......SUNRISE   737 AM CST   SUNSET   432 PM CST
DECEMBER 25 2014......SUNRISE   738 AM CST   SUNSET   433 PM CST


-  INDICATES NEGATIVE NUMBERS.
R  INDICATES RECORD WAS SET OR TIED.
MM INDICATES DATA IS MISSING.
T  INDICATES TRACE AMOUNT.




$$
