000
CDUS43 KARX 110633
CLILSE


CLIMATE REPORT
NATIONAL WEATHER SERVICE LA CROSSE WI
1231 AM CST THU FEB 11 2016


...................................

...THE LA CROSSE WI CLIMATE SUMMARY FOR FEBRUARY 10 2016...

CLIMATE NORMAL PERIOD 1981 TO 2010
CLIMATE RECORD PERIOD 1873 TO 2016


WEATHER ITEM   OBSERVED TIME   RECORD YEAR NORMAL DEPARTURE LAST
                VALUE   (LST)  VALUE       VALUE  FROM      YEAR
                                                  NORMAL
..................................................................
TEMPERATURE (F)
 YESTERDAY
  MAXIMUM         12    222 PM  51    2009  30    -18       29
                                      1886
  MINIMUM         -1    742 AM -32    1899  12    -13       13
  AVERAGE          6                        21    -15       21

PRECIPITATION (IN)
  YESTERDAY        0.00          0.89 1959   0.03  -0.03     0.09
  MONTH TO DATE    0.69                      0.34   0.35     0.44
  SINCE DEC 1      6.49                      2.82   3.67     2.21
  SINCE JAN 1      1.56                      1.46   0.10     1.11

SNOWFALL (IN)
  YESTERDAY        0.0           9.7  1959   0.3   -0.3      0.9
  MONTH TO DATE    9.8                       3.2    6.6      7.5
  SINCE JUL 1     26.4                      29.5   -3.1     26.7
  SNOW DEPTH       6

DEGREE DAYS
 HEATING
  YESTERDAY       59                        44     15       44
  MONTH TO DATE  447                       454     -7      483
  SINCE JUL 1   3886                      4773   -887     4590

 COOLING
  YESTERDAY        0                         0      0        0
  MONTH TO DATE    0                         0      0        0
  SINCE JAN 1      0                         0      0        0
..................................................................


WIND (MPH)
  HIGHEST WIND SPEED    13   HIGHEST WIND DIRECTION    NW (330)
  HIGHEST GUST SPEED    15   HIGHEST GUST DIRECTION    NW (330)
  AVERAGE WIND SPEED     6.5


SKY COVER
  POSSIBLE SUNSHINE  MM
  AVERAGE SKY COVER 0.1


WEATHER CONDITIONS
 THE FOLLOWING WEATHER WAS RECORDED YESTERDAY.
  NO SIGNIFICANT WEATHER WAS OBSERVED.


RELATIVE HUMIDITY (PERCENT)
 HIGHEST    69           400 AM
 LOWEST     58           200 PM
 AVERAGE    64

..........................................................


THE LA CROSSE WI CLIMATE NORMALS FOR TODAY
                         NORMAL    RECORD    YEAR
 MAXIMUM TEMPERATURE (F)   30        60      1882
 MINIMUM TEMPERATURE (F)   12       -24      1899


SUNRISE AND SUNSET
FEBRUARY 11 2016......SUNRISE   710 AM CST   SUNSET   529 PM CST
FEBRUARY 12 2016......SUNRISE   709 AM CST   SUNSET   530 PM CST


-  INDICATES NEGATIVE NUMBERS.
R  INDICATES RECORD WAS SET OR TIED.
MM INDICATES DATA IS MISSING.
T  INDICATES TRACE AMOUNT.




$$
