000
CDUS43 KARX 242234
CLILSE


CLIMATE REPORT
NATIONAL WEATHER SERVICE LA CROSSE WI
432 PM CST SUN JAN 24 2016


...................................

...THE LA CROSSE WI CLIMATE SUMMARY FOR JANUARY 24 2016...
VALID TODAY AS OF 0400 PM LOCAL TIME.

CLIMATE NORMAL PERIOD 1981 TO 2010
CLIMATE RECORD PERIOD 1873 TO 2016


WEATHER ITEM   OBSERVED TIME   RECORD YEAR NORMAL DEPARTURE LAST
                VALUE   (LST)  VALUE       VALUE  FROM      YEAR
                                                  NORMAL
..................................................................
TEMPERATURE (F)
 TODAY
  MAXIMUM         30    309 PM  54    1981  26      4       44
  MINIMUM         24    142 AM -26    1936   9     15       23
                                      1904
  AVERAGE         27                        17     10       34

PRECIPITATION (IN)
  TODAY            0.00          1.31 1967   0.04  -0.04     0.00
  MONTH TO DATE    0.58                      0.86  -0.28     0.58
  SINCE DEC 1      5.51                      2.22   3.29     1.68
  SINCE JAN 1      0.58                      0.86  -0.28     0.58

SNOWFALL (IN)
  TODAY            0.0           8.0  1999   0.4   -0.4      0.0
  MONTH TO DATE    2.7                       8.0   -5.3      8.1
  SINCE JUL 1     15.2                      23.6   -8.4     17.9
  SNOW DEPTH       4

DEGREE DAYS
 HEATING
  TODAY           38                        48    -10       31
  MONTH TO DATE 1156                      1148      8     1108
  SINCE JUL 1   3191                      3992   -801     3847

 COOLING
  TODAY            0                         0      0        0
  MONTH TO DATE    0                         0      0        0
  SINCE JAN 1      0                         0      0        0
..................................................................


WIND (MPH)
  HIGHEST WIND SPEED    14   HIGHEST WIND DIRECTION    SW (220)
  HIGHEST GUST SPEED    17   HIGHEST GUST DIRECTION    SW (230)
  AVERAGE WIND SPEED     5.3


SKY COVER
  POSSIBLE SUNSHINE  MM
  AVERAGE SKY COVER 1.0


WEATHER CONDITIONS
 THE FOLLOWING WEATHER WAS RECORDED TODAY.
  FOG


RELATIVE HUMIDITY (PERCENT)
 HIGHEST    88           400 AM
 LOWEST     74          1200 AM
 AVERAGE    81

..........................................................


THE LA CROSSE WI CLIMATE NORMALS FOR TOMORROW
                         NORMAL    RECORD    YEAR
 MAXIMUM TEMPERATURE (F)   26        57      1981
 MINIMUM TEMPERATURE (F)    9       -27      1904


SUNRISE AND SUNSET
JANUARY 24 2016.......SUNRISE   730 AM CST   SUNSET   504 PM CST
JANUARY 25 2016.......SUNRISE   729 AM CST   SUNSET   506 PM CST


-  INDICATES NEGATIVE NUMBERS.
R  INDICATES RECORD WAS SET OR TIED.
MM INDICATES DATA IS MISSING.
T  INDICATES TRACE AMOUNT.




$$
