972
CDUS43 KARX 162144
CLILSE


CLIMATE REPORT
NATIONAL WEATHER SERVICE LA CROSSE WI
444 PM CDT SAT APR 16 2016


...................................

...THE LA CROSSE WI CLIMATE SUMMARY FOR APRIL 16 2016...
VALID TODAY AS OF 0400 PM LOCAL TIME.

CLIMATE NORMAL PERIOD 1981 TO 2010
CLIMATE RECORD PERIOD 1873 TO 2016


WEATHER ITEM   OBSERVED TIME   RECORD YEAR NORMAL DEPARTURE LAST
                VALUE   (LST)  VALUE       VALUE  FROM      YEAR
                                                  NORMAL
..................................................................
TEMPERATURE (F)
 TODAY
  MAXIMUM         82    247 PM  87    1964  60     22       77
  MINIMUM         52    545 AM  13    1875  38     14       46
  AVERAGE         67                        49     18       62

PRECIPITATION (IN)
  TODAY            0.00          0.95 1960   0.12  -0.12     0.00
  MONTH TO DATE    0.21                      1.66  -1.45     3.23
  SINCE MAR 1      3.82                      3.70   0.12     4.04
  SINCE JAN 1      5.47                      5.87  -0.40     5.25

SNOWFALL (IN)
  TODAY            0.0           6.6  1910   0.0    0.0      0.0
  MONTH TO DATE    0.6                       1.2   -0.6      0.4
  SINCE JUL 1     40.3                      42.8   -2.5     38.7
  SNOW DEPTH       0

DEGREE DAYS
 HEATING
  TODAY            0                        16    -16        3
  MONTH TO DATE  327                       314     13      226
  SINCE JUL 1   5626                      6767  -1141     6718

 COOLING
  TODAY            2                         0      2        0
  MONTH TO DATE    2                         0      2        0
  SINCE JAN 1      2                         0      2        0
..................................................................


WIND (MPH)
  HIGHEST WIND SPEED    18   HIGHEST WIND DIRECTION     S (190)
  HIGHEST GUST SPEED    22   HIGHEST GUST DIRECTION     S (200)
  AVERAGE WIND SPEED     8.2


SKY COVER
  POSSIBLE SUNSHINE  MM
  AVERAGE SKY COVER 0.0


WEATHER CONDITIONS
 THE FOLLOWING WEATHER WAS RECORDED TODAY.
  NO SIGNIFICANT WEATHER WAS OBSERVED.


RELATIVE HUMIDITY (PERCENT)
 HIGHEST    54           600 AM
 LOWEST     26           300 PM
 AVERAGE    40

..........................................................


THE LA CROSSE WI CLIMATE NORMALS FOR TOMORROW
                         NORMAL    RECORD    YEAR
 MAXIMUM TEMPERATURE (F)   60        82      1985
                                             1958
 MINIMUM TEMPERATURE (F)   39        15      1875


SUNRISE AND SUNSET
APRIL 16 2016.........SUNRISE   619 AM CDT   SUNSET   751 PM CDT
APRIL 17 2016.........SUNRISE   618 AM CDT   SUNSET   752 PM CDT


-  INDICATES NEGATIVE NUMBERS.
R  INDICATES RECORD WAS SET OR TIED.
MM INDICATES DATA IS MISSING.
T  INDICATES TRACE AMOUNT.




$$
