000
CDUS43 KARX 090659
CLILSE


CLIMATE REPORT
NATIONAL WEATHER SERVICE LA CROSSE WI
1259 AM CST WED NOV 9 2016


...................................

...THE LA CROSSE WI CLIMATE SUMMARY FOR NOVEMBER 8 2016...

CLIMATE NORMAL PERIOD 1981 TO 2010
CLIMATE RECORD PERIOD 1873 TO 2016


WEATHER ITEM   OBSERVED TIME   RECORD YEAR NORMAL DEPARTURE LAST
                VALUE   (LST)  VALUE       VALUE  FROM      YEAR
                                                  NORMAL
..................................................................
TEMPERATURE (F)
 YESTERDAY
  MAXIMUM         61    306 PM  74    1999  48     13       58
  MINIMUM         36   1135 PM   5    1991  32      4       35
  AVERAGE         49                        40      9       47

PRECIPITATION (IN)
  YESTERDAY        T             1.61 1937   0.07  -0.07     0.00
  MONTH TO DATE    T                         0.53  -0.53     0.17
  SINCE SEP 1     12.69                      6.26   6.43     5.08
  SINCE JAN 1     41.41                     30.22  11.19    27.79

SNOWFALL (IN)
  YESTERDAY        0.0           2.0  1926   0.1   -0.1      0.0
  MONTH TO DATE    0.0                       0.4   -0.4      0.0
  SINCE JUL 1      0.0                       0.6   -0.6      0.0
  SNOW DEPTH       0

DEGREE DAYS
 HEATING
  YESTERDAY       16                        25     -9       18
  MONTH TO DATE   78                       184   -106       96
  SINCE JUL 1    381                       812   -431      534

 COOLING
  YESTERDAY        0                         0      0        0
  MONTH TO DATE    0                         0      0        0
  SINCE JAN 1   1033                       782    251      887
..................................................................


WIND (MPH)
  HIGHEST WIND SPEED    17   HIGHEST WIND DIRECTION    NW (330)
  HIGHEST GUST SPEED    24   HIGHEST GUST DIRECTION    NW (320)
  AVERAGE WIND SPEED     9.2


SKY COVER
  POSSIBLE SUNSHINE  MM
  AVERAGE SKY COVER 0.1


WEATHER CONDITIONS
 THE FOLLOWING WEATHER WAS RECORDED YESTERDAY.
  LIGHT RAIN


RELATIVE HUMIDITY (PERCENT)
 HIGHEST    83           300 AM
 LOWEST     35           500 PM
 AVERAGE    59

..........................................................


THE LA CROSSE WI CLIMATE NORMALS FOR TODAY
                         NORMAL    RECORD    YEAR
 MAXIMUM TEMPERATURE (F)   48        75      1999
 MINIMUM TEMPERATURE (F)   32        13      1921


SUNRISE AND SUNSET
NOVEMBER  9 2016......SUNRISE   652 AM CST   SUNSET   445 PM CST
NOVEMBER 10 2016......SUNRISE   654 AM CST   SUNSET   444 PM CST


-  INDICATES NEGATIVE NUMBERS.
R  INDICATES RECORD WAS SET OR TIED.
MM INDICATES DATA IS MISSING.
T  INDICATES TRACE AMOUNT.




$$
