000
CDUS43 KARX 251437
CLILSE


CLIMATE REPORT
NATIONAL WEATHER SERVICE LA CROSSE WI
834 AM CST SAT FEB 25 2017

...THE LA CROSSE WI CLIMATE SUMMARY FOR FEBRUARY 24 2017...

CLIMATE NORMAL PERIOD 1981 TO 2010
CLIMATE RECORD PERIOD 1873 TO 2017


WEATHER ITEM   OBSERVED TIME   RECORD YEAR NORMAL DEPARTURE LAST
                VALUE   (LST)  VALUE       VALUE  FROM      YEAR
                                                  NORMAL
..................................................................
TEMPERATURE (F)
 YESTERDAY
  MAXIMUM         35    346 AM  59    1931  35      0       39
  MINIMUM         21   1159 PM -17    1889  17      4       33
  AVERAGE         28                        26      2       36

PRECIPITATION (IN)
  YESTERDAY        0.49          0.79 1975   0.04   0.45     0.00
  MONTH TO DATE    1.15                      0.87   0.28     0.78
  SINCE DEC 1      6.03                      3.35   2.68     6.58
  SINCE JAN 1      3.84                      1.99   1.85     1.65

SNOWFALL (IN)
  YESTERDAY        3.4           8.0  1975   0.3    3.1      0.0
  MONTH TO DATE    3.9                       7.1   -3.2     10.8
  SINCE JUL 1     34.2                      33.4    0.8     27.4
  SNOW DEPTH       1

DEGREE DAYS
 HEATING
  YESTERDAY       37                        39     -2       29
  MONTH TO DATE  756                      1038   -282     1002
  SINCE JUL 1   4153                      5357  -1204     4441

 COOLING
  YESTERDAY        0                         0      0        0
  MONTH TO DATE    0                         0      0        0
  SINCE JAN 1      0                         0      0        0
..................................................................

WIND (MPH)
  HIGHEST WIND SPEED    25   HIGHEST WIND DIRECTION     N (340)
  HIGHEST GUST SPEED    31   HIGHEST GUST DIRECTION     N (340)
  AVERAGE WIND SPEED    14.9

SKY COVER
  POSSIBLE SUNSHINE  MM
  AVERAGE SKY COVER 1.0

WEATHER CONDITIONS
 THE FOLLOWING WEATHER WAS RECORDED YESTERDAY.
  THUNDERSTORM
  LIGHT RAIN
  LIGHT SNOW
  FOG
  HAZE

RELATIVE HUMIDITY (PERCENT)
 HIGHEST   100           100 AM
 LOWEST     69           200 PM
 AVERAGE    85

..........................................................

THE LA CROSSE WI CLIMATE NORMALS FOR TODAY
                         NORMAL    RECORD    YEAR
 MAXIMUM TEMPERATURE (F)   35        62      2000
 MINIMUM TEMPERATURE (F)   17       -21      1967

SUNRISE AND SUNSET
FEBRUARY 25 2017......SUNRISE   648 AM CST   SUNSET   549 PM CST
FEBRUARY 26 2017......SUNRISE   646 AM CST   SUNSET   550 PM CST

-  INDICATES NEGATIVE NUMBERS.
R  INDICATES RECORD WAS SET OR TIED.
MM INDICATES DATA IS MISSING.
T  INDICATES TRACE AMOUNT.

$$

BOYNE
