000
CDUS43 KARX 280647
CLILSE


CLIMATE REPORT
NATIONAL WEATHER SERVICE LA CROSSE WI
146 AM CDT SAT MAR 28 2015


...................................

...THE LA CROSSE WI CLIMATE SUMMARY FOR MARCH 27 2015...

CLIMATE NORMAL PERIOD 1981 TO 2010
CLIMATE RECORD PERIOD 1873 TO 2015


WEATHER ITEM   OBSERVED TIME   RECORD YEAR NORMAL DEPARTURE LAST
                VALUE   (LST)  VALUE       VALUE  FROM      YEAR
                                                  NORMAL
..................................................................
TEMPERATURE (F)
 YESTERDAY
  MAXIMUM         37    519 PM  78    2012  49    -12       45
  MINIMUM         17    611 AM   7    1874  30    -13       35
  AVERAGE         27                        40    -13       40

PRECIPITATION (IN)
  YESTERDAY        0.00          2.01 1880   0.07  -0.07     0.64
  MONTH TO DATE    0.78                      1.71  -0.93     1.31
  SINCE MAR 1      0.78                      1.71  -0.93     1.31
  SINCE JAN 1      1.99                      3.88  -1.89     3.67

SNOWFALL (IN)
  YESTERDAY        0.0           6.8  1975   0.2   -0.2      0.0
  MONTH TO DATE    9.9                       6.6    3.3      5.7
  SINCE JUL 1     38.3                      41.1   -2.8     46.6
  SNOW DEPTH       1

DEGREE DAYS
 HEATING
  YESTERDAY       38                        25     13       25
  MONTH TO DATE  796                       847    -51     1069
  SINCE JUL 1   6402                      6356     46     7259

 COOLING
  YESTERDAY        0                         0      0        0
  MONTH TO DATE    0                         0      0        0
  SINCE JAN 1      0                         0      0        0
..................................................................


WIND (MPH)
  HIGHEST WIND SPEED    14   HIGHEST WIND DIRECTION    NE (40)
  HIGHEST GUST SPEED    17   HIGHEST GUST DIRECTION    NE (40)
  AVERAGE WIND SPEED     4.6


SKY COVER
  POSSIBLE SUNSHINE  MM
  AVERAGE SKY COVER 0.0


WEATHER CONDITIONS
 THE FOLLOWING WEATHER WAS RECORDED YESTERDAY.
  NO SIGNIFICANT WEATHER WAS OBSERVED.


RELATIVE HUMIDITY (PERCENT)
 HIGHEST    74           600 AM
 LOWEST     32           300 PM
 AVERAGE    53

..........................................................


THE LA CROSSE WI CLIMATE NORMALS FOR TODAY
                         NORMAL    RECORD    YEAR
 MAXIMUM TEMPERATURE (F)   50        80      1986
                                             1910
 MINIMUM TEMPERATURE (F)   30         4      1923


SUNRISE AND SUNSET
MARCH 28 2015.........SUNRISE   654 AM CDT   SUNSET   727 PM CDT
MARCH 29 2015.........SUNRISE   652 AM CDT   SUNSET   728 PM CDT


-  INDICATES NEGATIVE NUMBERS.
R  INDICATES RECORD WAS SET OR TIED.
MM INDICATES DATA IS MISSING.
T  INDICATES TRACE AMOUNT.




$$
