000
CDUS43 KARX 210640
CLILSE


CLIMATE REPORT
NATIONAL WEATHER SERVICE LA CROSSE WI
140 AM CDT THU AUG 21 2014


...................................

...THE LA CROSSE WI CLIMATE SUMMARY FOR AUGUST 20 2014...

CLIMATE NORMAL PERIOD 1981 TO 2010
CLIMATE RECORD PERIOD 1873 TO 2014


WEATHER ITEM   OBSERVED TIME   RECORD YEAR NORMAL DEPARTURE LAST
                VALUE   (LST)  VALUE       VALUE  FROM      YEAR
                                                  NORMAL
..................................................................
TEMPERATURE (F)
 YESTERDAY
  MAXIMUM         85    418 PM  97    2003  81      4       90
                                      1955
  MINIMUM         63    531 AM  42    1950  61      2       68
  AVERAGE         74                        71      3       79

PRECIPITATION (IN)
  YESTERDAY        0.00          3.03 1939   0.14  -0.14     0.00
  MONTH TO DATE    1.76                      2.87  -1.11     0.93
  SINCE JUN 1     13.46                     11.47   1.99     8.11
  SINCE JAN 1     26.62                     22.54   4.08    27.04

SNOWFALL (IN)
  YESTERDAY        0.0           0.0  2002   0.0    0.0      0.0
                                      2001
  MONTH TO DATE    0.0                       0.0    0.0      0.0
  SINCE JUL 1      0.0                       0.0    0.0       T
  SNOW DEPTH       0

DEGREE DAYS
 HEATING
  YESTERDAY        0                         0      0        0
  MONTH TO DATE    0                         0      0        2
  SINCE JUL 1      3                         5     -2       14

 COOLING
  YESTERDAY        9                         7      2       14
  MONTH TO DATE  156                       151      5       83
  SINCE JAN 1    635                       638     -3      608
..................................................................


WIND (MPH)
  HIGHEST WIND SPEED    10   HIGHEST WIND DIRECTION     E (100)
  HIGHEST GUST SPEED    15   HIGHEST GUST DIRECTION     E (110)
  AVERAGE WIND SPEED     3.9


SKY COVER
  POSSIBLE SUNSHINE  MM
  AVERAGE SKY COVER 0.3


WEATHER CONDITIONS
 THE FOLLOWING WEATHER WAS RECORDED YESTERDAY.
  FOG


RELATIVE HUMIDITY (PERCENT)
 HIGHEST    93          1200 AM
 LOWEST     55           100 PM
 AVERAGE    74

..........................................................


THE LA CROSSE WI CLIMATE NORMALS FOR TODAY
                         NORMAL    RECORD    YEAR
 MAXIMUM TEMPERATURE (F)   81       103      1955
 MINIMUM TEMPERATURE (F)   61        40      2004


SUNRISE AND SUNSET
AUGUST 21 2014........SUNRISE   616 AM CDT   SUNSET   759 PM CDT
AUGUST 22 2014........SUNRISE   617 AM CDT   SUNSET   758 PM CDT


-  INDICATES NEGATIVE NUMBERS.
R  INDICATES RECORD WAS SET OR TIED.
MM INDICATES DATA IS MISSING.
T  INDICATES TRACE AMOUNT.




$$
