000
CXUS53 KARX 011300
CLMLSE


CLIMATE REPORT
NATIONAL WEATHER SERVICE LA CROSSE WI
758 AM CDT FRI APR 1 2016

...7TH WARMEST AND 9TH WETTEST MARCH IN LA CROSSE WI...

DURING MARCH OF 2016...THE AVERAGE TEMPERATURE IN LA CROSSE WI
WAS 41.3 DEGREES. THIS WAS 6.8 DEGREES ABOVE NORMAL. THIS TIED
1973 FOR THE 7TH WARMEST MARCH. IT WAS THE WARMEST MARCH SINCE
2012. BELOW ARE THE TOP TEN WARMEST MARCHES IN LA CROSSE WI...

        WARMEST MARCHES
        IN LA CROSSE WI
           1873-2016

            AVERAGE
   RANK   TEMPERATURE   YEAR
   ----   -----------   ----
     1   50.4 DEGREES   2012
     2   47.1 DEGREES   1878
     3   45.7 DEGREES   1910
     4   44.5 DEGREES   1946
     5   43.0 DEGREES   1945
     6   42.5 DEGREES   2000
     7   41.3 DEGREES   2016
         41.3 DEGREES   1973
     9   40.5 DEGREES   2010
         40.5 DEGREES   1968

THE AVERAGE HIGH TEMPERATURE WAS 50.1 DEGREES. THIS WAS
6.2 DEGREES WARMER THAN THE 1981-2010 NORMAL OF 43.9 DEGREES. THIS
MADE IT THE TENTH WARMEST.  MEANWHILE THE AVERAGE LOW TEMPERATURE
WAS 32.5 DEGREES. THIS WAS 7.3 DEGREES WARMER THAN THE 1981-2010
NORMAL OF 25.2 DEGREES.  THIS MADE IT THE 6TH WARMEST.

THE HIGHEST TEMPERATURE FOR THE MONTH WAS 72 DEGREES ON THE 8TH.
THE LOWEST TEMPERATURE WAS 2 DEGREES ON THE 2ND.

A TOTAL OF 3.61 INCHES OF LIQUID PRECIPITATION WAS MEASURED DURING
THE MONTH. THIS AMOUNT WAS 1.57 INCHES WETTER THAN NORMAL. THIS MADE
IT THE 9TH WETTEST MARCH AND THE WETTEST SINCE 1992. BELOW ARE THE
TOP TEN WETTEST MARCHES IN LA CROSSE WI...

        WETTEST MARCHES
        IN LA CROSSE WI
           1873-2016

          PRECIPITATION
   RANK       TOTAL       YEAR
   ----   -------------   ----
     1     4.23 INCHES    1876
     2     4.12 INCHES    1888
     3     3.93 INCHES    1913
     4     3.86 INCHES    1945
     5     3.82 INCHES    1951
     6     3.69 INCHES    1973
     7     3.62 INCHES    1992
           3.62 INCHES    1956
     9     3.61 INCHES    2016
    10     3.39 INCHES    1949

THE GREATEST 24-HOUR PRECIPITATION TOTAL WAS 1.20 INCHES
WHICH OCCURRED FROM THE 15TH INTO THE 16TH.

THERE WAS A TOTAL OF 12.3 INCHES OF SNOW DURING THE MONTH.
THIS WAS 5.1 INCHES SNOWIER THAN THE 1981-2010 NORMAL OF
7.2 INCHES. THE GREATEST ONE-DAY SNOWFALL TOTAL WAS
4.3 INCHES WHICH OCCURRED ON THE 23RD.

...RECORDS...

WARMEST MINIMUM TEMPERATURE - MARCH 15TH - 45 DEGREES
- PREVIOUS RECORD 44 DEGREES IN 2012.

SNOWIEST - MARCH 23RD - 4.3 INCHES - PREVIOUS RECORD WAS
4.2 INCHES IN 1930

...DISCUSSION...

WHILE THE FIRST 2 DAYS OF MARCH AVERAGED WERE WELL BELOW NORMAL
/AVERAGING 12.5 DEGREES COLDER THAN NORMAL/...MUCH OF THE
REMAINDER MONTH AVERAGED ABOVE-NORMAL.  WITH AN AVERAGE
TEMPERATURE OF 41.3 DEGREES...IT TIED 1973 FOR THE 7TH WARMEST
MARCH.  WITH THE WARMTH CAME...SEVERAL ROUNDS OF PRECIPITATION.
THIS PRECIPITATION AMOUNTED TO 3.61 INCHES WHICH MADE IT THE
9TH WETTEST MARCH AND THE WETTEST SINCE 1992. ABOVE-NORMAL
MARCH TEMPERATURES AND PRECIPITATION ARE FAIRLY TYPICAL
DURING STRONG EL NINOS.

...................................

...THE LA CROSSE WI CLIMATE SUMMARY FOR THE MONTH OF MARCH 2016...

CLIMATE NORMAL PERIOD 1981 TO 2010
CLIMATE RECORD PERIOD 1873 TO 2016

WEATHER         OBSERVED          NORMAL  DEPART  LAST YEAR`S
                 VALUE   DATE(S)  VALUE   FROM    VALUE  DATE(S)
                                          NORMAL
................................................................
TEMPERATURE (F)
RECORD
 HIGH              84   03/29/1986
 LOW              -28   03/01/1962
HIGHEST            72   03/08        MM      MM       71  03/13
LOWEST              2   03/02        MM      MM       -6  03/05
AVG. MAXIMUM     50.1              43.9     6.2     47.5
AVG. MINIMUM     32.5              25.2     7.3     25.0
MEAN             41.3              34.5     6.8     36.2
DAYS MAX >= 90      0               0.0     0.0        0
DAYS MAX <= 32      2               4.5    -2.5        4
DAYS MIN <= 32     17              23.3    -6.3       23
DAYS MIN <= 0       0               0.6    -0.6        1

PRECIPITATION (INCHES)
RECORD
 MAXIMUM         4.23   1876
 MINIMUM         0.03   1910
TOTALS           3.61              2.04    1.57     0.81
DAILY AVG.       0.12              0.07    0.05     0.03
DAYS >= .01        12               9.8     2.2        6
DAYS >= .10         9               4.5     4.5        3
DAYS >= .50         3               1.2     1.8        0
DAYS >= 1.00        1               0.3     0.7        0
GREATEST
 24 HR. TOTAL    1.20   03/15 TO 03/16

SNOWFALL (INCHES)
RECORDS
 TOTAL           33.5   1959
TOTALS           12.3               7.1     5.2      9.9
SINCE 7/1        39.7              41.6    -1.9     38.3
SNOWDEPTH AVG.      1                MM      MM        2
DAYS >= TRACE       8               4.3     3.7        7
DAYS >= 1.0         4               1.7     2.3        4
GREATEST
 SNOW DEPTH         5   03/24                          7  03/23
 24 HR TOTAL      4.3   MM

DEGREE_DAYS
HEATING TOTAL     724               944    -220      886
 SINCE 7/1       5299              6453   -1154     6492
COOLING TOTAL       0                 0       0        0
 SINCE 1/1          0                 0       0        0
.................................................................

WIND (MPH)
AVERAGE WIND SPEED              8.2
HIGHEST WIND SPEED/DIRECTION    40/270    DATE  03/16
HIGHEST GUST SPEED/DIRECTION    51/270    DATE  03/16

SKY COVER
POSSIBLE SUNSHINE (PERCENT)   MM
AVERAGE SKY COVER           0.60
NUMBER OF DAYS FAIR            9
NUMBER OF DAYS PC              6
NUMBER OF DAYS CLOUDY         16

AVERAGE RH (PERCENT)     69

WEATHER CONDITIONS. NUMBER OF DAYS WITH
THUNDERSTORM              2     MIXED PRECIP               0
HEAVY RAIN                2     RAIN                       3
LIGHT RAIN               13     FREEZING RAIN              0
LT FREEZING RAIN          1     HAIL                       0
HEAVY SNOW                0     SNOW                       2
LIGHT SNOW                8     SLEET                      0
FOG                      16     FOG W/VIS <= 1/4 MILE      3
HAZE                      3

-  INDICATES NEGATIVE NUMBERS.
R  INDICATES RECORD WAS SET OR TIED.
MM INDICATES DATA IS MISSING.
T  INDICATES TRACE AMOUNT.

$$

BOYNE
