000
CXUS53 KARX 010724
CLMLSE


CLIMATE REPORT
NATIONAL WEATHER SERVICE LA CROSSE WI
122 AM CST SAT MAR 1 2014

...................................

...THE LA CROSSE WI CLIMATE SUMMARY FOR THE MONTH OF FEBRUARY 2014...

CLIMATE NORMAL PERIOD 1981 TO 2010
CLIMATE RECORD PERIOD 1873 TO 2014

WEATHER         OBSERVED          NORMAL  DEPART  LAST YEAR`S
                 VALUE   DATE(S)  VALUE   FROM    VALUE  DATE(S)
                                          NORMAL
................................................................
TEMPERATURE (F)
RECORD
 HIGH              65   02/15/1921
                        02/12/1882
 LOW              -36   02/08/1971
HIGHEST            42   02/19        MM      MM       41  02/25
                        02/18
LOWEST            -16   02/10        MM      MM       -9  02/01
AVG. MAXIMUM     20.0              31.4   -11.4     28.5
AVG. MINIMUM     -0.6              13.6   -14.2     12.2
MEAN              9.7              22.5   -12.8     20.3
DAYS MAX >= 90      0               0.0     0.0        0
DAYS MAX <= 32     25              13.7    11.3       18
DAYS MIN <= 32     28              26.0     2.0       28
DAYS MIN <= 0      16               5.4    10.6        2

PRECIPITATION (INCHES)
RECORD
 MAXIMUM         4.04   1922
 MINIMUM         0.05   1969
TOTALS           1.38              1.05    0.33     1.31
DAILY AVG.       0.05              0.04    0.01     0.05
DAYS >= .01        10               8.0     2.0       14
DAYS >= .10         4               2.9     1.1        3
DAYS >= .50         1               0.5     0.5        0
DAYS >= 1.00        0               0.1    -0.1        0
GREATEST
 24 HR. TOTAL    0.73   02/20 TO 02/20

SNOWFALL (INCHES)
RECORDS
 TOTAL           31.0   1959
TOTALS           11.5               8.2     3.3     15.1
SINCE 7/1        40.9              34.5     6.4     40.0
SNOWDEPTH AVG.     13                 5       8        7
DAYS >= TRACE      15               6.4     8.6       23
DAYS >= 1.0         4               2.6     1.4        6
GREATEST
 SNOW DEPTH        17   02/18                         10  02/24
                                                          02/23
                                                          02/10
 24 HR TOTAL      4.3   MM

DEGREE_DAYS
HEATING TOTAL    1543              1190     353     1244
 SINCE 7/1       6190              5509     681     5329
COOLING TOTAL       0                 0       0        0
 SINCE 1/1          0                 0       0        0
.................................................................

WIND (MPH)
AVERAGE WIND SPEED              8.4
HIGHEST WIND SPEED/DIRECTION    37/320    DATE  02/26
HIGHEST GUST SPEED/DIRECTION    45/320    DATE  02/26

SKY COVER
POSSIBLE SUNSHINE (PERCENT)   MM
AVERAGE SKY COVER           0.30
NUMBER OF DAYS FAIR           16
NUMBER OF DAYS PC              6
NUMBER OF DAYS CLOUDY          6

AVERAGE RH (PERCENT)     70

WEATHER CONDITIONS. NUMBER OF DAYS WITH
THUNDERSTORM              0     MIXED PRECIP               0
HEAVY RAIN                1     RAIN                       1
LIGHT RAIN                2     FREEZING RAIN              0
LT FREEZING RAIN          0     HAIL                       0
HEAVY SNOW                1     SNOW                       3
LIGHT SNOW               15     SLEET                      1
FOG                      13     FOG W/VIS <= 1/4 MILE      3
HAZE                     16

-  INDICATES NEGATIVE NUMBERS.
R  INDICATES RECORD WAS SET OR TIED.
MM INDICATES DATA IS MISSING.
T  INDICATES TRACE AMOUNT.

$$
