491
CXUS53 KARX 020445
CLMLSE

CLIMATE REPORT
NATIONAL WEATHER SERVICE LA CROSSE WI
518 AM CDT THU SEP 1 2016

...TEMPERATURES AND PRECIPITATION AT LA CROSSE, WISCONSIN WERE ABOVE
NORMAL DURING THE MONTH OF AUGUST...

THE AVERAGE TEMPERATURE WAS 74.2 DEGREES. THIS WAS 2.8 DEGREES ABOVE
NORMAL. THE AVERAGE HIGH TEMPERATURE WAS 83.7 DEGREES AND THE
AVERAGE LOW TEMPERATURE WAS 64.8 DEGREES. THE HIGHEST TEMPERATURE
FOR THE MONTH WAS 92 DEGREES WHICH OCCURRED ON THE 3RD, 4TH, AND
10TH. THE COLDEST TEMPERATURE WAS 56 DEGREES WHICH OCCURRED ON THE
22ND.

LA CROSSE RECEIVED 6.36 INCHES OF PRECIPITATION DURING THE MONTH.
THIS WAS 2.07 INCHES ABOVE NORMAL. THE GREATEST 24-HOUR
PRECIPITATION TOTAL WAS 1.41 INCHES WHICH OCCURRED ON THE 19TH.

...RECORDS...

A DAILY RECORD FOR THE WARMEST MINIMUM TEMPERATURE WAS SET ON AUGUST
11TH. THE LOW TEMPERATURE THAT DAY WAS 76 DEGREES. THIS BROKE THE
PREVIOUS RECORD OF 73 DEGREES SET BACK IN 1874 AND 1995.

...DISCUSSION...

TEMPERATURES WERE ABOVE NORMAL AT LA CROSSE, WISCONSIN DURING THE
MONTH OF AUGUST. THE FIRST HALF OF THE MONTH WAS WARMER THAN THE
SECOND HALF. IN FACT, THE HIGH TEMPERATURE REACHED AT LEAST 82
DEGREES EVERY DAY FROM THE 1ST THROUGH THE 18TH. FROM THE 19TH
THROUGH THE 31ST, THE HIGH TEMPERATURE DID NOT EXCEED 85 DEGREES.
THE FIRST TWO WEEKS OF AUGUST WERE ESPECIALLY WARM. THE HIGHEST
TEMPERATURE RECORDED DURING THE MONTH WAS 92 DEGREES ON THE 3RD,
4TH, AND 10TH. A DAILY RECORD FOR THE WARMEST MINIMUM TEMPERATURE
WAS ALSO SET ON THE 11TH. THE LOWEST TEMPERATURE RECORDED THAT DAY
WAS 76 DEGREES.

WHILE THERE WERE SOME DRIER PERIODS, LA CROSSE RECEIVED ABOVE NORMAL
PRECIPITATION FOR THE MONTH OF AUGUST. THE ONLY DAY WITH
PRECIPITATION THROUGH THE FIRST 10 DAYS OF THE MONTH WAS THE 4TH.
HOWEVER, 1.34 INCHES OF RAIN FELL THAT DAY FROM THUNDERSTORMS THAT
ALSO CAUSED SOME WIND DAMAGE IN THE GREATER LA CROSSE AREA. THERE
WERE SIX DAYS IN AUGUST WHEN LA CROSSE RECEIVED AT LEAST HALF AN
INCH OF RAIN, WHICH IS DOUBLE THE MONTHLY NORMAL OF THREE DAYS. THE
GREATEST DAILY TOTAL WAS 1.41 INCHES, WHICH OCCURRED ON THE 19TH.

...................................

...THE LA CROSSE WI CLIMATE SUMMARY FOR THE MONTH OF AUGUST 2016...

CLIMATE NORMAL PERIOD 1981 TO 2010
CLIMATE RECORD PERIOD 1873 TO 2016

WEATHER         OBSERVED          NORMAL  DEPART  LAST YEAR`S
                 VALUE   DATE(S)  VALUE   FROM    VALUE  DATE(S)
                                          NORMAL
................................................................
TEMPERATURE (F)
RECORD
 HIGH             105   08/01/1988
 LOW               35   08/30/1915
HIGHEST            92   08/10        MM      MM       95  08/14
                        08/04
                        08/03
LOWEST             56   08/22        MM      MM       51  08/27
AVG. MAXIMUM     83.7              81.5     2.2     81.0
AVG. MINIMUM     64.8              61.3     3.5     61.4
MEAN             74.2              71.4     2.8     71.2
DAYS MAX >= 90      3               3.3    -0.3        4
DAYS MAX <= 32      0               0.0     0.0        0
DAYS MIN <= 32      0               0.0     0.0        0
DAYS MIN <= 0       0               0.0     0.0        0

PRECIPITATION (INCHES)
RECORD
 MAXIMUM        13.75   2007
 MINIMUM         0.35   1894
TOTALS           6.36              4.29    2.07     2.80
DAILY AVG.       0.21              0.14    0.07     0.09
DAYS >= .01        11               9.8     1.2       10
DAYS >= .10         7               7.0     0.0        5
DAYS >= .50         6               3.2     2.8        2
DAYS >= 1.00        3               1.0     2.0        1
GREATEST
 24 HR. TOTAL    1.41   08/19 TO 08/19

SNOWFALL (INCHES)
RECORDS
 TOTAL             MM   MM
TOTALS            0.0               0.0     0.0      0.0
SINCE 7/1         0.0               0.0     0.0      0.0
SNOWDEPTH AVG.      0                MM      MM        0
DAYS >= TRACE       0               0.0     0.0        0
DAYS >= 1.0         0               0.0     0.0        0
GREATEST
 SNOW DEPTH         0   MM                             0  MM
 24 HR TOTAL      0.0   08/31 TO 08/31

DEGREE_DAYS
HEATING TOTAL       0                15     -15       11
 SINCE 7/1          0                20     -20       14
COOLING TOTAL     293               213      80      209
 SINCE 1/1        909               700     209      691
.................................................................

WIND (MPH)
AVERAGE WIND SPEED              6.7
HIGHEST WIND SPEED/DIRECTION    41/300    DATE  08/04
HIGHEST GUST SPEED/DIRECTION    53/290    DATE  08/04

SKY COVER
POSSIBLE SUNSHINE (PERCENT)   MM
AVERAGE SKY COVER           0.30
NUMBER OF DAYS FAIR           21
NUMBER OF DAYS PC              8
NUMBER OF DAYS CLOUDY          2

AVERAGE RH (PERCENT)     75

WEATHER CONDITIONS. NUMBER OF DAYS WITH
THUNDERSTORM              7     MIXED PRECIP               0
HEAVY RAIN                7     RAIN                       8
LIGHT RAIN               13     FREEZING RAIN              0
LT FREEZING RAIN          0     HAIL                       0
HEAVY SNOW                0     SNOW                       0
LIGHT SNOW                0     SLEET                      0
FOG                      19     FOG W/VIS <= 1/4 MILE      4
HAZE                      0



-  INDICATES NEGATIVE NUMBERS.
R  INDICATES RECORD WAS SET OR TIED.
MM INDICATES DATA IS MISSING.
T  INDICATES TRACE AMOUNT.

$$

BOYNE/HOLLAN
