000
CXUS53 KARX 010645
CLMLSE


CLIMATE REPORT
NATIONAL WEATHER SERVICE LA CROSSE WI
145 AM CDT MON JUL 1 2013

...................................

...THE LA CROSSE CLIMATE SUMMARY FOR THE MONTH OF JUNE 2013...

CLIMATE NORMAL PERIOD 1981 TO 2010
CLIMATE RECORD PERIOD 1873 TO 2013

WEATHER         OBSERVED          NORMAL  DEPART  LAST YEAR`S
                 VALUE   DATE(S)  VALUE   FROM    VALUE  DATE(S)
                                          NORMAL
................................................................
TEMPERATURE (F)
RECORD
 HIGH             102   06/21/1988
                        06/20/1933
 LOW               33   06/01/1897
HIGHEST            90   06/20        MM      MM       95  06/27
LOWEST             46   06/03        MM      MM       42  06/01
AVG. MAXIMUM     77.1              80.0    -2.9     84.3
AVG. MINIMUM     59.6              58.5     1.1     60.6
MEAN             68.3              69.2    -0.9     72.4
DAYS MAX >= 90      1               3.0    -2.0        9
DAYS MAX <= 32      0               0.0     0.0        0
DAYS MIN <= 32      0               0.0     0.0        0
DAYS MIN <= 0       0               0.0     0.0        0

PRECIPITATION (INCHES)
RECORD
 MAXIMUM        11.56   1899
 MINIMUM         0.37   1910
TOTALS           5.82              4.34    1.48     3.24
DAILY AVG.       0.19              0.14    0.05     0.11
DAYS >= .01        16              11.5     4.5        8
DAYS >= .10        12               7.5     4.5        4
DAYS >= .50         4               2.6     1.4        3
DAYS >= 1.00        2               1.1     0.9        2
GREATEST
 24 HR. TOTAL    2.10   06/21 TO 06/22

SNOWFALL (INCHES)
RECORDS
 TOTAL             MM   MM
TOTALS            0.0               0.0     0.0      0.0
SINCE 7/1        60.6              43.3    17.3     21.5
SNOWDEPTH AVG.      0                MM      MM        0
DAYS >= 1.0         0               0.0     0.0        0
GREATEST
 SNOW DEPTH         0   MM                             0  MM
 24 HR TOTAL      0.0   06/30 TO 06/30

DEGREE_DAYS
HEATING TOTAL      44                38       6
 SINCE 7/1       7471              7195     276
COOLING TOTAL     154               166     -12
 SINCE 1/1        214               214       0
.................................................................

WIND (MPH)
AVERAGE WIND SPEED              6.5
HIGHEST WIND SPEED/DIRECTION    35/180    DATE  06/21
HIGHEST GUST SPEED/DIRECTION    43/180    DATE  06/21

SKY COVER
POSSIBLE SUNSHINE (PERCENT)   MM
AVERAGE SKY COVER           0.40
NUMBER OF DAYS FAIR           13
NUMBER OF DAYS PC             12
NUMBER OF DAYS CLOUDY          5

AVERAGE RH (PERCENT)     73

WEATHER CONDITIONS. NUMBER OF DAYS WITH
THUNDERSTORM              0     MIXED PRECIP               0
HEAVY RAIN                3     RAIN                      10
LIGHT RAIN               22     FREEZING RAIN              0
LT FREEZING RAIN          0     HAIL                       0
HEAVY SNOW                0     SNOW                       0
LIGHT SNOW                0     SLEET                      0
FOG                      20     FOG W/VIS <= 1/4 MILE      3
HAZE                      4

-  INDICATES NEGATIVE NUMBERS.
R  INDICATES RECORD WAS SET OR TIED.
MM INDICATES DATA IS MISSING.
T  INDICATES TRACE AMOUNT.

$$
