000
CXUS53 KARX 031604
CLMLSE

CLIMATE REPORT
NATIONAL WEATHER SERVICE LA CROSSE WI
237 AM CDT SAT JUL 1 2017

...LA CROSSE, WISCONSIN, WAS WARMER THAN NORMAL AND RECEIVED WELL-
ABOVE NORMAL PRECIPITATION FOR THE MONTH OF JUNE...

THE AVERAGE TEMPERATURE FOR THE MONTH WAS 72.4 DEGREES, WHICH WAS
3.2 DEGREES ABOVE NORMAL. THE AVERAGE HIGH TEMPERATURE WAS 83.9
DEGREES AND THE AVERAGE LOW WAS 60.9 DEGREES. THE HIGHEST
TEMPERATURE FOR THE MONTH WAS 97 DEGREES, WHICH OCCURRED ON THE 3RD
AND THE COLDEST TEMPERATURE WAS 45 DEGREES, WHICH OCCURRED ON THE
1ST.

A TOTAL OF 5.38 INCHES OF PRECIPITATION FELL DURING THE MONTH.
THIS WAS 1.04 INCHES ABOVE NORMAL. THE GREATEST 24 HOUR
PRECIPITATION AMOUNT WAS 1.35 INCHES WHICH OCCURRED ON THE 22ND.

NO SNOW FELL DURING THE MONTH OF JUNE.

...RECORDS...

SEVERAL RECORDS WERE SET DURING THE MONTH OF JUNE.

A DAILY MAXIMUM TEMPERATURE RECORD OF 97 DEGREES WAS SET ON THE 3RD
REPLACING THE PREVIOUS RECORD OF 93 DEGREES SET IN 2011.

A DAILY MAXIMUM TEMPERATURE RECORD OF 96 DEGREES WAS SET ON THE 10TH
REPLACING THE PREVIOUS RECORD OF 95 DEGREES SET IN 2016.

A DAILY MAXIMUM TEMPERATURE RECORD OF 94 DEGREES WAS TIED ON THE
11TH MATCHING THE RECORD SET IN 1956.

A DAILY WARMEST LOW TEMPERATURE RECORD WAS SET ON THE 11TH. THE LOW
WAS 76 ON THE 11TH BREAKING THE RECORD OF 72 WHICH OCCURRED IN 1920.

...DISCUSSION...

LA CROSSE WAS WARMER THAN NORMAL FOR THE MONTH OF JUNE. THE WARMEST
PERIOD OCCURRED FROM THE 2ND THROUGH THE 17TH...WHERE THE AVERAGE
DAILY TEMPERATURE WAS ABOVE NORMAL FOR THE PERIOD. THIS WAS FOLLOWED
BY DAILY AVERAGE TEMPERATURE NEAR OR BELOW NORMAL FOR THE REMAINDER
OF THE MONTH

DURING THE MONTH OF JUNE, PRECIPITATION WAS WELL-ABOVE NORMAL. THE
TOTAL FOR THE MONTH WAS 5.38 INCHES, WITH MORE THAN 1 INCH OF
ACCUMULATION OCCURRING ON 2 DAYS, THE 16TH AND THE 27TH. THERE WERE
12 DAYS OF MEASURABLE PRECIPITATION (0.01 INCHES OR GREATER) DURING
THE MONTH.

...................................

...THE LA CROSSE WI CLIMATE SUMMARY FOR THE MONTH OF JUNE 2017...

CLIMATE NORMAL PERIOD 1981 TO 2010
CLIMATE RECORD PERIOD 1873 TO 2017

WEATHER         OBSERVED          NORMAL  DEPART  LAST YEAR`S
                 VALUE   DATE(S)  VALUE   FROM    VALUE  DATE(S)
                                          NORMAL
................................................................
TEMPERATURE (F)
RECORD
 HIGH             102   06/21/1988
                        06/20/1933
 LOW               33   06/01/1897
HIGHEST            97   06/03        MM      MM       95  06/25
                                                          06/10
LOWEST             45   06/01        MM      MM       49  06/08
AVG. MAXIMUM     83.9              80.0     3.9     82.5
AVG. MINIMUM     60.9              58.5     2.4     60.9
MEAN             72.4              69.2     3.2     71.7
DAYS MAX >= 90      7               3.0     4.0        5
DAYS MAX <= 32      0               0.0     0.0        0
DAYS MIN <= 32      0               0.0     0.0        0
DAYS MIN <= 0       0               0.0     0.0        0

PRECIPITATION (INCHES)
RECORD
 MAXIMUM        11.56   1899
 MINIMUM         0.37   1910
TOTALS           5.38              4.34    1.04     6.73
DAILY AVG.       0.18              0.14    0.04     0.22
DAYS >= .01        12              11.5     0.5       13
DAYS >= .10         7               7.5    -0.5        9
DAYS >= .50         4               2.6     1.4        5
DAYS >= 1.00        2               1.1     0.9        2
GREATEST
 24 HR. TOTAL    1.35   06/22 TO 06/22

SNOWFALL (INCHES)
RECORDS
 TOTAL             MM   MM
TOTALS            0.0               0.0     0.0      0.0
SINCE 7/1        42.2              43.3    -1.1     40.3
SNOWDEPTH AVG.      0                MM      MM        0
DAYS >= TRACE       0               0.0     0.0        0
DAYS >= 1.0         0               0.0     0.0        0
GREATEST
 SNOW DEPTH         0   MM                             0  MM
 24 HR TOTAL      0.0   06/30 TO 06/30

DEGREE_DAYS
HEATING TOTAL       5                38     -33        4
 SINCE 7/1       5771              7195   -1424     5953
COOLING TOTAL     234               166      68      212
 SINCE 1/1        271               214      57      298
.................................................................

WIND (MPH)
AVERAGE WIND SPEED              8.2
HIGHEST WIND SPEED/DIRECTION    40/280    DATE  06/24
HIGHEST GUST SPEED/DIRECTION    55/280    DATE  06/24

SKY COVER
POSSIBLE SUNSHINE (PERCENT)   MM
AVERAGE SKY COVER           0.30
NUMBER OF DAYS FAIR           19
NUMBER OF DAYS PC              9
NUMBER OF DAYS CLOUDY          2

AVERAGE RH (PERCENT)     64

WEATHER CONDITIONS. NUMBER OF DAYS WITH
THUNDERSTORM              9     MIXED PRECIP               0
HEAVY RAIN                7     RAIN                       7
LIGHT RAIN               15     FREEZING RAIN              0
LT FREEZING RAIN          0     HAIL                       0
HEAVY SNOW                0     SNOW                       0
LIGHT SNOW                0     SLEET                      0
FOG                       9     FOG W/VIS <= 1/4 MILE      4
HAZE                      1

-  INDICATES NEGATIVE NUMBERS.
R  INDICATES RECORD WAS SET OR TIED.
MM INDICATES DATA IS MISSING.
T  INDICATES TRACE AMOUNT.

$$

BREESER/BOYNE
