000
CXUS53 KARX 021059
CLMLSE

CLIMATE REPORT
NATIONAL WEATHER SERVICE LA CROSSE WI
324 AM CDT THU OCT 1 2015

...WARMEST SEPTEMBER EVER RECORDED IN LA CROSSE...

TEMPERATURES...WARMEST EVER RECORDED

THE AVERAGE TEMPERATURE FOR THE MONTH WAS 69.3 DEGREES...WHICH WAS
6.5 DEGREES ABOVE THE 1981-2010 NORMAL OF 62.8 DEGREES. THIS RANKS
IT AS THE WARMEST SEPTEMBER ON RECORD.  THE PREVIOUS RECORD WAS 68.8
DEGREES IN 1998.  THE AVERAGE HIGH TEMPERATURE WAS 79.3 DEGREES
WHICH WAS 6.1 DEGREES WARMER THAN THE 1981-2010 NORMAL OF 73.2
DEGREES. THIS TIED 1891 FOR THE 5TH WARMEST AVERAGE.  THE WARMEST
AVERAGE HIGH TEMPERATURE WAS 81.4 DEGREES IN 1998.  THE AVERAGE LOW
TEMPERATURE WAS 59.3 DEGREES WHICH WAS 6.9 DEGREES WARMER THAN THE
1981-2010 NORMAL OF 52.4 DEGREES. THIS TIED 1894 FOR THE WARMEST LOW
TEMPERATURE AVERAGE.

THE HIGHEST TEMPERATURE FOR THE MONTH WAS 92 DEGREES...WHICH
OCCURRED ON THE 6TH. THE LOWEST TEMPERATURE IN SEPTEMBER WAS 38
DEGREES WHICH OCCURRED ON THE 30TH.

THERE WERE TWO 90-DEGREE TEMPERATURES.  NORMALLY...THERE IS JUST ONE.

PRECIPITATION...

LA CROSSE RECEIVED 2.73 INCHES OF PRECIPITATION DURING THE MONTH
WHICH WAS 0.83 INCHES BELOW THE 1981-2010 NORMAL OF 3.56 INCHES. THE
GREATEST 24-HOUR AMOUNT WAS 1.15 INCHES OF PRECIPITATION THAT FELL
ON THE 8TH.

...RECORDS...

MONTHLY...

WARMEST SEPTEMBER - 69.3 DEGREES - PREVIOUS RECORD WAS 68.8 DEGREES
IN 1998.

TIED THE WARMEST LOW TEMPERATURE EVER RECORDED IN SEPTEMBER - 76
DEGREES ON SEPTEMBER 6TH. THE ONLY OTHER TIME THAT A LOW TEMPERATURE
WAS THIS WARM IN A SEPTEMBER WAS ON SEPTEMBER 2 1937.

DAILY...

WARMEST MINIMUM TEMPERATURE - 76 DEGREES ON SEPTEMBER 6TH - PREVIOUS
RECORD 75 DEGREES IN 1922.

...DISCUSSION...

A RIDGE OF HIGH PRESSURE WAS LOCATED ACROSS THE REGION FOR MUCH OF
THE MONTH. THIS RESULTED IN MAINLY SOUTHERLY WINDS THROUGHOUT MUCH
OF THE MONTH. THIS RESULTED IN SEVERAL WELL ABOVE-NORMAL TEMPERATURE
STREAKS DURING THE MONTH.  TEMPERATURES AVERAGED 10 TO 17 DEGREES
ABOVE NORMAL FROM THE 1ST THROUGH 7TH...15TH THROUGH 17TH...AND 23RD
THROUGH THE 28TH. THERE WERE ONLY 5 DAYS WITH BELOW NORMAL
TEMPERATURES /FROM THE 11TH THROUGH THE 13TH AND ON THE 29TH AND
30TH/.

...................................

...THE LA CROSSE WI CLIMATE SUMMARY FOR THE MONTH OF SEPTEMBER 2015...

CLIMATE NORMAL PERIOD 1981 TO 2010
CLIMATE RECORD PERIOD 1873 TO 2015

WEATHER         OBSERVED          NORMAL  DEPART  LAST YEAR`S
                 VALUE   DATE(S)  VALUE   FROM    VALUE  DATE(S)
                                          NORMAL
................................................................
TEMPERATURE (F)
RECORD
 HIGH             101   09/06/1922
 LOW               24   09/30/1899
HIGHEST            92   09/06        MM      MM       85  09/28
                                                          09/04
LOWEST             38   09/30        MM      MM       40  09/13
AVG. MAXIMUM     79.3              73.2     6.1     73.8
AVG. MINIMUM     59.3              52.4     6.9     52.6
MEAN             69.3              62.8     6.5     63.2
DAYS MAX >= 90      2               0.8     1.2        0
DAYS MAX <= 32      0               0.0     0.0        0
DAYS MIN <= 32      0               0.2    -0.2        0
DAYS MIN <= 0       0               0.0     0.0        0

PRECIPITATION (INCHES)
RECORD
 MAXIMUM        10.87   1881
 MINIMUM         0.29   1940
TOTALS           2.73              3.56   -0.83     2.62
DAILY AVG.       0.09              0.12   -0.03     0.09
DAYS >= .01        10               9.6     0.4       10
DAYS >= .10         6               5.8     0.2        7
DAYS >= .50         2               2.0     0.0        1
DAYS >= 1.00        1               1.0     0.0        0
GREATEST
 24 HR. TOTAL    1.15   09/08 TO 09/08
                        09/07 TO 09/08
                        09/08 TO 09/08

SNOWFALL (INCHES)
RECORDS
 TOTAL             MM   MM
TOTALS            0.0               0.0     0.0      0.0
SINCE 7/1         0.0               0.0     0.0      0.0
SNOWDEPTH AVG.      0                MM      MM        0
DAYS >= TRACE       0               0.0     0.0        0
DAYS >= 1.0         0               0.0     0.0        0
GREATEST
 SNOW DEPTH         0   MM                             0  MM
 24 HR TOTAL      0.0   09/30 TO 09/30

DEGREE_DAYS
HEATING TOTAL      49               140     -91      119
 SINCE 7/1         63               160     -97      122
COOLING TOTAL     187                74     113       74
 SINCE 1/1        878               774     104      822
.................................................................

WIND (MPH)
AVERAGE WIND SPEED              7.8
HIGHEST WIND SPEED/DIRECTION    26/330    DATE  09/19
HIGHEST GUST SPEED/DIRECTION    35/200    DATE  09/15

SKY COVER
POSSIBLE SUNSHINE (PERCENT)   MM
AVERAGE SKY COVER           0.20
NUMBER OF DAYS FAIR           23
NUMBER OF DAYS PC              7
NUMBER OF DAYS CLOUDY          0

AVERAGE RH (PERCENT)     70

WEATHER CONDITIONS. NUMBER OF DAYS WITH
THUNDERSTORM              5     MIXED PRECIP               0
HEAVY RAIN                5     RAIN                       4
LIGHT RAIN               11     FREEZING RAIN              0
LT FREEZING RAIN          0     HAIL                       0
HEAVY SNOW                0     SNOW                       0
LIGHT SNOW                0     SLEET                      0
FOG                      16     FOG W/VIS <= 1/4 MILE      2
HAZE                      5

-  INDICATES NEGATIVE NUMBERS.
R  INDICATES RECORD WAS SET OR TIED.
MM INDICATES DATA IS MISSING.
T  INDICATES TRACE AMOUNT.

$$

BOYNE
