000
CXUS53 KARX 012058
CLMLSE

CLIMATE REPORT
NATIONAL WEATHER SERVICE LA CROSSE WI
333 AM CST TUE MAR 1 2016

...FEBRUARY IN LA CROSSE BROUGHT ABOVE NORMAL TEMPERATURES AND
BELOW NORMAL PRECIPITATION...

THE AVERAGE TEMPERATURE IN LA CROSSE WAS 25.5 DEGREES. THIS WAS
3.0DEGREES ABOVE NORMAL. THE AVERAGE HIGH WAS 33.7 WHILE THE
AVERAGE LOW WAS 17.3 DEGREES. THE HIGHEST TEMPERATURE FOR THE MONTH
WAS 62 DEGREES ON THE 27TH. THE LOWEST TEMPERATURE IN FEBRUARY WAS
8 DEGREES BELOW ZERO WHICH OCCURRED ON THE 13TH.

A TOTAL OF 0.78 INCHES OF LIQUID PRECIPITATION WAS MEASURED DURING
THE MONTH OF FEBRUARY. THIS AMOUNT WAS 0.27 INCHES BELOW NORMAL.
THE GREATEST 24-HOUR PRECIPITATION TOTAL WAS 0.58 INCHES WHICH
OCCURRED ON THE 2ND AND 3RD. THERE WAS A TOTAL OF 10.8 INCHES OF SNOW
DURING THE MONTH OF FEBRUARY. THE GREATEST ONE-DAY SNOWFALL TOTAL
WAS 6.5 INCHES WHICH OCCURRED ON THE 2ND OF THE MONTH.

...RECORDS...

DAILY RECORD HIGH OF 62 DEGREES ON THE 27TH.  THE PREVIOUS RECORD
WAS 60 DEGREES PREVIOUSLY SET IN 1896 AND 1976.

...DISCUSSION...

DURING FEBRUARY OF 2015...TEMPERATURES AVERAGED 25.5 DEGREES WHICH
WAS 3.0 DEGREES ABOVE NORMAL. THIS WAS THE WARMEST SINCE 2012
WHEN THE AVERAGE TEMPERATURE WAS 29.1 DEGREES. TEMPERATURES WERE
ABOVE NORMAL ON 18 DAYS...NORMAL ON 2 DAYS...AND BELOW NORMAL ON 9
DAYS. THE COLDEST STRETCH OF DAYS WAS FROM THE 9TH THROUGH 14TH WHEN
THE AVERAGE TEMPERATURE WAS 13.9 DEGREES BELOW NORMAL.  MEANWHILE
THE WARMEST STRETCH OF DAYS WAS FROM THE 18TH THROUGH 29TH.
DURING THIS PERIOD...TEMPERATURES AVERAGED 11.2 DEGREES ABOVE NORMAL.

MOST OF THE PRECIPITATION AND SNOW FELL ON THE 2ND AND 3RD WHEN A
WINTER STORM MOVED NORTHEAST THROUGH THE REGION.  THIS STORM
PRODUCED 8.4 INCHES OF SNOW WITH A WATER EQUIVALENT OF 0.63 INCHES.
THIS WAS THE LARGEST FEBRUARY SNOWFALL SINCE FEBRUARY 23-25 2007
WHEN 21 INCHES OF SNOW FELL.

...................................

...THE LA CROSSE WI CLIMATE SUMMARY FOR THE MONTH OF FEBRUARY 2016...

CLIMATE NORMAL PERIOD 1981 TO 2010
CLIMATE RECORD PERIOD 1873 TO 2016

WEATHER         OBSERVED          NORMAL  DEPART  LAST YEAR`S
                 VALUE   DATE(S)  VALUE   FROM    VALUE  DATE(S)
                                          NORMAL
................................................................
TEMPERATURE (F)
RECORD
 HIGH              65   02/15/1921
                        02/12/1882
 LOW              -36   02/08/1971
HIGHEST            62   02/27        MM      MM       40  02/07
LOWEST             -8   02/13        MM      MM      -15  02/23
AVG. MAXIMUM     33.7              31.4     2.3     21.5
AVG. MINIMUM     17.3              13.6     3.7      1.0
MEAN             25.5              22.5     3.0     11.2
DAYS MAX >= 90      0               0.0     0.0        0
DAYS MAX <= 32     11              13.7    -2.7       23
DAYS MIN <= 32     26              26.0     0.0       28
DAYS MIN <= 0       4               5.4    -1.4       16

PRECIPITATION (INCHES)
RECORD
 MAXIMUM         4.04   1922
 MINIMUM         0.05   1969
TOTALS           0.78              1.05   -0.27     0.54
DAILY AVG.       0.03                MM      MM     0.02
DAYS >= .01         5               8.0    -3.0        6
DAYS >= .10         3               2.9     0.1        2
DAYS >= .50         0               0.5    -0.5        0
DAYS >= 1.00        0               0.1    -0.1        0
GREATEST
 24 HR. TOTAL    0.58   02/02 TO 02/03

SNOWFALL (INCHES)
RECORDS
 TOTAL           31.0   1959
TOTALS           10.8               8.2     2.6      9.2
SINCE 7/1        27.4              34.5    -7.1     28.4
SNOWDEPTH AVG.      4                MM      MM        6
DAYS >= TRACE      14               6.4     7.6       15
DAYS >= 1.0         3               2.6     0.4        2
GREATEST
 SNOW DEPTH        11   02/05                          8  02/06
                        02/04                             02/05
                        02/03                             02/04
 24 HR TOTAL      6.5   02/02 TO 02/02

DEGREE_DAYS
HEATING TOTAL    1136              1190     -54     1499
 SINCE 7/1       4575              5546    -971     5606
COOLING TOTAL       0                 0       0        0
 SINCE 1/1          0                 0       0        0
.................................................................

WIND (MPH)
AVERAGE WIND SPEED              9.0
HIGHEST WIND SPEED/DIRECTION    29/330    DATE  02/29
HIGHEST GUST SPEED/DIRECTION    39/270    DATE  02/19

SKY COVER
POSSIBLE SUNSHINE (PERCENT)   MM
AVERAGE SKY COVER           0.60
NUMBER OF DAYS FAIR            6
NUMBER OF DAYS PC             15
NUMBER OF DAYS CLOUDY          8

AVERAGE RH (PERCENT)     68

WEATHER CONDITIONS. NUMBER OF DAYS WITH
THUNDERSTORM              0     MIXED PRECIP               0
HEAVY RAIN                0     RAIN                       0
LIGHT RAIN                3     FREEZING RAIN              0
LT FREEZING RAIN          0     HAIL                       0
HEAVY SNOW                1     SNOW                       1
LIGHT SNOW               13     SLEET                      0
FOG                      11     FOG W/VIS <= 1/4 MILE      2
HAZE                      6

-  INDICATES NEGATIVE NUMBERS.
R  INDICATES RECORD WAS SET OR TIED.
MM INDICATES DATA IS MISSING.
T  INDICATES TRACE AMOUNT.

$$
