000
CXUS53 KARX 011044
CLMLSE


CLIMATE REPORT
NATIONAL WEATHER SERVICE LA CROSSE WI
543 AM CDT WED JUN 1 2016

...................................

...THE LA CROSSE WI CLIMATE SUMMARY FOR THE MONTH OF MAY 2016...

CLIMATE NORMAL PERIOD 1981 TO 2010
CLIMATE RECORD PERIOD 1873 TO 2016

WEATHER         OBSERVED          NORMAL  DEPART  LAST YEAR`S
                 VALUE   DATE(S)  VALUE   FROM    VALUE  DATE(S)
                                          NORMAL
................................................................
TEMPERATURE (F)
RECORD
 HIGH             107   05/31/1934
 LOW               26   05/06/1989
                        05/03/1971
                        05/02/1911
HIGHEST            91   05/06        MM      MM       85  05/28
                                                          05/03
LOWEST             30   05/15        MM      MM       37  05/13
                                                          05/01
AVG. MAXIMUM     73.1              70.7     2.4     72.0
AVG. MINIMUM     48.6              48.7    -0.1     52.3
MEAN             60.9              59.7     1.2     62.1
DAYS MAX >= 90      1               0.6     0.4        0
DAYS MAX <= 32      0               0.0     0.0        0
DAYS MIN <= 32      2               0.4     1.6        0
DAYS MIN <= 0       0               0.0     0.0        0

PRECIPITATION (INCHES)
RECORD
 MAXIMUM         9.73   2004
 MINIMUM         0.50   1887
TOTALS           4.14              3.52    0.62     6.41
DAILY AVG.       0.13              0.11    0.02     0.21
DAYS >= .01        13              11.9     1.1       16
DAYS >= .10         9               7.0     2.0       10
DAYS >= .50         3               2.5     0.5        5
DAYS >= 1.00        1               0.8     0.2        2
GREATEST
 24 HR. TOTAL    1.50   05/30 TO 05/31

SNOWFALL (INCHES)
RECORDS
 TOTAL            6.6   1935
TOTALS            0.0               0.0     0.0      0.0
SINCE 7/1        40.3              43.3    -3.0     38.8
SNOWDEPTH AVG.      0                MM      MM        0
DAYS >= TRACE       0               0.0     0.0        0
DAYS >= 1.0         0               0.0     0.0        0
GREATEST
 SNOW DEPTH         0   MM                             0  MM
 24 HR TOTAL      0.0   05/31 TO 05/31

DEGREE_DAYS
HEATING TOTAL     192               205     -13      147
 SINCE 7/1       5949              7157   -1208     7054
COOLING TOTAL      75                41      34       64
 SINCE 1/1         86                48      38       65
.................................................................

WIND (MPH)
AVERAGE WIND SPEED              7.2
HIGHEST WIND SPEED/DIRECTION    33/280    DATE  05/26
HIGHEST GUST SPEED/DIRECTION    43/280    DATE  05/26

SKY COVER
POSSIBLE SUNSHINE (PERCENT)   MM
AVERAGE SKY COVER           0.40
NUMBER OF DAYS FAIR           17
NUMBER OF DAYS PC              9
NUMBER OF DAYS CLOUDY          5

AVERAGE RH (PERCENT)     61

WEATHER CONDITIONS. NUMBER OF DAYS WITH
THUNDERSTORM              0     MIXED PRECIP               0
HEAVY RAIN                5     RAIN                       6
LIGHT RAIN               15     FREEZING RAIN              0
LT FREEZING RAIN          0     HAIL                       0
HEAVY SNOW                0     SNOW                       0
LIGHT SNOW                0     SLEET                      0
FOG                      10     FOG W/VIS <= 1/4 MILE      1
HAZE                      1

-  INDICATES NEGATIVE NUMBERS.
R  INDICATES RECORD WAS SET OR TIED.
MM INDICATES DATA IS MISSING.
T  INDICATES TRACE AMOUNT.

$$
