000
CXUS53 KARX 010720
CLMLSE


CLIMATE REPORT
NATIONAL WEATHER SERVICE LA CROSSE WI
219 AM CDT SUN JUN 1 2014

...THE LA CROSSE WI CLIMATE SUMMARY FOR THE MONTH OF MAY 2014...

CLIMATE NORMAL PERIOD 1981 TO 2010
CLIMATE RECORD PERIOD 1873 TO 2014

WEATHER         OBSERVED          NORMAL  DEPART  LAST YEAR`S
                 VALUE   DATE(S)  VALUE   FROM    VALUE  DATE(S)
                                          NORMAL
................................................................
TEMPERATURE (F)
RECORD
 HIGH             107   05/31/1934
 LOW               26   05/06/1989
                        05/03/1971
                        05/02/1911
HIGHEST            90   05/31        MM      MM       92  05/14
LOWEST             38   05/17        MM      MM       32  05/03
                                                          05/02
AVG. MAXIMUM     71.2              70.7     0.5     69.1
AVG. MINIMUM     49.6              48.7     0.9     49.2
MEAN             60.4              59.7     0.7     59.1
DAYS MAX >= 90      1               0.6     0.4        1
DAYS MAX <= 32      0               0.0     0.0        0
DAYS MIN <= 32      0               0.4    -0.4        2
DAYS MIN <= 0       0               0.0     0.0        0

PRECIPITATION (INCHES)
RECORD
 MAXIMUM         9.73   2004
 MINIMUM         0.50   1887
TOTALS           2.46              3.52   -1.06     8.49
DAILY AVG.       0.08              0.11   -0.03     0.27
DAYS >= .01        11              11.9    -0.9       18
DAYS >= .10         6               7.0    -1.0       13
DAYS >= .50         2               2.5    -0.5        7
DAYS >= 1.00        0               0.8    -0.8        3
GREATEST
 24 HR. TOTAL    0.91   05/11 TO 05/12

SNOWFALL (INCHES)
RECORDS
 TOTAL            6.6   1935
TOTALS            0.0               0.0     0.0      0.8
SINCE 7/1        48.9              43.3     5.6     60.6
SNOWDEPTH AVG.      0                MM      MM        0
DAYS >= TRACE       0               0.0     0.0        2
DAYS >= 1.0         0               0.0     0.0        0
GREATEST
 SNOW DEPTH         0   MM                            -1  05/03
 24 HR TOTAL      0.0   05/31 TO 05/31

DEGREE_DAYS
HEATING TOTAL     195               205     -10      233
 SINCE 7/1       8135              7157     978     7427
COOLING TOTAL      59                41      18       56
 SINCE 1/1         59                48      11       60
.................................................................

WIND (MPH)
AVERAGE WIND SPEED              7.9
HIGHEST WIND SPEED/DIRECTION    31/150    DATE  05/08
HIGHEST GUST SPEED/DIRECTION    43/150    DATE  05/08

SKY COVER
POSSIBLE SUNSHINE (PERCENT)   MM
AVERAGE SKY COVER           0.40
NUMBER OF DAYS FAIR           13
NUMBER OF DAYS PC             13
NUMBER OF DAYS CLOUDY          5

AVERAGE RH (PERCENT)     62

WEATHER CONDITIONS. NUMBER OF DAYS WITH
THUNDERSTORM              6     MIXED PRECIP               0
HEAVY RAIN                1     RAIN                       6
LIGHT RAIN               12     FREEZING RAIN              0
LT FREEZING RAIN          0     HAIL                       0
HEAVY SNOW                0     SNOW                       0
LIGHT SNOW                0     SLEET                      0
FOG                      12     FOG W/VIS <= 1/4 MILE      1
HAZE                      4

-  INDICATES NEGATIVE NUMBERS.
R  INDICATES RECORD WAS SET OR TIED.
MM INDICATES DATA IS MISSING.
T  INDICATES TRACE AMOUNT.

$$

BOYNE
