000
CXUS53 KARX 011445
CLMLSE

CLIMATE REPORT
NATIONAL WEATHER SERVICE LA CROSSE WI
505 AM CDT TUE SEP 1 2015

...AUGUST IN LA CROSSE HAD NEAR NORMAL TEMPERATURE AND BELOW
NORMAL PRECIPITATION...

THE AVERAGE MONTHLY TEMPERATURE AT LA CROSSE WAS 71.2 DEGREES...
WHICH WAS 0.2 DEGREES BELOW NORMAL. THE AVERAGE HIGH WAS 81.0
DEGREES...AND THE AVERAGE LOW WAS 61.4 DEGREES. THE HIGHEST
TEMPERATURE FOR THE MONTH WAS 95 DEGREES WHICH OCCURRED ON THE 14TH.
THE LOWEST TEMPERATURE FOR AUGUST WAS 51 DEGREES ON THE 27TH.

A TOTAL OF 2.80 INCHES OF RAIN FELL DURING THE MONTH OF AUGUST. THIS
WAS 1.49 INCHES BELOW NORMAL. THE GREATEST 24 HOUR RAINFALL WAS 1.49
INCHES WHICH OCCURRED ON THE 28TH. TOTAL PRECIPITATION FOR THE YEAR
AT MONTHS END WAS 22.71 INCHES...NORMAL IS 23.96.

...RECORDS...

AUGUST 14TH...THE HIGH TEMPERATURES REACHED 95 DEGREES WHICH TIED
THE RECORD HIGH FOR THE DAY LAST SET BACK IN 1978.

...DISCUSSION...

A RATHER PERSISTENT RIDGE OF HIGH PRESSURE OVER THE WESTERN UNITED
STATES PUT THE AREA INTO A PREDOMINATELY NORTHWEST FLOW THAT HELD
THE AVERAGE TEMPERATURE DOWN AND PRODUCED LOWER THAN NORMAL
RAINFALL. THE 16 DAYS OF BELOW NORMAL AVERAGE TEMPERATURES DURING THE
MONTH WERE OFFSET BY THE 11 DAYS OF ABOVE NORMAL TEMPERATURES WHICH
LEAD TO THE NEARLY NORMAL MONTHLY TEMPERATURE. RAINFALL WAS RATHER
SPARSE WITH THE BULK OF THE RAIN FALLING ON THE 10TH AND 28TH WHEN
0.51 HUNDREDTHS AND 1.49 INCHES FELL.

...................................

...THE LA CROSSE WI CLIMATE SUMMARY FOR THE MONTH OF AUGUST 2015...

CLIMATE NORMAL PERIOD 1981 TO 2010
CLIMATE RECORD PERIOD 1873 TO 2015

WEATHER         OBSERVED          NORMAL  DEPART  LAST YEAR`S
                 VALUE   DATE(S)  VALUE   FROM    VALUE  DATE(S)
                                          NORMAL
................................................................
TEMPERATURE (F)
RECORD
 HIGH             105   08/01/1988
 LOW               35   08/30/1915
HIGHEST            95   08/14        MM      MM       90  08/25
                                                          08/24
LOWEST             51   08/27        MM      MM       51  08/14
AVG. MAXIMUM     81.0              81.5    -0.5     83.2
AVG. MINIMUM     61.4              61.3     0.1     63.8
MEAN             71.2              71.4    -0.2     73.5
DAYS MAX >= 90      4               3.3     0.7        2
DAYS MAX <= 32      0               0.0     0.0        0
DAYS MIN <= 32      0               0.0     0.0        0
DAYS MIN <= 0       0               0.0     0.0        0

PRECIPITATION (INCHES)
RECORD
 MAXIMUM        13.75   2007
 MINIMUM         0.35   1894
TOTALS           2.80              4.29   -1.49     4.62
DAILY AVG.       0.09              0.14   -0.05     0.15
DAYS >= .01        10               9.8     0.2       10
DAYS >= .10         5               7.0    -2.0        9
DAYS >= .50         2               3.2    -1.2        5
DAYS >= 1.00        1               1.0     0.0        1
GREATEST
 24 HR. TOTAL    1.49   08/28 TO 08/28
                        08/27 TO 08/28
                        08/28 TO 08/28

SNOWFALL (INCHES)
RECORDS
 TOTAL             MM   MM
TOTALS            0.0               0.0     0.0      0.0
SINCE 7/1         0.0               0.0     0.0      0.0
SNOWDEPTH AVG.      0                MM      MM        0
DAYS >= TRACE       0               0.0     0.0        0
DAYS >= 1.0         0               0.0     0.0        0
GREATEST
 SNOW DEPTH         0   MM                             0  MM
 24 HR TOTAL      0.0   08/31 TO 08/31

DEGREE_DAYS
HEATING TOTAL      11                15      -4        0
 SINCE 7/1         14                20      -6        3
COOLING TOTAL     209               213      -4      269
 SINCE 1/1        691               700      -9      748
.................................................................

WIND (MPH)
AVERAGE WIND SPEED              7.9
HIGHEST WIND SPEED/DIRECTION    29/180    DATE  08/22
HIGHEST GUST SPEED/DIRECTION    37/180    DATE  08/22

SKY COVER
POSSIBLE SUNSHINE (PERCENT)   MM
AVERAGE SKY COVER           0.40
NUMBER OF DAYS FAIR           16
NUMBER OF DAYS PC             10
NUMBER OF DAYS CLOUDY          5

AVERAGE RH (PERCENT)     71

WEATHER CONDITIONS. NUMBER OF DAYS WITH
THUNDERSTORM              0     MIXED PRECIP               0
HEAVY RAIN                4     RAIN                       5
LIGHT RAIN               11     FREEZING RAIN              0
LT FREEZING RAIN          0     HAIL                       0
HEAVY SNOW                0     SNOW                       0
LIGHT SNOW                0     SLEET                      0
FOG                      16     FOG W/VIS <= 1/4 MILE      2
HAZE                      2

-  INDICATES NEGATIVE NUMBERS.
R  INDICATES RECORD WAS SET OR TIED.
MM INDICATES DATA IS MISSING.
T  INDICATES TRACE AMOUNT.

$$
