000
CXUS53 KARX 010705
CLMLSE


CLIMATE REPORT
NATIONAL WEATHER SERVICE LA CROSSE WI
203 AM CDT SAT OCT 1 2016

...................................

...THE LA CROSSE WI CLIMATE SUMMARY FOR THE MONTH OF SEPTEMBER 2016...

CLIMATE NORMAL PERIOD 1981 TO 2010
CLIMATE RECORD PERIOD 1873 TO 2016

WEATHER         OBSERVED          NORMAL  DEPART  LAST YEAR`S
                 VALUE   DATE(S)  VALUE   FROM    VALUE  DATE(S)
                                          NORMAL
................................................................
TEMPERATURE (F)
RECORD
 HIGH             101   09/06/1922
 LOW               24   09/30/1899
HIGHEST            87   09/06        MM      MM       92  09/06
LOWEST             50   09/29        MM      MM       38  09/30
AVG. MAXIMUM     76.8              73.2     3.6     79.3
AVG. MINIMUM     58.7              52.4     6.3     59.3
MEAN             67.7              62.8     4.9     69.3
DAYS MAX >= 90      0               0.8    -0.8        2
DAYS MAX <= 32      0               0.0     0.0        0
DAYS MIN <= 32      0               0.2    -0.2        0
DAYS MIN <= 0       0               0.0     0.0        0

PRECIPITATION (INCHES)
RECORD
 MAXIMUM        10.87   1881
 MINIMUM         0.29   1940
TOTALS          10.46              3.56    6.90     2.73
DAILY AVG.       0.35              0.12    0.23     0.09
DAYS >= .01        13               9.6     3.4       10
DAYS >= .10        10               5.8     4.2        6
DAYS >= .50         7               2.0     5.0        2
DAYS >= 1.00        4               1.0     3.0        1
GREATEST
 24 HR. TOTAL    3.61   09/21 TO 09/22

SNOWFALL (INCHES)
RECORDS
 TOTAL             MM   MM
TOTALS            0.0               0.0     0.0      0.0
SINCE 7/1         0.0               0.0     0.0      0.0
SNOWDEPTH AVG.      0                MM      MM        0
DAYS >= TRACE       0               0.0     0.0        0
DAYS >= 1.0         0               0.0     0.0        0
GREATEST
 SNOW DEPTH         0   MM                             0  MM
 24 HR TOTAL      0.0   09/30 TO 09/30

DEGREE_DAYS
HEATING TOTAL      20               140    -120       49
 SINCE 7/1         20               160    -140       63
COOLING TOTAL     111                74      37      187
 SINCE 1/1       1020               774     246      878
.................................................................

WIND (MPH)
AVERAGE WIND SPEED              8.4
HIGHEST WIND SPEED/DIRECTION    31/170    DATE  09/21
HIGHEST GUST SPEED/DIRECTION    40/270    DATE  09/26

SKY COVER
POSSIBLE SUNSHINE (PERCENT)   MM
AVERAGE SKY COVER           0.40
NUMBER OF DAYS FAIR           13
NUMBER OF DAYS PC             14
NUMBER OF DAYS CLOUDY          3

AVERAGE RH (PERCENT)     74

WEATHER CONDITIONS. NUMBER OF DAYS WITH
THUNDERSTORM              0     MIXED PRECIP               0
HEAVY RAIN                8     RAIN                       8
LIGHT RAIN               18     FREEZING RAIN              0
LT FREEZING RAIN          0     HAIL                       0
HEAVY SNOW                0     SNOW                       0
LIGHT SNOW                0     SLEET                      0
FOG                      20     FOG W/VIS <= 1/4 MILE      3
HAZE                      1

-  INDICATES NEGATIVE NUMBERS.
R  INDICATES RECORD WAS SET OR TIED.
MM INDICATES DATA IS MISSING.
T  INDICATES TRACE AMOUNT.

$$
