000
CXUS53 KARX 011034
CLMLSE


CLIMATE REPORT
NATIONAL WEATHER SERVICE LA CROSSE WI
433 AM CST SUN FEB 1 2015

...................................

...THE LA CROSSE WI CLIMATE SUMMARY FOR THE MONTH OF JANUARY 2015...

CLIMATE NORMAL PERIOD 1981 TO 2010
CLIMATE RECORD PERIOD 1873 TO 2015

WEATHER         OBSERVED          NORMAL  DEPART  LAST YEAR`S
                 VALUE   DATE(S)  VALUE   FROM    VALUE  DATE(S)
                                          NORMAL
................................................................
TEMPERATURE (F)
RECORD
 HIGH              57   01/25/1981
                        01/01/1897
                        01/03/1874
 LOW              -43   01/18/1873
HIGHEST            44   01/24        MM      MM       43  01/12
LOWEST            -13   01/13        MM      MM      -20  01/06
AVG. MAXIMUM     28.6              25.9     2.7     19.9
AVG. MINIMUM     12.7               8.9     3.8     -1.1
MEAN             20.6              17.4     3.2      9.4
DAYS MAX >= 90      0               0.0     0.0        0
DAYS MAX <= 32     17              20.4    -3.4       22
DAYS MIN <= 32     31              30.2     0.8       31
DAYS MIN <= 0       9               8.9     0.1       19

PRECIPITATION (INCHES)
RECORD
 MAXIMUM         3.44   1884
 MINIMUM         0.14   1981
                        1914
TOTALS           0.67              1.12   -0.45     0.98
DAILY AVG.       0.02              0.04   -0.02     0.03
DAYS >= .01         9               9.1    -0.1       12
DAYS >= .10         4               3.6     0.4        5
DAYS >= .50         0               0.4    -0.4        0
DAYS >= 1.00        0               0.0     0.0        0
GREATEST
 24 HR. TOTAL    0.14   01/20 TO 01/21

SNOWFALL (INCHES)
RECORDS
 TOTAL           39.6   1929
TOTALS            9.4              10.7    -1.3     15.7
SINCE 7/1        19.2              26.3    -7.1     29.4
SNOWDEPTH AVG.      3                 5      -2        9
DAYS >= TRACE      15               7.8     7.2       18
DAYS >= 1.0         4               3.6     0.4        4
GREATEST
 SNOW DEPTH         5   01/15                         13  01/31
                        01/14                             01/30
                        01/13                             01/29
 24 HR TOTAL      1.8   MM

DEGREE_DAYS
HEATING TOTAL    1368              1475    -107     1719
 SINCE 7/1       4107              4319    -212     4647
COOLING TOTAL       0                 0       0        0
 SINCE 1/1          0                 0       0        0
.................................................................

WIND (MPH)
AVERAGE WIND SPEED              8.0
HIGHEST WIND SPEED/DIRECTION    33/310    DATE  01/08
HIGHEST GUST SPEED/DIRECTION    44/310    DATE  01/08

SKY COVER
POSSIBLE SUNSHINE (PERCENT)   MM
AVERAGE SKY COVER           0.60
NUMBER OF DAYS FAIR            9
NUMBER OF DAYS PC             11
NUMBER OF DAYS CLOUDY         11

AVERAGE RH (PERCENT)     72

WEATHER CONDITIONS. NUMBER OF DAYS WITH
THUNDERSTORM              0     MIXED PRECIP               0
HEAVY RAIN                0     RAIN                       0
LIGHT RAIN                0     FREEZING RAIN              0
LT FREEZING RAIN          1     HAIL                       0
HEAVY SNOW                0     SNOW                       1
LIGHT SNOW               15     SLEET                      0
FOG                      13     FOG W/VIS <= 1/4 MILE      0
HAZE                     12

-  INDICATES NEGATIVE NUMBERS.
R  INDICATES RECORD WAS SET OR TIED.
MM INDICATES DATA IS MISSING.
T  INDICATES TRACE AMOUNT.

$$
