140
CXUS53 KARX 010703
CLMLSE


CLIMATE REPORT
NATIONAL WEATHER SERVICE LA CROSSE WI
103 AM CST MON FEB 1 2016

...................................

...THE LA CROSSE WI CLIMATE SUMMARY FOR THE MONTH OF JANUARY 2016...

CLIMATE NORMAL PERIOD 1981 TO 2010
CLIMATE RECORD PERIOD 1873 TO 2016

WEATHER         OBSERVED          NORMAL  DEPART  LAST YEAR`S
                 VALUE   DATE(S)  VALUE   FROM    VALUE  DATE(S)
                                          NORMAL
................................................................
TEMPERATURE (F)
RECORD
 HIGH              57   01/25/1981
                        01/01/1897
                        01/03/1874
 LOW              -43   01/18/1873
HIGHEST            42   01/30        MM      MM       44  01/24
LOWEST            -11   01/18        MM      MM      -13  01/13
AVG. MAXIMUM     26.5              25.9     0.6     28.6
AVG. MINIMUM     12.4               8.9     3.5     12.7
MEAN             19.4              17.4     2.0     20.6
DAYS MAX >= 90      0               0.0     0.0        0
DAYS MAX <= 32     21              20.4     0.6       17
DAYS MIN <= 32     30              30.2    -0.2       31
DAYS MIN <= 0       8               8.9    -0.9        9

PRECIPITATION (INCHES)
RECORD
 MAXIMUM         3.44   1884
 MINIMUM         0.14   1981
                        1914
TOTALS           0.87              1.12   -0.25     0.67
DAILY AVG.       0.03              0.04   -0.01     0.02
DAYS >= .01         9               9.1    -0.1        9
DAYS >= .10         4               3.6     0.4        4
DAYS >= .50         0               0.4    -0.4        0
DAYS >= 1.00        0               0.0     0.0        0
GREATEST
 24 HR. TOTAL    0.39   01/07 TO 01/08

SNOWFALL (INCHES)
RECORDS
 TOTAL           39.6   1929
TOTALS            4.1              10.7    -6.6      9.4
SINCE 7/1        16.6              26.3    -9.7     19.2
SNOWDEPTH AVG.      5                 5       0        3
DAYS >= TRACE      22               7.8    14.2       15
DAYS >= 1.0         1               3.6    -2.6        4
GREATEST
 SNOW DEPTH         8   01/07                          5  01/15
                        01/05                             01/14
                        01/04                             01/13
 24 HR TOTAL      1.2   MM

DEGREE_DAYS
HEATING TOTAL    1404              1475     -71     1368
 SINCE 7/1       3439              4319    -880     4107
COOLING TOTAL       0                 0       0        0
 SINCE 1/1          0                 0       0        0
.................................................................

WIND (MPH)
AVERAGE WIND SPEED              8.5
HIGHEST WIND SPEED/DIRECTION    29/320    DATE  01/12
HIGHEST GUST SPEED/DIRECTION    34/320    DATE  01/12

SKY COVER
POSSIBLE SUNSHINE (PERCENT)   MM
AVERAGE SKY COVER           0.60
NUMBER OF DAYS FAIR           10
NUMBER OF DAYS PC              9
NUMBER OF DAYS CLOUDY         12

AVERAGE RH (PERCENT)     74

WEATHER CONDITIONS. NUMBER OF DAYS WITH
THUNDERSTORM              0     MIXED PRECIP               0
HEAVY RAIN                0     RAIN                       0
LIGHT RAIN                4     FREEZING RAIN              0
LT FREEZING RAIN          1     HAIL                       0
HEAVY SNOW                0     SNOW                       0
LIGHT SNOW               21     SLEET                      0
FOG                      15     FOG W/VIS <= 1/4 MILE      2
HAZE                      8

-  INDICATES NEGATIVE NUMBERS.
R  INDICATES RECORD WAS SET OR TIED.
MM INDICATES DATA IS MISSING.
T  INDICATES TRACE AMOUNT.

$$
