000
CXUS53 KARX 032211
CLMLSE

CLIMATE REPORT
NATIONAL WEATHER SERVICE LA CROSSE WI
308 AM CST SAT FEB 1 2014

...MUCH BELOW AVERAGE TEMPERATURE...SLIGHTLY BELOW PRECIPITATION AND
ABOVE NORMAL SNOWFALL OBSERVED AT LA CROSSE WI DURING JANUARY 2014...

THE AVERAGE JANUARY TEMPERATURE AT LA CROSSE WAS 9.4 DEGREES WHICH
WAS 8.0 DEGREES BELOW NORMAL...AND THE 4TH COLDEST JANUARY ON RECORD
SINCE 1980. THE AVERAGE HIGH TEMPERATURE WAS 19.9 DEGREES WHILE THE
AVERAGE LOW FOR THE MONTH WAS -1.1 DEGREES. THE HIGHEST TEMPERATURE
FOR THE MONTH WAS 43 DEGREES WHICH OCCURRED ON THE 12TH...WHILE THE
LOWEST TEMPERATURE WAS 20 DEGREES BELOW ZERO ON THE 6TH.

A TOTAL OF 0.98 INCHES OF PRECIPITATION FELL DURING THE MONTH OF
JANUARY...WHICH WAS 0.14 INCHES BELOW NORMAL. THE HIGHEST 24 HOUR
TOTAL WAS 0.32 INCHES...WHICH FELL ON THE 14TH.

SNOWFALL FOR THE THE MONTH TOTALED 15.7 INCHES...WHICH WAS 5.0 INCHES
ABOVE NORMAL. THE GREATEST 24 HOUR SNOWFALL TOTAL FOR JANUARY WAS 6.5
INCHES WHICH FELL ON THE 14TH. TOTAL SNOWFALL FOR THE SEASON AS OF
JAN 31ST WAS 29.4 INCHES.

...RECORDS...

NO RECORDS WERE SET OR TIED.

...DISCUSSION...

THE NORTHWEST FLOW PATTERN THAT STARTED IN DECEMBER CONTINUED INTO
JANUARY. THIS ALLOWED FOR REPEATED WEATHER SYSTEMS TO DROP IN OUT OF
THE NORTHWEST THAT WERE THEN FOLLOWED BY ANOTHER SURGE OF ARCTIC
AIR. THE COLDEST AIR OF THE MONTH ARRIVED ON THE 6TH WHEN THE HIGH
FOR THE DAY ONLY REACHED 10 BELOW...WHILE THE LOW DROPPED TO 20
BELOW ZERO. THERE WERE IN FACT 20 DAYS DURING THE MONTH WITH BELOW
AVERAGE TEMPERATURES WITH MANY OF THESE DAYS HAVING VERY COLD TO
DANGEROUS WIND CHILLS.  MEASURABLE SNOW FELL ON 12 DAYS WITH TRACE
AMOUNTS FALLING ON ANOTHER 6 DAYS.

...................................

...THE LA CROSSE WI CLIMATE SUMMARY FOR THE MONTH OF JANUARY 2014...

CLIMATE NORMAL PERIOD 1981 TO 2010
CLIMATE RECORD PERIOD 1873 TO 2014

WEATHER         OBSERVED          NORMAL  DEPART  LAST YEAR`S
                 VALUE   DATE(S)  VALUE   FROM    VALUE  DATE(S)
                                          NORMAL
................................................................
TEMPERATURE (F)
RECORD
 HIGH              57   01/25/1981
                        01/01/1897
                        01/03/1874
 LOW              -43   01/18/1873
HIGHEST            43   01/12        MM      MM       48  01/19
                                                          01/18
                                                          01/12
LOWEST            -20   01/06        MM      MM      -10  01/01
AVG. MAXIMUM     19.9              25.9    -6.0     29.0
AVG. MINIMUM     -1.1               8.9   -10.0     10.6
MEAN              9.4              17.4    -8.0     19.8
DAYS MAX >= 90      0               0.0     0.0        0
DAYS MAX <= 32     22              20.4     1.6       17
DAYS MIN <= 32     31              30.2     0.8       29
DAYS MIN <= 0      19               8.9    10.1        7

PRECIPITATION (INCHES)
RECORD
 MAXIMUM         3.44   1884
 MINIMUM         0.14   1981
                        1914
TOTALS           0.98              1.12   -0.14     1.09
DAILY AVG.       0.03              0.04   -0.01     0.04
DAYS >= .01        12               9.1     2.9       10
DAYS >= .10         5               3.6     1.4        4
DAYS >= .50         0               0.4    -0.4        0
DAYS >= 1.00        0               0.0     0.0        0
GREATEST
 24 HR. TOTAL    0.32   01/14 TO 01/14

SNOWFALL (INCHES)
RECORDS
 TOTAL           39.6   1929
TOTALS           15.7              10.7     5.0      6.5
SINCE 7/1        29.4              26.3     3.1     24.9
SNOWDEPTH AVG.      9                 5       4        2
DAYS >= TRACE      18               7.8    10.2       17
DAYS >= 1.0         4               3.6     0.4        1
GREATEST
 SNOW DEPTH        13   01/31                          7  01/02
                        01/30                             01/01
                        01/29
 24 HR TOTAL      6.5   01/14 TO 01/14

DEGREE_DAYS
HEATING TOTAL    1719              1475     244     1395
 SINCE 7/1       4647              4319     328     4085
COOLING TOTAL       0                 0       0        0
 SINCE 1/1          0                 0       0        0
.................................................................

WIND (MPH)
AVERAGE WIND SPEED              10.1
HIGHEST WIND SPEED/DIRECTION    35/320    DATE  01/25
HIGHEST GUST SPEED/DIRECTION    43/310    DATE  01/26

SKY COVER
POSSIBLE SUNSHINE (PERCENT)   MM
AVERAGE SKY COVER           0.50
NUMBER OF DAYS FAIR           12
NUMBER OF DAYS PC             11
NUMBER OF DAYS CLOUDY          8

AVERAGE RH (PERCENT)     68

WEATHER CONDITIONS. NUMBER OF DAYS WITH
THUNDERSTORM              0     MIXED PRECIP               0
HEAVY RAIN                0     RAIN                       0
LIGHT RAIN                0     FREEZING RAIN              0
LT FREEZING RAIN          1     HAIL                       0
HEAVY SNOW                1     SNOW                       3
LIGHT SNOW               18     SLEET                      1
FOG                       9     FOG W/VIS <= 1/4 MILE      2
HAZE                     17

-  INDICATES NEGATIVE NUMBERS.
R  INDICATES RECORD WAS SET OR TIED.
MM INDICATES DATA IS MISSING.
T  INDICATES TRACE AMOUNT.

$$

BOYNE
