000
CXUS53 KARX 011006
CLMLSE


CLIMATE REPORT
NATIONAL WEATHER SERVICE LA CROSSE WI
500 AM CDT THU AUG 1 2013

...................................

...THE LA CROSSE CLIMATE SUMMARY FOR THE MONTH OF JULY 2013...

CLIMATE NORMAL PERIOD 1981 TO 2010
CLIMATE RECORD PERIOD 1873 TO 2013

WEATHER         OBSERVED          NORMAL  DEPART  LAST YEAR`S
                 VALUE   DATE(S)  VALUE   FROM    VALUE  DATE(S)
                                          NORMAL
................................................................
TEMPERATURE (F)
RECORD
 HIGH             108   07/13/1995
                        07/14/1936
 LOW               44   07/04/1967
HIGHEST            98   07/18        MM      MM      103  07/06
                        07/17                             07/04
LOWEST             51   07/29        MM      MM       58  07/20
                        07/28                             07/10
                        07/27
AVG. MAXIMUM     85.0              84.1     0.9     91.3
AVG. MINIMUM     63.5              63.2     0.3     68.0
MEAN             74.2              73.7     0.5     79.6
DAYS MAX >= 90     11               5.5     5.5       16
DAYS MAX <= 32      0               0.0     0.0        0
DAYS MIN <= 32      0               0.0     0.0        0
DAYS MIN <= 0       0               0.0     0.0        0

PRECIPITATION (INCHES)
RECORD
 MAXIMUM        11.03   1883
 MINIMUM         0.16   1967
TOTALS           1.36              4.26   -2.90     2.04
DAILY AVG.       0.04              0.14   -0.10     0.07
DAYS >= .01         7              10.4    -3.4        7
DAYS >= .10         4               6.7    -2.7        4
DAYS >= .50         1               2.8    -1.8        1
DAYS >= 1.00        0               1.1    -1.1        1
GREATEST
 24 HR. TOTAL    0.74   07/25 TO 07/25
                        07/24 TO 07/25
                        07/25 TO 07/25

SNOWFALL (INCHES)
RECORDS
 TOTAL             MM   MM
TOTALS              T               0.0     0.0      0.0
SINCE 7/1           T               0.0     0.0      0.0
SNOWDEPTH AVG.      0                MM      MM        0
DAYS >= 1.0         0               0.0     0.0        0
GREATEST
 SNOW DEPTH         0   MM                             0  MM
 24 HR TOTAL        T   07/25 TO 07/25

DEGREE_DAYS
HEATING TOTAL      12                 5       7
 SINCE 7/1         12                 5       7
COOLING TOTAL     311               273      38
 SINCE 1/1        525               487      38
.................................................................

WIND (MPH)
AVERAGE WIND SPEED              7.3
HIGHEST WIND SPEED/DIRECTION    32/250    DATE  07/25
HIGHEST GUST SPEED/DIRECTION    40/250    DATE  07/25

SKY COVER
POSSIBLE SUNSHINE (PERCENT)   MM
AVERAGE SKY COVER           0.30
NUMBER OF DAYS FAIR           23
NUMBER OF DAYS PC              5
NUMBER OF DAYS CLOUDY          3

AVERAGE RH (PERCENT)     65

WEATHER CONDITIONS. NUMBER OF DAYS WITH
THUNDERSTORM              0     MIXED PRECIP               0
HEAVY RAIN                5     RAIN                       5
LIGHT RAIN               10     FREEZING RAIN              0
LT FREEZING RAIN          0     HAIL                       1
HEAVY SNOW                0     SNOW                       0
LIGHT SNOW                0     SLEET                      0
FOG                       7     FOG W/VIS <= 1/4 MILE      1
HAZE                      4

-  INDICATES NEGATIVE NUMBERS.
R  INDICATES RECORD WAS SET OR TIED.
MM INDICATES DATA IS MISSING.
T  INDICATES TRACE AMOUNT.

$$
