000
CXUS53 KARX 010938
CLMLSE


CLIMATE REPORT
NATIONAL WEATHER SERVICE LA CROSSE WI
437 AM CDT WED JUL 1 2015

...................................

...THE LA CROSSE WI CLIMATE SUMMARY FOR THE MONTH OF JUNE 2015...

CLIMATE NORMAL PERIOD 1981 TO 2010
CLIMATE RECORD PERIOD 1873 TO 2015

WEATHER         OBSERVED          NORMAL  DEPART  LAST YEAR`S
                 VALUE   DATE(S)  VALUE   FROM    VALUE  DATE(S)
                                          NORMAL
................................................................
TEMPERATURE (F)
RECORD
 HIGH             102   06/21/1988
                        06/20/1933
 LOW               33   06/01/1897
HIGHEST            96   06/09        MM      MM       88  06/28
                                                          06/20
                                                          06/16
LOWEST             42   06/01        MM      MM       50  06/13
AVG. MAXIMUM     79.9              80.0    -0.1     81.8
AVG. MINIMUM     59.9              58.5     1.4     62.3
MEAN             69.9              69.2     0.7     72.1
DAYS MAX >= 90      1               3.0    -2.0        0
DAYS MAX <= 32      0               0.0     0.0        0
DAYS MIN <= 32      0               0.0     0.0        0
DAYS MIN <= 0       0               0.0     0.0        0

PRECIPITATION (INCHES)
RECORD
 MAXIMUM        11.56   1899
 MINIMUM         0.37   1910
TOTALS           3.70              4.34   -0.64     6.70
DAILY AVG.       0.12              0.14   -0.02     0.22
DAYS >= .01        11              11.5    -0.5       16
DAYS >= .10         7               7.5    -0.5       13
DAYS >= .50         3               2.6     0.4        6
DAYS >= 1.00        1               1.1    -0.1        1
GREATEST
 24 HR. TOTAL    1.48   06/11 TO 06/12

SNOWFALL (INCHES)
RECORDS
 TOTAL             MM   MM
TOTALS            0.0               0.0     0.0      0.0
SINCE 7/1        38.8              43.3    -4.5     48.9
SNOWDEPTH AVG.      0                MM      MM        0
DAYS >= TRACE       0               0.0     0.0        0
DAYS >= 1.0         0               0.0     0.0        0
GREATEST
 SNOW DEPTH         0   MM                             0  MM
 24 HR TOTAL      0.0   06/30 TO 06/30

DEGREE_DAYS
HEATING TOTAL      12                38     -26        1
 SINCE 7/1       7066              7195    -129     8136
COOLING TOTAL     167               166       1      222
 SINCE 1/1        232               214      18      281
.................................................................

WIND (MPH)
AVERAGE WIND SPEED              7.0
HIGHEST WIND SPEED/DIRECTION    26/240    DATE  06/22
HIGHEST GUST SPEED/DIRECTION    34/240    DATE  06/22

SKY COVER
POSSIBLE SUNSHINE (PERCENT)   MM
AVERAGE SKY COVER           0.30
NUMBER OF DAYS FAIR           19
NUMBER OF DAYS PC              9
NUMBER OF DAYS CLOUDY          2

AVERAGE RH (PERCENT)     69

WEATHER CONDITIONS. NUMBER OF DAYS WITH
THUNDERSTORM              0     MIXED PRECIP               0
HEAVY RAIN                4     RAIN                       5
LIGHT RAIN               13     FREEZING RAIN              0
LT FREEZING RAIN          0     HAIL                       0
HEAVY SNOW                0     SNOW                       0
LIGHT SNOW                0     SLEET                      0
FOG                      15     FOG W/VIS <= 1/4 MILE      5
HAZE                      4

-  INDICATES NEGATIVE NUMBERS.
R  INDICATES RECORD WAS SET OR TIED.
MM INDICATES DATA IS MISSING.
T  INDICATES TRACE AMOUNT.

$$
