000
CXUS53 KARX 020332
CLMLSE

CLIMATE REPORT
NATIONAL WEATHER SERVICE LA CROSSE WI
146 AM CDT MON JUN 1 2015

...LA CROSSE WISCONSIN WAS ABOVE NORMAL TEMPERATURES AND
PRECIPITATION FOR THE MONTH OF MAY...

THE AVERAGE MONTHLY TEMPERATURE WAS 62.1 DEGREES.  THIS WAS 2.4
DEGREES ABOVE THE NORMAL. THE AVERAGE HIGH TEMPERATURE WAS 72.0
DEGREES AND THE AVERAGE LOW TEMPERATURE WAS 52.3 DEGREES. THE
HIGHEST TEMPERATURE FOR THE MONTH WAS 85 DEGREES ON THE 3RD AND 28TH AND THE
LOWEST TEMPERATURE WAS 37 DEGREES WHICH OCCURRED ON THE 1ST AND 13TH.

A TOTAL OF 6.41 INCHES OF PRECIPITATION FELL.  THIS WAS 2.89 INCHES
ABOVE NORMAL. THE GREATEST 24-HOUR PRECIPITATION TOTAL WAS 2.40
INCHES...WHICH FELL ON THE 29TH INTO THE 30TH. ZERO INCHES OF SNOW FELL
DURING THE MONTH OF MAY.

...RECORDS...

NO RECORDS WERE SET OR TIED.

...DISCUSSION...

LOW PRESSURE ALONG THE WESTERN US PROVIDED A MILD SOUTHWEST FLOW
INTO MUCH OF THE MONTH. THIS ALLOWED FOR 19 DAYS TO BE EITHER NORMAL
OR ABOVE NORMAL TEMPERATURES WITH NO TEMPERATURES BELOW FREEZING.

THE SOUTHWEST FLOW WAS A SET UP FOR ABOVE NORMAL PRECIPITATION.
THERE WERE 16 OUT OF 31 DAYS HAVING PRECIPITATION WITH TWO DAYS
HAVING GREATER THAN ONE INCH OF RAINFALL.

...................................

...THE LA CROSSE WI CLIMATE SUMMARY FOR THE MONTH OF MAY 2015...

CLIMATE NORMAL PERIOD 1981 TO 2010
CLIMATE RECORD PERIOD 1873 TO 2015

WEATHER         OBSERVED          NORMAL  DEPART  LAST YEAR`S
                 VALUE   DATE(S)  VALUE   FROM    VALUE  DATE(S)
                                          NORMAL
................................................................
TEMPERATURE (F)
RECORD
 HIGH             107   05/31/1934
 LOW               26   05/06/1989
                        05/03/1971
                        05/02/1911
HIGHEST            85   05/28        MM      MM       90  05/31
                        05/03
LOWEST             37   05/13        MM      MM       38  05/17
                        05/01
AVG. MAXIMUM     72.0              70.7     1.3     71.2
AVG. MINIMUM     52.3              48.7     3.6     49.6
MEAN             62.1              59.7     2.4     60.4
DAYS MAX >= 90      0               0.6    -0.6        1
DAYS MAX <= 32      0               0.0     0.0        0
DAYS MIN <= 32      0               0.4    -0.4        0
DAYS MIN <= 0       0               0.0     0.0        0

PRECIPITATION (INCHES)
RECORD
 MAXIMUM         9.73   2004
 MINIMUM         0.50   1887
TOTALS           6.41              3.52    2.89     2.46
DAILY AVG.       0.21              0.11    0.10     0.08
DAYS >= .01        16              11.9     4.1       11
DAYS >= .10        10               7.0     3.0        6
DAYS >= .50         5               2.5     2.5        2
DAYS >= 1.00        2               0.8     1.2        0
GREATEST
 24 HR. TOTAL    2.40   05/29 TO 05/30

SNOWFALL (INCHES)
RECORDS
 TOTAL            6.6   1935
TOTALS            0.0               0.0     0.0      0.0
SINCE 7/1        38.8              43.3    -4.5     48.9
SNOWDEPTH AVG.      0                MM      MM        0
DAYS >= TRACE       0               0.0     0.0        0
DAYS >= 1.0         0               0.0     0.0        0
GREATEST
 SNOW DEPTH         0   MM                             0  MM
 24 HR TOTAL      0.0   05/31 TO 05/31

DEGREE_DAYS
HEATING TOTAL     147               205     -58      195
 SINCE 7/1       7054              7157    -103     8135
COOLING TOTAL      64                41      23       59
 SINCE 1/1         65                48      17       59
.................................................................

WIND (MPH)
AVERAGE WIND SPEED              8.8
HIGHEST WIND SPEED/DIRECTION    30/270    DATE  05/25
HIGHEST GUST SPEED/DIRECTION    38/260    DATE  05/25

SKY COVER
POSSIBLE SUNSHINE (PERCENT)   MM
AVERAGE SKY COVER           0.50
NUMBER OF DAYS FAIR           12
NUMBER OF DAYS PC             10
NUMBER OF DAYS CLOUDY          9

AVERAGE RH (PERCENT)     65

WEATHER CONDITIONS. NUMBER OF DAYS WITH
THUNDERSTORM              7     MIXED PRECIP               0
HEAVY RAIN                7     RAIN                       9
LIGHT RAIN               21     FREEZING RAIN              0
LT FREEZING RAIN          0     HAIL                       0
HEAVY SNOW                0     SNOW                       0
LIGHT SNOW                0     SLEET                      0
FOG                      14     FOG W/VIS <= 1/4 MILE      0
HAZE                      3

-  INDICATES NEGATIVE NUMBERS.
R  INDICATES RECORD WAS SET OR TIED.
MM INDICATES DATA IS MISSING.
T  INDICATES TRACE AMOUNT.

$$
