000
CXUS53 KARX 010801
CLMLSE


CLIMATE REPORT
NATIONAL WEATHER SERVICE LA CROSSE WI
300 AM CDT THU JUN 1 2017

...................................

...THE LA CROSSE WI CLIMATE SUMMARY FOR THE MONTH OF MAY 2017...

CLIMATE NORMAL PERIOD 1981 TO 2010
CLIMATE RECORD PERIOD 1873 TO 2017

WEATHER         OBSERVED          NORMAL  DEPART  LAST YEAR`S
                 VALUE   DATE(S)  VALUE   FROM    VALUE  DATE(S)
                                          NORMAL
................................................................
TEMPERATURE (F)
RECORD
 HIGH             107   05/31/1934
 LOW               26   05/06/1989
                        05/03/1971
                        05/02/1911
HIGHEST            86   05/16        MM      MM       91  05/06
LOWEST             34   05/01        MM      MM       30  05/15
AVG. MAXIMUM     69.2              70.7    -1.5     73.1
AVG. MINIMUM     48.6              48.7    -0.1     48.6
MEAN             58.9              59.7    -0.8     60.9
DAYS MAX >= 90      0               0.6    -0.6        1
DAYS MAX <= 32      0               0.0     0.0        0
DAYS MIN <= 32      0               0.4    -0.4        2
DAYS MIN <= 0       0               0.0     0.0        0

PRECIPITATION (INCHES)
RECORD
 MAXIMUM         9.73   2004
 MINIMUM         0.50   1887
TOTALS           7.20              3.52    3.68     4.14
DAILY AVG.       0.23              0.11    0.12     0.13
DAYS >= .01        17              11.9     5.1       13
DAYS >= .10         8               7.0     1.0        9
DAYS >= .50         5               2.5     2.5        3
DAYS >= 1.00        2               0.8     1.2        1
GREATEST
 24 HR. TOTAL    2.39   05/17 TO 05/17

SNOWFALL (INCHES)
RECORDS
 TOTAL            6.6   1935
TOTALS              T               0.0     0.0      0.0
SINCE 7/1        42.2              43.3    -1.1     40.3
SNOWDEPTH AVG.      0                MM      MM        0
DAYS >= TRACE       1               0.0     1.0        0
DAYS >= 1.0         0               0.0     0.0        0
GREATEST
 SNOW DEPTH         0   MM                             0  MM
 24 HR TOTAL        T   05/01 TO 05/01

DEGREE_DAYS
HEATING TOTAL     212               205       7      192
 SINCE 7/1       5766              7157   -1391     5949
COOLING TOTAL      31                41     -10       75
 SINCE 1/1         37                48     -11       86
.................................................................

WIND (MPH)
AVERAGE WIND SPEED              7.8
HIGHEST WIND SPEED/DIRECTION    36/240    DATE  05/16
HIGHEST GUST SPEED/DIRECTION    52/270    DATE  05/16

SKY COVER
POSSIBLE SUNSHINE (PERCENT)   MM
AVERAGE SKY COVER           0.50
NUMBER OF DAYS FAIR           15
NUMBER OF DAYS PC              8
NUMBER OF DAYS CLOUDY          8

AVERAGE RH (PERCENT)     65

WEATHER CONDITIONS. NUMBER OF DAYS WITH
THUNDERSTORM              0     MIXED PRECIP               0
HEAVY RAIN                5     RAIN                       7
LIGHT RAIN               21     FREEZING RAIN              0
LT FREEZING RAIN          0     HAIL                       0
HEAVY SNOW                0     SNOW                       0
LIGHT SNOW                1     SLEET                      0
FOG                      12     FOG W/VIS <= 1/4 MILE      4
HAZE                      1

-  INDICATES NEGATIVE NUMBERS.
R  INDICATES RECORD WAS SET OR TIED.
MM INDICATES DATA IS MISSING.
T  INDICATES TRACE AMOUNT.

$$
