000
CXUS53 KARX 021523
CLMLSE

CLIMATE REPORT
NATIONAL WEATHER SERVICE LA CROSSE WI
315 AM CDT TUE NOV 1 2016

...TEMPERATURES AT LA CROSSE, WISCONSIN WERE WELL ABOVE NORMAL AND
PRECIPITATION WAS NEAR NORMAL DURING THE MONTH OF OCTOBER...

THE AVERAGE TEMPERATURE WAS 56.0 DEGREES. THIS WAS 5.8 DEGREES ABOVE
NORMAL. THE AVERAGE HIGH TEMPERATURE WAS 65.8 DEGREES AND THE
AVERAGE LOW TEMPERATURE WAS 46.3 DEGREES. THE HIGHEST TEMPERATURE
FOR THE MONTH WAS 77 DEGREES WHICH OCCURRED ON THE 4TH, 11TH, AND
17TH. THE COLDEST TEMPERATURE WAS 34 DEGREES WHICH OCCURRED ON THE
21ST.

LA CROSSE RECEIVED 2.23 INCHES OF PRECIPITATION DURING THE MONTH.
THIS WAS 0.06 INCHES ABOVE NORMAL. THE GREATEST 24-HOUR
PRECIPITATION TOTAL WAS 1.71 INCHES WHICH OCCURRED FROM THE 25TH TO
THE 26TH. NO SNOW FELL DURING THE MONTH OF OCTOBER.

...RECORDS...

A DAILY RECORD FOR THE WARMEST MINIMUM TEMPERATURE WAS SET ON
OCTOBER 17. THE LOW TEMPERATURE ONLY FELL TO 65 DEGREES ON THE 17TH.
THIS BROKE THE PREVIOUS RECORD OF 64 DEGREES SET BACK IN 1994.

A DAILY RECORD FOR PRECIPITATION WAS SET ON OCTOBER 26. A TOTAL OF
1.29 INCHES OF RAIN FELL ON THE 26TH. THIS BROKE THE OLD RECORD OF
0.62 INCHES SET BACK IN 1970.

...DISCUSSION...

IT WAS A VERY WARM MONTH OF OCTOBER AT LA CROSSE, WISCONSIN. THE
TEMPERATURE NEVER FELL BELOW 32 DEGREES FOR THE ENTIRE MONTH. THIS
IS ONLY THE ELEVENTH TIME SINCE OBSERVATIONS BEGAN IN 1872 THAT THE
TEMPERATURE HAS STAYED ABOVE FREEZING FOR THE ENTIRE MONTH OF
OCTOBER. ON AVERAGE, THERE ARE 6 DAYS IN OCTOBER WITH BELOW FREEZING
TEMPERATURES. THERE WERE 11 DAYS IN OCTOBER WITH A HIGH TEMPERATURE
OF 70 DEGREES OR GREATER. THIS IS NEARLY DOUBLE THE AVERAGE OF 6
DAYS. THE AVERAGE MAXIMUM TEMPERATURE, AVERAGE MINIMUM TEMPERATURE,
AND AVERAGE OVERALL TEMPERATURE FOR THE MONTH OF OCTOBER WERE NEARLY
6 DEGREES ABOVE NORMAL.

PRECIPITATION WAS NEAR NORMAL FOR THE MONTH OF OCTOBER. HOWEVER,
1.71 OF THE 2.23 INCHES THAT FELL DURING THE MONTH OCCURRED WITHIN A
24-HOUR PERIOD ON THE 25TH AND 26TH. 1.29 INCHES FELL ON THE 26TH,
WHICH SET A DAILY RAINFALL RECORD. MUCH OF THE REST OF THE MONTH WAS
DRY. THE DRIEST STRETCH WAS FROM THE 13TH THROUGH THE 24TH WHEN ONLY
THREE HUNDREDTHS OF AN INCH OF PRECIPITATION WAS RECORDED. NO SNOW
FELL DURING THE MONTH OF OCTOBER, WHICH IS NOT UNUSUAL.

...................................

...THE LA CROSSE WI CLIMATE SUMMARY FOR THE MONTH OF OCTOBER 2016...

CLIMATE NORMAL PERIOD 1981 TO 2010
CLIMATE RECORD PERIOD 1873 TO 2016

WEATHER         OBSERVED          NORMAL  DEPART  LAST YEAR`S
                 VALUE   DATE(S)  VALUE   FROM    VALUE  DATE(S)
                                          NORMAL
................................................................
TEMPERATURE (F)
RECORD
 HIGH              93   10/06/1963
 LOW                6   10/25/1887
HIGHEST            77   10/17        MM      MM       85  10/11
                        10/11
                        10/04
LOWEST             34   10/21        MM      MM       29  10/17
AVG. MAXIMUM     65.8              59.9     5.9     63.6
AVG. MINIMUM     46.3              40.4     5.9     42.3
MEAN             56.0              50.2     5.8     52.9
DAYS MAX >= 90      0               0.0     0.0        0
DAYS MAX <= 32      0               0.0     0.0        0
DAYS MIN <= 32      0               5.7    -5.7        2
DAYS MIN <= 0       0               0.0     0.0        0

PRECIPITATION (INCHES)
RECORD
 MAXIMUM        12.09   1900
 MINIMUM         0.02   1952
TOTALS           2.23              2.17    0.06     2.18
DAILY AVG.       0.07              0.07    0.00     0.07
DAYS >= .01         8               9.3    -1.3        6
DAYS >= .10         6               4.8     1.2        4
DAYS >= .50         1               1.2    -0.2        2
DAYS >= 1.00        1               0.4     0.6        0
GREATEST
 24 HR. TOTAL    1.71   10/25 TO 10/26

SNOWFALL (INCHES)
RECORDS
 TOTAL            7.0   1917
TOTALS            0.0               0.2    -0.2      0.0
SINCE 7/1         0.0               0.2    -0.2      0.0
SNOWDEPTH AVG.      0                MM      MM        0
DAYS >= TRACE       0               0.3    -0.3        0
DAYS >= 1.0         0               0.1    -0.1        0
GREATEST
 SNOW DEPTH         0   MM                             0  MM
 24 HR TOTAL      0.0   10/31 TO 10/31

DEGREE_DAYS
HEATING TOTAL     283               468    -185      375
 SINCE 7/1        303               628    -325      438
COOLING TOTAL      13                 8       5        9
 SINCE 1/1       1033               782     251      887
.................................................................

WIND (MPH)
AVERAGE WIND SPEED              8.2
HIGHEST WIND SPEED/DIRECTION    28/180    DATE  10/28
HIGHEST GUST SPEED/DIRECTION    34/180    DATE  10/28

SKY COVER
POSSIBLE SUNSHINE (PERCENT)   MM
AVERAGE SKY COVER           0.40
NUMBER OF DAYS FAIR           14
NUMBER OF DAYS PC             11
NUMBER OF DAYS CLOUDY          6

AVERAGE RH (PERCENT)     70

WEATHER CONDITIONS. NUMBER OF DAYS WITH
THUNDERSTORM              0     MIXED PRECIP               0
HEAVY RAIN                1     RAIN                       5
LIGHT RAIN               17     FREEZING RAIN              0
LT FREEZING RAIN          0     HAIL                       0
HEAVY SNOW                0     SNOW                       0
LIGHT SNOW                0     SLEET                      0
FOG                      12     FOG W/VIS <= 1/4 MILE      3
HAZE                      1

-  INDICATES NEGATIVE NUMBERS.
R  INDICATES RECORD WAS SET OR TIED.
MM INDICATES DATA IS MISSING.
T  INDICATES TRACE AMOUNT.

$$
