000
CXUS53 KARX 010747
CLMLSE


CLIMATE REPORT
NATIONAL WEATHER SERVICE LA CROSSE WI
243 AM CDT FRI AUG 1 2014

...................................

...THE LA CROSSE WI CLIMATE SUMMARY FOR THE MONTH OF JULY 2014...

CLIMATE NORMAL PERIOD 1981 TO 2010
CLIMATE RECORD PERIOD 1873 TO 2014

WEATHER         OBSERVED          NORMAL  DEPART  LAST YEAR`S
                 VALUE   DATE(S)  VALUE   FROM    VALUE  DATE(S)
                                          NORMAL
................................................................
TEMPERATURE (F)
RECORD
 HIGH             108   07/13/1995
                        07/14/1936
 LOW               44   07/04/1967
HIGHEST            91   07/22        MM      MM       98  07/18
                                                          07/17
LOWEST             51   07/03        MM      MM       51  07/29
                                                          07/28
                                                          07/27
AVG. MAXIMUM     81.0              84.1    -3.1     85.0
AVG. MINIMUM     60.9              63.2    -2.3     63.5
MEAN             71.0              73.7    -2.7     74.2
DAYS MAX >= 90      2               5.5    -3.5       11
DAYS MAX <= 32      0               0.0     0.0        0
DAYS MIN <= 32      0               0.0     0.0        0
DAYS MIN <= 0       0               0.0     0.0        0

PRECIPITATION (INCHES)
RECORD
 MAXIMUM        11.03   1883
 MINIMUM         0.16   1967
TOTALS           5.00              4.26    0.74     1.36
DAILY AVG.       0.16              0.14    0.02     0.04
DAYS >= .01        10              10.4    -0.4        7
DAYS >= .10         7               6.7     0.3        4
DAYS >= .50         3               2.8     0.2        1
DAYS >= 1.00        1               1.1    -0.1        0
GREATEST
 24 HR. TOTAL    2.99   07/12 TO 07/12

SNOWFALL (INCHES)
RECORDS
 TOTAL             MM   MM
TOTALS            0.0               0.0     0.0        T
SINCE 7/1         0.0               0.0     0.0        T
SNOWDEPTH AVG.      0                MM      MM        0
DAYS >= TRACE       0               0.0     0.0        1
DAYS >= 1.0         0               0.0     0.0        0
GREATEST
 SNOW DEPTH         0   MM                             0  MM
 24 HR TOTAL      0.0   07/31 TO 07/31

DEGREE_DAYS
HEATING TOTAL       3                 5      -2       12
 SINCE 7/1          3                 5      -2       12
COOLING TOTAL     198               273     -75      311
 SINCE 1/1        479               487      -8      525
.................................................................

WIND (MPH)
AVERAGE WIND SPEED              8.3
HIGHEST WIND SPEED/DIRECTION    30/270    DATE  07/01
HIGHEST GUST SPEED/DIRECTION    39/280    DATE  07/01

SKY COVER
POSSIBLE SUNSHINE (PERCENT)   MM
AVERAGE SKY COVER           0.30
NUMBER OF DAYS FAIR           17
NUMBER OF DAYS PC             13
NUMBER OF DAYS CLOUDY          1

AVERAGE RH (PERCENT)     67

WEATHER CONDITIONS. NUMBER OF DAYS WITH
THUNDERSTORM              0     MIXED PRECIP               0
HEAVY RAIN                6     RAIN                       6
LIGHT RAIN               13     FREEZING RAIN              0
LT FREEZING RAIN          0     HAIL                       0
HEAVY SNOW                0     SNOW                       0
LIGHT SNOW                0     SLEET                      0
FOG                      11     FOG W/VIS <= 1/4 MILE      3
HAZE                      6

-  INDICATES NEGATIVE NUMBERS.
R  INDICATES RECORD WAS SET OR TIED.
MM INDICATES DATA IS MISSING.
T  INDICATES TRACE AMOUNT.

$$
