000
CXUS53 KARX 010939
CLMLSE


CLIMATE REPORT
NATIONAL WEATHER SERVICE LA CROSSE WI
338 AM CST TUE DEC 1 2015

...................................

...THE LA CROSSE WI CLIMATE SUMMARY FOR THE MONTH OF NOVEMBER 2015...

CLIMATE NORMAL PERIOD 1981 TO 2010
CLIMATE RECORD PERIOD 1873 TO 2015

WEATHER         OBSERVED          NORMAL  DEPART  LAST YEAR`S
                 VALUE   DATE(S)  VALUE   FROM    VALUE  DATE(S)
                                          NORMAL
................................................................
TEMPERATURE (F)
RECORD
 HIGH              80   11/01/1933
 LOW              -21   11/29/1875
HIGHEST            73   11/03        MM      MM       58  11/03
                                                          11/02
LOWEST             16   11/28        MM      MM        4  11/21
AVG. MAXIMUM     51.4              43.8     7.6     37.1
AVG. MINIMUM     34.8              28.1     6.7     23.1
MEAN             43.1              35.9     7.2     30.1
DAYS MAX >= 90      0               0.0     0.0        0
DAYS MAX <= 32      2               4.5    -2.5       14
DAYS MIN <= 32     12              19.6    -7.6       20
DAYS MIN <= 0       0               0.1    -0.1        0

PRECIPITATION (INCHES)
RECORD
 MAXIMUM         7.24   1876
 MINIMUM            T   1976
TOTALS           1.93              2.01   -0.08     0.96
DAILY AVG.       0.06              0.07   -0.01     0.03
DAYS >= .01        11               9.0     2.0       14
DAYS >= .10         6               4.7     1.3        3
DAYS >= .50         1               1.2    -0.2        0
DAYS >= 1.00        0               0.3    -0.3        0
GREATEST
 24 HR. TOTAL    0.51   11/26 TO 11/27

SNOWFALL (INCHES)
RECORDS
 TOTAL           30.3   1991
TOTALS            0.9               4.1    -3.2      7.8
SINCE 7/1         0.9               4.3    -3.4      7.8
SNOWDEPTH AVG.      0                MM      MM        1
DAYS >= TRACE       6               3.1     2.9       17
DAYS >= 1.0         0               1.2    -1.2        3
GREATEST
 SNOW DEPTH         1   11/21                          2  11/29
                                                          11/28
                                                          11/27
 24 HR TOTAL      0.7   MM

DEGREE_DAYS
HEATING TOTAL     648               872    -224     1040
 SINCE 7/1       1086              1500    -414     1600
COOLING TOTAL       0                 0       0        0
 SINCE 1/1        887               782     105      822
.................................................................

WIND (MPH)
AVERAGE WIND SPEED              10.1
HIGHEST WIND SPEED/DIRECTION    32/270    DATE  11/19
HIGHEST GUST SPEED/DIRECTION    47/300    DATE  11/12

SKY COVER
POSSIBLE SUNSHINE (PERCENT)   MM
AVERAGE SKY COVER           0.50
NUMBER OF DAYS FAIR           15
NUMBER OF DAYS PC              4
NUMBER OF DAYS CLOUDY         11

AVERAGE RH (PERCENT)     70

WEATHER CONDITIONS. NUMBER OF DAYS WITH
THUNDERSTORM              0     MIXED PRECIP               0
HEAVY RAIN                3     RAIN                       5
LIGHT RAIN               10     FREEZING RAIN              0
LT FREEZING RAIN          1     HAIL                       0
HEAVY SNOW                0     SNOW                       0
LIGHT SNOW                5     SLEET                      0
FOG                      13     FOG W/VIS <= 1/4 MILE      0
HAZE                      2

-  INDICATES NEGATIVE NUMBERS.
R  INDICATES RECORD WAS SET OR TIED.
MM INDICATES DATA IS MISSING.
T  INDICATES TRACE AMOUNT.

$$
