000
CXUS53 KARX 011123
CLMLSE


CLIMATE REPORT
NATIONAL WEATHER SERVICE LA CROSSE WI
622 AM CDT WED APR 1 2015

...................................

...THE LA CROSSE WI CLIMATE SUMMARY FOR THE MONTH OF MARCH 2015...

CLIMATE NORMAL PERIOD 1981 TO 2010
CLIMATE RECORD PERIOD 1873 TO 2015

WEATHER         OBSERVED          NORMAL  DEPART  LAST YEAR`S
                 VALUE   DATE(S)  VALUE   FROM    VALUE  DATE(S)
                                          NORMAL
................................................................
TEMPERATURE (F)
RECORD
 HIGH              84   03/29/1986
 LOW              -28   03/01/1962
HIGHEST            71   03/13        MM      MM       68  03/31
LOWEST             -6   03/05        MM      MM      -21  03/03
AVG. MAXIMUM     47.5              43.9     3.6     37.2
AVG. MINIMUM     25.0              25.2    -0.2     17.8
MEAN             36.2              34.5     1.7     27.5
DAYS MAX >= 90      0               0.0     0.0        0
DAYS MAX <= 32      4               4.5    -0.5        9
DAYS MIN <= 32     23              23.3    -0.3       27
DAYS MIN <= 0       1               0.6     0.4        3

PRECIPITATION (INCHES)
RECORD
 MAXIMUM         4.23   1876
 MINIMUM         0.03   1910
TOTALS           0.81              2.04   -1.23     1.31
DAILY AVG.       0.03              0.07   -0.04     0.04
DAYS >= .01         6               9.8    -3.8       10
DAYS >= .10         3               4.5    -1.5        5
DAYS >= .50         0               1.2    -1.2        1
DAYS >= 1.00        0               0.3    -0.3        0
GREATEST
 24 HR. TOTAL    0.38   03/22 TO 03/22

SNOWFALL (INCHES)
RECORDS
 TOTAL           33.5   1959
TOTALS            9.9               7.1     2.8      5.7
SINCE 7/1        38.3              41.6    -3.3     46.6
SNOWDEPTH AVG.      2                MM      MM        7
DAYS >= TRACE       7               4.3     2.7       10
DAYS >= 1.0         4               1.7     2.3        2
GREATEST
 SNOW DEPTH         7   03/23                         17  03/07
                                                          03/06
                                                          03/05
 24 HR TOTAL      4.8   03/22 TO 03/22

DEGREE_DAYS
HEATING TOTAL     886               944     -58     1155
 SINCE 7/1       6492              6453      39     7345
COOLING TOTAL       0                 0       0        0
 SINCE 1/1          0                 0       0        0
.................................................................

WIND (MPH)
AVERAGE WIND SPEED              8.4
HIGHEST WIND SPEED/DIRECTION    33/280    DATE  03/29
HIGHEST GUST SPEED/DIRECTION    43/270    DATE  03/29

SKY COVER
POSSIBLE SUNSHINE (PERCENT)   MM
AVERAGE SKY COVER           0.30
NUMBER OF DAYS FAIR           19
NUMBER OF DAYS PC              6
NUMBER OF DAYS CLOUDY          6

AVERAGE RH (PERCENT)     59

WEATHER CONDITIONS. NUMBER OF DAYS WITH
THUNDERSTORM              0     MIXED PRECIP               0
HEAVY RAIN                0     RAIN                       0
LIGHT RAIN                3     FREEZING RAIN              0
LT FREEZING RAIN          2     HAIL                       0
HEAVY SNOW                0     SNOW                       1
LIGHT SNOW                7     SLEET                      0
FOG                       8     FOG W/VIS <= 1/4 MILE      2
HAZE                      5

-  INDICATES NEGATIVE NUMBERS.
R  INDICATES RECORD WAS SET OR TIED.
MM INDICATES DATA IS MISSING.
T  INDICATES TRACE AMOUNT.

$$
