000
CXUS53 KARX 051537
CLMLSE

CLIMATE REPORT
NATIONAL WEATHER SERVICE LA CROSSE WI
304 AM CDT FRI JUL 1 2016

...JUNE OF 2016 WAS WARMER AND WETTER THAN NORMAL IN LA CROSSE WI...

THE AVERAGE JUNE TEMPERATURE AT LA CROSSE WAS 71.7 DEGREES...WHICH
WAS 2.5 DEGREES ABOVE NORMAL. THE AVERAGE HIGH WAS 82.5 DEGREES AND
THE AVERAGE LOW WAS 60.9 DEGREES. THE HIGHEST TEMPERATURE FOR THE
MONTH WAS 95 DEGREES...WHICH OCCURRED ON THE 10TH AND 25TH. THE
COLDEST TEMPERATURE FOR THE MONTH WAS 49 DEGREES...WHICH OCCURRED ON
THE 8TH.

THE TOTAL PRECIPITATION FOR JUNE WAS 6.73 INCHES...WHICH WAS
2.39 INCHES ABOVE NORMAL. THE GREATEST 24-HOUR PRECIPITATION AMOUNT
WAS 1.92 INCHES...WHICH OCCURRED FROM THE 13TH INTO THE 14TH.

...RECORDS...

LA CROSSE TIED THE RECORD HIGH TEMPERATURE OF 95 DEGREES ON JUNE 10TH.
THIS LAST OCCURRED IN 1973.

...DISCUSSION...

IN THE MONTH OF JUNE LA CROSSE WAS SLIGHTLY ABOVE NORMAL. THE
COLDEST PERIOD OCCURRED FROM THE 28TH THROUGH THE 30TH...WHERE THE
AVERAGE DAILY TEMPERATURE WAS 1 TO 8 DEGREES BELOW NORMAL. THE
WARMEST STRETCH OCCURRED FROM THE 10TH THROUGH THE 11TH...WHERE THE
DAILY AVERAGE TEMPERATURE WAS 13 DEGREES ABOVE NORMAL. THERE WERE
5 DAYS THE TEMPERATURE CLIMBED AT OR ABOVE 90 DEGREES.
TYPICALLY...THERE ARE 3 DAYS THE TEMPERATURE RISES AT OR ABOVE 90
DEGREES.

LA CROSSE WAS WETTER THAN NORMAL DURING THE MONTH OF JUNE. THE
WETTEST PERIOD OCCURRED FROM THE 12TH THROUGH THE 14TH...WHERE
3.46 INCHES OF PRECIPITATION FELL. THERE WERE 14 DAYS OF MEASURABLE
PRECIPITATION DURING THE MONTH. OF THOSE 14 DAYS...THERE WERE 2 DAYS
WHERE ONE INCH OR MORE OF PRECIPITATION FELL. THERE WAS ONLY 16 DAYS
DURING THE MONTH WHERE ZERO PRECIPITATION WAS OBSERVED.

...................................

...THE LA CROSSE WI CLIMATE SUMMARY FOR THE MONTH OF JUNE 2016...

CLIMATE NORMAL PERIOD 1981 TO 2010
CLIMATE RECORD PERIOD 1873 TO 2016

WEATHER         OBSERVED          NORMAL  DEPART  LAST YEAR`S
                 VALUE   DATE(S)  VALUE   FROM    VALUE  DATE(S)
                                          NORMAL
................................................................
TEMPERATURE (F)
RECORD
 HIGH             102   06/21/1988
                        06/20/1933
 LOW               33   06/01/1897
HIGHEST            95   06/25        MM      MM       96  06/09
                        06/10
LOWEST             49   06/08        MM      MM       42  06/01
AVG. MAXIMUM     82.5              80.0     2.5     79.9
AVG. MINIMUM     60.9              58.5     2.4     59.9
MEAN             71.7              69.2     2.5     69.9
DAYS MAX >= 90      5               3.0     2.0        1
DAYS MAX <= 32      0               0.0     0.0        0
DAYS MIN <= 32      0               0.0     0.0        0
DAYS MIN <= 0       0               0.0     0.0        0

PRECIPITATION (INCHES)
RECORD
 MAXIMUM        11.56   1899
 MINIMUM         0.37   1910
TOTALS           6.73              4.34    2.39     3.70
DAILY AVG.       0.22              0.14    0.08     0.12
DAYS >= .01        13              11.5     1.5       11
DAYS >= .10         9               7.5     1.5        7
DAYS >= .50         5               2.6     2.4        3
DAYS >= 1.00        2               1.1     0.9        1
GREATEST
 24 HR. TOTAL    1.92   06/13 TO 06/14
                        06/14 TO 06/14
                        06/14 TO 06/15

SNOWFALL (INCHES)
RECORDS
 TOTAL             MM   MM
TOTALS            0.0               0.0     0.0      0.0
SINCE 7/1        40.3              43.3    -3.0     38.8
SNOWDEPTH AVG.      0                MM      MM        0
DAYS >= TRACE       0               0.0     0.0        0
DAYS >= 1.0         0               0.0     0.0        0
GREATEST
 SNOW DEPTH         0   MM                             0  MM
 24 HR TOTAL      0.0   06/30 TO 06/30

DEGREE_DAYS
HEATING TOTAL       4                38     -34       12
 SINCE 7/1       5953              7195   -1242     7066
COOLING TOTAL     212               166      46      167
 SINCE 1/1        298               214      84      232
.................................................................

WIND (MPH)
AVERAGE WIND SPEED              8.2
HIGHEST WIND SPEED/DIRECTION    40/340    DATE  06/10
HIGHEST GUST SPEED/DIRECTION    50/310    DATE  06/14

SKY COVER
POSSIBLE SUNSHINE (PERCENT)   MM
AVERAGE SKY COVER           0.20
NUMBER OF DAYS FAIR           21
NUMBER OF DAYS PC              8
NUMBER OF DAYS CLOUDY          1

AVERAGE RH (PERCENT)     67

WEATHER CONDITIONS. NUMBER OF DAYS WITH
THUNDERSTORM              9     MIXED PRECIP               0
HEAVY RAIN                9     RAIN                      10
LIGHT RAIN               13     FREEZING RAIN              0
LT FREEZING RAIN          0     HAIL                       0
HEAVY SNOW                0     SNOW                       0
LIGHT SNOW                0     SLEET                      0
FOG                      14     FOG W/VIS <= 1/4 MILE      1
HAZE                      0

-  INDICATES NEGATIVE NUMBERS.
R  INDICATES RECORD WAS SET OR TIED.
MM INDICATES DATA IS MISSING.
T  INDICATES TRACE AMOUNT.

$$

CJA/JSY/BOYNE
