000
CXUS53 KARX 011835
CLMLSE

CLIMATE REPORT
NATIONAL WEATHER SERVICE LA CROSSE WI
1135 PM CST SUN MAR 1 2015

...FEBRUARY AT LA CROSSE WI...9TH COLDEST ON RECORD...WITH BELOW
NORMAL PRECIPITATION...

THE AVERAGE TEMPERATURE IN LA CROSSE WAS 11.2 DEGREES. THIS WAS 11.2
DEGREES BELOW NORMAL. THE AVERAGE HIGH WAS 21.5 DEGREES WHILE THE
AVERAGE LOW WAS 1.0 DEGREES. THE HIGHEST TEMPERATURE FOR THE MONTH
WAS 40 DEGREES ON THE 7TH. THE LOWEST TEMPERATURE IN FEBRUARY WAS
-15 DEGREES WHICH OCCURRED ON THE 23RD.

A TOTAL OF 0.54 INCHES OF PRECIPITATION WAS MEASURED DURING THE
MONTH OF FEBRUARY. THIS AMOUNT WAS 0.51 INCHES BLOW NORMAL. THE
GREATEST DAILY PRECIPITATION TOTAL WAS 0.25 INCHES WHICH FELL ON THE
1ST. THERE WAS A TOTAL 9.2 INCHES OF SNOW DURING THE MONTH OF
FEBRUARY...WHICH WAS 1.0 INCHES ABOVE NORMAL. THE GREATEST ONE-DAY
SNOWFALL TOTAL WAS 5.0 INCHES WHICH OCCURRED ON THE 1ST.

...RECORDS...

NO DAILY RECORDS SET OR TIED.

...DISCUSSION...

FEBRUARY WAS MOSTLY DOMINATED BY A NORTHWEST FLOW THAT ALLOWED COLD
ARCTIC HIGH PRESSURE TO MAKE REPEATED DROPS INTO THE REGION. THE
11.2 DEGREE AVERAGE MONTHLY TEMPERATURE RANKED AS THE 9TH COLDEST ON
RECORD...REMEMBERING ALSO THAT FEBRUARY 2014 WAS THE 4TH COLDEST...
MAKING FOR BACK TO BACK COLD FEBRUARYS. THERE WERE 22 DAYS DURING
THE MONTH WITH BELOW NORMAL AVERAGE TEMPERATURES. THE TOTAL SNOWFALL
FOR THE MONTH OF 9.2 INCHES WAS 1.0 INCHES ABOVE NORMAL. HOWEVER THE
PRECIPITATION CONTENT IN THE SNOW WAS ONLY 0.54 INCHES...WHICH WAS
0.51 BELOW NORMAL AND RANKED AS THE DRIEST FEBRUARY SINCE 2000.

...................................

...THE LA CROSSE WI CLIMATE SUMMARY FOR THE MONTH OF FEBRUARY 2015...

CLIMATE NORMAL PERIOD 1981 TO 2010
CLIMATE RECORD PERIOD 1873 TO 2015

WEATHER         OBSERVED          NORMAL  DEPART  LAST YEAR`S
                 VALUE   DATE(S)  VALUE   FROM    VALUE  DATE(S)
                                          NORMAL
................................................................
TEMPERATURE (F)
RECORD
 HIGH              65   02/15/1921
                        02/12/1882
 LOW              -36   02/08/1971
HIGHEST            40   02/07        MM      MM       42  02/19
                                                          02/18
LOWEST            -15   02/23        MM      MM      -16  02/10
AVG. MAXIMUM     21.5              31.4    -9.9     20.0
AVG. MINIMUM      1.0              13.6   -12.6     -0.6
MEAN             11.2              22.5   -11.3      9.7
DAYS MAX >= 90      0               0.0     0.0        0
DAYS MAX <= 32     23              13.7     9.3       25
DAYS MIN <= 32     28              26.0     2.0       28
DAYS MIN <= 0      16               5.4    10.6       16

PRECIPITATION (INCHES)
RECORD
 MAXIMUM         4.04   1922
 MINIMUM         0.05   1969
TOTALS           0.54              1.05   -0.51     1.38
DAILY AVG.       0.02              0.04   -0.02     0.05
DAYS >= .01         6               8.0    -2.0       10
DAYS >= .10         2               2.9    -0.9        4
DAYS >= .50         0               0.5    -0.5        1
DAYS >= 1.00        0               0.1    -0.1        0
GREATEST
 24 HR. TOTAL    0.31   01/31 TO 02/01

SNOWFALL (INCHES)
RECORDS
 TOTAL           31.0   1959
TOTALS            9.2               8.2     1.0     11.5
SINCE 7/1        28.4              34.5    -6.1     40.9
SNOWDEPTH AVG.      6                 5       1       13
DAYS >= TRACE      15               6.4     8.6       15
DAYS >= 1.0         2               2.6    -0.6        4
GREATEST
 SNOW DEPTH         8   02/06                         17  02/18
                        02/05
                        02/04
 24 HR TOTAL      5.0   02/01 TO 02/01

DEGREE_DAYS
HEATING TOTAL    1499              1190     309     1543
 SINCE 7/1       5606              5509      97     6190
COOLING TOTAL       0                 0       0        0
 SINCE 1/1          0                 0       0        0
.................................................................

WIND (MPH)
AVERAGE WIND SPEED              8.3
HIGHEST WIND SPEED/DIRECTION    30/300    DATE  02/24
HIGHEST GUST SPEED/DIRECTION    41/310    DATE  02/24

SKY COVER
POSSIBLE SUNSHINE (PERCENT)   MM
AVERAGE SKY COVER           0.40
NUMBER OF DAYS FAIR           12
NUMBER OF DAYS PC             11
NUMBER OF DAYS CLOUDY          5

AVERAGE RH (PERCENT)     65

WEATHER CONDITIONS. NUMBER OF DAYS WITH
THUNDERSTORM              0     MIXED PRECIP               0
HEAVY RAIN                0     RAIN                       0
LIGHT RAIN                0     FREEZING RAIN              0
LT FREEZING RAIN          3     HAIL                       0
HEAVY SNOW                0     SNOW                       1
LIGHT SNOW               15     SLEET                      0
FOG                       9     FOG W/VIS <= 1/4 MILE      0
HAZE                      6

-  INDICATES NEGATIVE NUMBERS.
R  INDICATES RECORD WAS SET OR TIED.
MM INDICATES DATA IS MISSING.
T  INDICATES TRACE AMOUNT.

$$
