000
CXUS53 KARX 010839
CLMLSE


CLIMATE REPORT
NATIONAL WEATHER SERVICE LA CROSSE WI
338 AM CDT THU MAY 1 2014

...................................

...THE LA CROSSE WI CLIMATE SUMMARY FOR THE MONTH OF APRIL 2014...

CLIMATE NORMAL PERIOD 1981 TO 2010
CLIMATE RECORD PERIOD 1873 TO 2014

WEATHER         OBSERVED          NORMAL  DEPART  LAST YEAR`S
                 VALUE   DATE(S)  VALUE   FROM    VALUE  DATE(S)
                                          NORMAL
................................................................
TEMPERATURE (F)
RECORD
 HIGH              93   04/22/1980
                        04/29/1910
 LOW                7   04/06/1982
                        04/01/1924
HIGHEST            74   04/21        MM      MM       85  04/30
LOWEST             21   04/02        MM      MM       18  04/03
AVG. MAXIMUM     54.2              59.3    -5.1     51.1
AVG. MINIMUM     35.7              37.9    -2.2     34.0
MEAN             45.0              48.6    -3.6     42.6
DAYS MAX >= 90      0               0.1    -0.1        0
DAYS MAX <= 32      0               0.2    -0.2        0
DAYS MIN <= 32      9               7.7     1.3       13
DAYS MIN <= 0       0               0.0     0.0        0

PRECIPITATION (INCHES)
RECORD
 MAXIMUM         7.31   1973
 MINIMUM         0.42   1879
TOTALS           7.03              3.34    3.69     5.92
DAILY AVG.       0.23              0.11    0.12     0.20
DAYS >= .01        14              11.2     2.8       17
DAYS >= .10        11               6.5     4.5       10
DAYS >= .50         4               2.2     1.8        3
DAYS >= 1.00        3               0.9     2.1        2
GREATEST
 24 HR. TOTAL    1.77   04/12 TO 04/12

SNOWFALL (INCHES)
RECORDS
 TOTAL           17.0   1973
TOTALS            2.3               1.7     0.6      4.2
SINCE 7/1        48.9              43.3     5.6     59.8
SNOWDEPTH AVG.      0                MM      MM        0
DAYS >= TRACE       7               1.2     5.8        8
DAYS >= 1.0         1               0.6     0.4        2
GREATEST
 SNOW DEPTH         2   04/14                          2  04/12
 24 HR TOTAL      1.7   04/14 TO 04/14

DEGREE_DAYS
HEATING TOTAL     595               499      96      670
 SINCE 7/1       7940              6952     988     7194
COOLING TOTAL       0                 7      -7        4
 SINCE 1/1          0                 7      -7        4
.................................................................

WIND (MPH)
AVERAGE WIND SPEED              10.0
HIGHEST WIND SPEED/DIRECTION    39/090    DATE  04/27
HIGHEST GUST SPEED/DIRECTION    52/320    DATE  04/12

SKY COVER
POSSIBLE SUNSHINE (PERCENT)   MM
AVERAGE SKY COVER           0.60
NUMBER OF DAYS FAIR           11
NUMBER OF DAYS PC              6
NUMBER OF DAYS CLOUDY         13

AVERAGE RH (PERCENT)     64

WEATHER CONDITIONS. NUMBER OF DAYS WITH
THUNDERSTORM              0     MIXED PRECIP               0
HEAVY RAIN                3     RAIN                       7
LIGHT RAIN               18     FREEZING RAIN              0
LT FREEZING RAIN          1     HAIL                       1
HEAVY SNOW                0     SNOW                       0
LIGHT SNOW                5     SLEET                      1
FOG                      16     FOG W/VIS <= 1/4 MILE      0
HAZE                      3

-  INDICATES NEGATIVE NUMBERS.
R  INDICATES RECORD WAS SET OR TIED.
MM INDICATES DATA IS MISSING.
T  INDICATES TRACE AMOUNT.

$$
