000
CXUS53 KARX 010747
CLMLSE


CLIMATE REPORT
NATIONAL WEATHER SERVICE LA CROSSE WI
246 AM CDT MON MAY 1 2017

...................................

...THE LA CROSSE WI CLIMATE SUMMARY FOR THE MONTH OF APRIL 2017...

CLIMATE NORMAL PERIOD 1981 TO 2010
CLIMATE RECORD PERIOD 1873 TO 2017

WEATHER         OBSERVED          NORMAL  DEPART  LAST YEAR`S
                 VALUE   DATE(S)  VALUE   FROM    VALUE  DATE(S)
                                          NORMAL
................................................................
TEMPERATURE (F)
RECORD
 HIGH              93   04/22/1980
                        04/29/1910
 LOW                7   04/06/1982
                        04/01/1924
HIGHEST            77   04/08        MM      MM       83  04/18
                                                          04/17
LOWEST             29   04/01        MM      MM       20  04/09
AVG. MAXIMUM     62.3              59.3     3.0     59.6
AVG. MINIMUM     42.6              37.9     4.7     40.0
MEAN             52.4              48.6     3.8     49.8
DAYS MAX >= 90      0               0.1    -0.1        0
DAYS MAX <= 32      0               0.2    -0.2        0
DAYS MIN <= 32      3               7.7    -4.7        8
DAYS MIN <= 0       0               0.0     0.0        0

PRECIPITATION (INCHES)
RECORD
 MAXIMUM         7.31   1973
 MINIMUM         0.42   1879
TOTALS           4.87              3.34    1.53     1.08
DAILY AVG.       0.16              0.11    0.05     0.04
DAYS >= .01        14              11.2     2.8       14
DAYS >= .10        11               6.5     4.5        2
DAYS >= .50         4               2.2     1.8        0
DAYS >= 1.00        2               0.9     1.1        0
GREATEST
 24 HR. TOTAL    1.10   04/03 TO 04/03

SNOWFALL (INCHES)
RECORDS
 TOTAL           17.0   1973
TOTALS            0.0               1.7    -1.7      0.6
SINCE 7/1        42.2              43.3    -1.1     40.3
SNOWDEPTH AVG.      0                MM      MM        0
DAYS >= TRACE       0               1.2    -1.2        6
DAYS >= 1.0         0               0.6    -0.6        0
GREATEST
 SNOW DEPTH         0   MM                             1  04/02
 24 HR TOTAL      0.0   04/30 TO 04/30

DEGREE_DAYS
HEATING TOTAL     372               499    -127      458
 SINCE 7/1       5554              6952   -1398     5757
COOLING TOTAL       6                 7      -1       11
 SINCE 1/1          6                 7      -1       11
.................................................................

WIND (MPH)
AVERAGE WIND SPEED              8.7
HIGHEST WIND SPEED/DIRECTION    29/220    DATE  04/18
HIGHEST GUST SPEED/DIRECTION    37/210    DATE  04/18

SKY COVER
POSSIBLE SUNSHINE (PERCENT)   MM
AVERAGE SKY COVER           0.50
NUMBER OF DAYS FAIR           11
NUMBER OF DAYS PC             10
NUMBER OF DAYS CLOUDY          9

AVERAGE RH (PERCENT)     64

WEATHER CONDITIONS. NUMBER OF DAYS WITH
THUNDERSTORM              5     MIXED PRECIP               0
HEAVY RAIN                5     RAIN                       9
LIGHT RAIN               17     FREEZING RAIN              0
LT FREEZING RAIN          0     HAIL                       0
HEAVY SNOW                0     SNOW                       0
LIGHT SNOW                0     SLEET                      0
FOG                      15     FOG W/VIS <= 1/4 MILE      0
HAZE                      2

-  INDICATES NEGATIVE NUMBERS.
R  INDICATES RECORD WAS SET OR TIED.
MM INDICATES DATA IS MISSING.
T  INDICATES TRACE AMOUNT.

$$

Boyne
