000
CXUS53 KARX 010920
CLMLSE


CLIMATE REPORT
NATIONAL WEATHER SERVICE LA CROSSE WI
417 AM CDT MON SEP 1 2014

...................................

...THE LA CROSSE WI CLIMATE SUMMARY FOR THE MONTH OF AUGUST 2014...

CLIMATE NORMAL PERIOD 1981 TO 2010
CLIMATE RECORD PERIOD 1873 TO 2014

WEATHER         OBSERVED          NORMAL  DEPART  LAST YEAR`S
                 VALUE   DATE(S)  VALUE   FROM    VALUE  DATE(S)
                                          NORMAL
................................................................
TEMPERATURE (F)
RECORD
 HIGH             105   08/01/1988
 LOW               35   08/30/1915
HIGHEST            90   08/25        MM      MM       97  08/26
                        08/24
LOWEST             51   08/14        MM      MM       50  08/08
AVG. MAXIMUM     83.2              81.5     1.7     84.1
AVG. MINIMUM     63.8              61.3     2.5     62.1
MEAN             73.5              71.4     2.1     73.1
DAYS MAX >= 90      2               3.3    -1.3        8
DAYS MAX <= 32      0               0.0     0.0        0
DAYS MIN <= 32      0               0.0     0.0        0
DAYS MIN <= 0       0               0.0     0.0        0

PRECIPITATION (INCHES)
RECORD
 MAXIMUM        13.75   2007
 MINIMUM         0.35   1894
TOTALS           4.62              4.29    0.33     1.04
DAILY AVG.       0.15              0.14    0.01     0.03
DAYS >= .01        10               9.8     0.2        4
DAYS >= .10         9               7.0     2.0        3
DAYS >= .50         5               3.2     1.8        1
DAYS >= 1.00        1               1.0     0.0        0
GREATEST
 24 HR. TOTAL    1.08   08/18 TO 08/18

SNOWFALL (INCHES)
RECORDS
 TOTAL             MM   MM
TOTALS            0.0               0.0     0.0      0.0
SINCE 7/1         0.0               0.0     0.0        T
SNOWDEPTH AVG.      0                MM      MM        0
DAYS >= TRACE       0               0.0     0.0        0
DAYS >= 1.0         0               0.0     0.0        0
GREATEST
 SNOW DEPTH         0   MM                             0  MM
 24 HR TOTAL      0.0   MM

DEGREE_DAYS
HEATING TOTAL       0                15     -15        2
 SINCE 7/1          3                20     -17       14
COOLING TOTAL     269               213      56      260
 SINCE 1/1        748               700      48      785
.................................................................

WIND (MPH)
AVERAGE WIND SPEED              6.2
HIGHEST WIND SPEED/DIRECTION    37/320    DATE  08/18
HIGHEST GUST SPEED/DIRECTION    49/320    DATE  08/18

SKY COVER
POSSIBLE SUNSHINE (PERCENT)   MM
AVERAGE SKY COVER           0.40
NUMBER OF DAYS FAIR           17
NUMBER OF DAYS PC             13
NUMBER OF DAYS CLOUDY          1

AVERAGE RH (PERCENT)     71

WEATHER CONDITIONS. NUMBER OF DAYS WITH
THUNDERSTORM              0     MIXED PRECIP               0
HEAVY RAIN                8     RAIN                       9
LIGHT RAIN               13     FREEZING RAIN              0
LT FREEZING RAIN          0     HAIL                       0
HEAVY SNOW                0     SNOW                       0
LIGHT SNOW                0     SLEET                      0
FOG                      14     FOG W/VIS <= 1/4 MILE      3
HAZE                      5

-  INDICATES NEGATIVE NUMBERS.
R  INDICATES RECORD WAS SET OR TIED.
MM INDICATES DATA IS MISSING.
T  INDICATES TRACE AMOUNT.

$$
