000
CXUS53 KARX 010711
CLMLSE

CLIMATE REPORT
NATIONAL WEATHER SERVICE LA CROSSE WI
158 AM CDT SAT APR 1 2017

...................................

...THE LA CROSSE WI CLIMATE SUMMARY FOR THE MONTH OF MARCH 2017...

CLIMATE NORMAL PERIOD 1981 TO 2010
CLIMATE RECORD PERIOD 1873 TO 2017

WEATHER         OBSERVED          NORMAL  DEPART  LAST YEAR`S
                 VALUE   DATE(S)  VALUE   FROM    VALUE  DATE(S)
                                          NORMAL
................................................................
TEMPERATURE (F)
RECORD
 HIGH              84   03/29/1986
 LOW              -28   03/01/1962
HIGHEST            66   03/06        MM      MM       72  03/08
LOWEST              7   03/14        MM      MM        2  03/02
                        03/03
AVG. MAXIMUM     44.0              43.9     0.1     50.1
AVG. MINIMUM     27.3              25.2     2.1     32.5
MEAN             35.7              34.5     1.2     41.3
DAYS MAX >= 90      0               0.0     0.0        0
DAYS MAX <= 32      7               4.5     2.5        2
DAYS MIN <= 32     19              23.3    -4.3       17
DAYS MIN <= 0       0               0.6    -0.6        0

PRECIPITATION (INCHES)
RECORD
 MAXIMUM         4.23   1876
 MINIMUM         0.03   1910
TOTALS           1.76              2.04   -0.28     3.61
DAILY AVG.       0.06              0.07   -0.01     0.12
DAYS >= .01        13               9.8     3.2       12
DAYS >= .10         8               4.5     3.5        9
DAYS >= .50         0               1.2    -1.2        3
DAYS >= 1.00        0               0.3    -0.3        1
GREATEST
 24 HR. TOTAL    0.36   03/06 TO 03/06

SNOWFALL (INCHES)
RECORDS
 TOTAL           33.5   1959
TOTALS            8.0               7.1     0.9     12.3
SINCE 7/1        42.2              41.6     0.6     39.7
SNOWDEPTH AVG.      1                MM      MM        1
DAYS >= TRACE       8               4.3     3.7        8
DAYS >= 1.0         2               1.7     0.3        4
GREATEST
 SNOW DEPTH         4   03/14                          5  03/24
                        03/13
 24 HR TOTAL      4.0   03/12 TO 03/13

DEGREE_DAYS
HEATING TOTAL     902               944     -42      724
 SINCE 7/1       5182              6453   -1271     5299
COOLING TOTAL       0                 0       0        0
 SINCE 1/1          0                 0       0        0
.................................................................

WIND (MPH)
AVERAGE WIND SPEED              9.6
HIGHEST WIND SPEED/DIRECTION    41/290    DATE  03/08
HIGHEST GUST SPEED/DIRECTION    53/280    DATE  03/08

SKY COVER
POSSIBLE SUNSHINE (PERCENT)   MM
AVERAGE SKY COVER           0.50
NUMBER OF DAYS FAIR           14
NUMBER OF DAYS PC              8
NUMBER OF DAYS CLOUDY          9

AVERAGE RH (PERCENT)     63

WEATHER CONDITIONS. NUMBER OF DAYS WITH
THUNDERSTORM              3     MIXED PRECIP               0
HEAVY RAIN                2     RAIN                       3
LIGHT RAIN               11     FREEZING RAIN              0
LT FREEZING RAIN          0     HAIL                       1
HEAVY SNOW                0     SNOW                       2
LIGHT SNOW                7     SLEET                      0
FOG                      11     FOG W/VIS <= 1/4 MILE      2
HAZE                      4

-  INDICATES NEGATIVE NUMBERS.
R  INDICATES RECORD WAS SET OR TIED.
MM INDICATES DATA IS MISSING.
T  INDICATES TRACE AMOUNT.

$$

BOYNE
