000
CXUS56 KMTR 081625
CF6LVK
PRELIMINARY LOCAL CLIMATOLOGICAL DATA (WS FORM: F-6)
STATION: LIVERMORE AIRPORT
MONTH: JANUARY
YEAR: 2023
LATITUDE: 37 42 N
LONGITUDE: 121 49 W
TEMPERATURE IN F: :PCPN: SNOW: WIND :SUNSHINE: SKY :PK WND
================================================================================
1 2 3 4 5 6A 6B 7 8 9 10 11 12 13 14 15 16 17 18
12Z AVG MX 2MIN
DY MAX MIN AVG DEP HDD CDD WTR SNW DPTH SPD SPD DIR MIN PSBL S-S WX SPD DR
================================================================================
1 60 41 51 4 14 0 0.00 M M 3.6 16 20 M M 1 24 20
2 50 39 45 -2 20 0 0.32 M M 7.1 21 70 M M 6 1 28 50
3 48 42 45 -2 20 0 T M M 6.0 13 80 M M 9 12 18 70
4 64 42 53 6 12 0 0.64 M M 12.3 31 200 M M 8 12 42 210
5 57 44 51 4 14 0 0.60 M M 7.6 22 260 M M 9 1 26 270
6 60 43 52 5 13 0 0.00 M M 3.6 10 70 M M 5 13 70
7 61 46 54 7 11 0 0.07 M M 6.9 26 180 M M 8 1 36 190
8 62 52 57 10 8 0 0.19 M M 7.5 28 200 M M 5 1 37 210
9 60 44 52 5 13 0 1.02 M M 5.4 18 270 M M 6 1 23 270
10 60 46 53 6 12 0 0.41 M M 12.5 29 240 M M 8 138 41 240
11 60 46 53 6 12 0 0.28 M M 6.9 20 110 M M 8 1 25 100
12 66 47 57 10 8 0 0.00 M M 2.9 9 90 M M 1 10 280
13 59 48 54 7 11 0 0.22 M M 3.9 14 220 M M 4 1 19 210
14 58 46 52 5 13 0 1.04 M M 8.5 21 240 M M 10 13 26 250
15 53 46 50 3 15 0 0.61 M M 7.3 18 60 M M 9 1 25 70
16 55 41 48 0 17 0 0.84 M M 10.9 26 260 M M 5 1 31 260
17 56 35 46 -2 19 0 0.00 M M 2.2 10 300 M M 0 12 290
18 56 33 45 -3 20 0 0.09 M M 3.5 21 240 M M 3 1 26 240
19 52 35 44 -4 21 0 0.02 M M 2.9 12 20 M M 3 1 15 20
20 52 33 43 -5 22 0 0.00 M M 6.6 16 70 M M 0 24 10
21 57 29 43 -5 22 0 0.00 M M 1.6 9 80 M M 0 12 290
22 58 33 46 -2 19 0 0.00 M M 6.4 20 350 M M 0 25 340
23 58 40 49 1 16 0 0.00 M M 9.7 24 10 M M 0 33 20
24 60 33 47 -1 18 0 0.00 M M 4.4 14 90 M M 0 17 80
25 65 33 49 1 16 0 0.00 M M 4.6 15 80 M M 0 19 70
26 63 40 52 4 13 0 0.00 M M 6.4 15 70 M M 0 8 19 70
27 66 34 50 2 15 0 0.00 M M 1.9 12 300 M M 0 14 300
28 61 34 48 0 17 0 0.00 M M 4.6 16 280 M M 4 12 19 280
29 51 42 47 -1 18 0 0.01 M M 8.4 18 250 M M 10 1 24 250
30 52 34 43 -5 22 0 0.00 M M 5.5 18 60 M M 0 23 80
31 58 33 46 -3 19 0 0.00 M M 6.1 16 90 M M 0 19 100
================================================================================
SM 1798 1234 490 0 6.36 M 187.7 M 122
================================================================================
AV 58.0 39.8 6.1 FASTST M M 4 MAX(MPH)
MISC ----> 31 200 42 210
================================================================================
NOTES:
# LAST OF SEVERAL OCCURRENCES
COLUMN 17 PEAK WIND IN M.P.H.
PRELIMINARY LOCAL CLIMATOLOGICAL DATA (WS FORM: F-6) , PAGE 2
STATION: LIVERMORE AIRPORT
MONTH: JANUARY
YEAR: 2023
LATITUDE: 37 42 N
LONGITUDE: 121 49 W
[TEMPERATURE DATA] [PRECIPITATION DATA] SYMBOLS USED IN COLUMN 16
AVERAGE MONTHLY: 48.9 TOTAL FOR MONTH: 6.36 1 = FOG OR MIST
DPTR FM NORMAL: 1.3 DPTR FM NORMAL: 3.53 2 = FOG REDUCING VISIBILITY
HIGHEST: 66 ON 27,12 GRTST 24HR 1.77 ON 31- 1 TO 1/4 MILE OR LESS
LOWEST: 29 ON 21 3 = THUNDER
SNOW, ICE PELLETS, HAIL 4 = ICE PELLETS
TOTAL MONTH: M 5 = HAIL
GRTST 24HR M ON M 6 = FREEZING RAIN OR DRIZZLE
GRTST DEPTH: M ON M 7 = DUSTSTORM OR SANDSTORM:
VSBY 1/2 MILE OR LESS
8 = SMOKE OR HAZE
[NO. OF DAYS WITH] [WEATHER - DAYS WITH] 9 = BLOWING SNOW
X = TORNADO
MAX 32 OR BELOW: 0 0.01 INCH OR MORE: 15
MAX 90 OR ABOVE: 0 0.10 INCH OR MORE: 11
MIN 32 OR BELOW: 1 0.50 INCH OR MORE: 6
MIN 0 OR BELOW: 0 1.00 INCH OR MORE: 2
[HDD (BASE 65) ]
TOTAL THIS MO. 490 CLEAR (SCALE 0-3) 14
DPTR FM NORMAL -49 PTCLDY (SCALE 4-7) 10
TOTAL FM JUL 1 1547 CLOUDY (SCALE 8-10) 7
DPTR FM NORMAL 10
[CDD (BASE 65) ]
TOTAL THIS MO. 0
DPTR FM NORMAL 0 [PRESSURE DATA]
TOTAL FM JAN 1 0 HIGHEST SLP 30.46 ON 26
DPTR FM NORMAL 0 LOWEST SLP 29.40 ON 16
[REMARKS]
#FINAL-01-23#