000
CXUS55 KBYZ 011000
CF6LVM
PRELIMINARY LOCAL CLIMATOLOGICAL DATA (WS FORM: F-6)
STATION: LIVINGSTON MT
MONTH: AUGUST
YEAR: 2021
LATITUDE: 45 41 N
LONGITUDE: 110 26 W
TEMPERATURE IN F: :PCPN: SNOW: WIND :SUNSHINE: SKY :PK WND
================================================================================
1 2 3 4 5 6A 6B 7 8 9 10 11 12 13 14 15 16 17 18
12Z AVG MX 2MIN
DY MAX MIN AVG DEP HDD CDD WTR SNW DPTH SPD SPD DIR MIN PSBL S-S WX SPD DR
================================================================================
1 94 55 75 5 0 10 0.00 M M 10.4 24 60 M M 0 30 60
2 90 59 75 5 0 10 0.49 M M 12.4 30 240 M M 5 138 39 230
3 86 61 74 5 0 9 T M M 12.0 24 230 M M 3 8 30 230
4 92 54 73 4 0 8 0.00 M M 7.9 23 240 M M 1 18 27 230
5 91 53 72 3 0 7 0.07 M M 5.6 53 200 M M 2 38 65 200
6 84 61 73 4 0 8 0.06 M M 19.1 36 210 M M 2 3 43 210
7 87 61 74 5 0 9 0.00 M M 21.9 33 200 M M 0 43 200
8 91 51 71 2 0 6 0.20 M M 21.4 48 320 M M 3 138 62 320
9 75 45 60 -8 5 0 0.00 M M 16.5 33 270 M M 2 40 280
10 85 50 68 0 0 3 0.00 M M 19.5 37 250 M M 0 47 260
11 92 60 76 8 0 11 0.00 M M 18.1 33 270 M M 0 41 250
12 85 59 72 4 0 7 0.00 M M 13.7 22 70 M M 0 26 60
13 89 46 68 1 0 3 0.00 M M 5.7 14 110 M M 0 22 80
14 97 49 73 6 0 8 0.00 M M 6.6 20 240 M M 1 8 25 280
15 92 53 73 6 0 8 0.00 M M 13.7 25 230 M M 5 8 29 260
16 98 60 79 12 0 14 T M M 15.2 37 200 M M 2 38 46 190
17 93 50 72 6 0 7 T M M 10.1 36 330 M M 1 8 45 320
18 53 47 50 -16 15 0 0.98 M M 7.0 15 70 M M 9 13 19 310
19 59 50 55 -11 10 0 0.45 M M 8.3 18 240 M M 10 1 23 240
20 65 51 58 -8 7 0 0.52 M M 8.6 20 340 M M 8 1 25 340
21 68 50 59 -6 6 0 T M M 12.9 26 240 M M 3 35 240
22 76 53 65 0 0 0 0.00 M M 19.9 31 220 M M 5 39 230
23 87 53 70 5 0 5 T M M 15.3 33 210 M M 1 8 46 200
24 75 37 56 -8 9 0 0.00 M M 9.8 24 70 M M 0 31 60
25 72 47 60 -4 5 0 0.11 M M 8.3 25 110 M M 2 3 31 120
26 80 45 63 -1 2 0 0.03 M M 5.8 21 320 M M 2 38 26 320
27 76 47 62 -2 3 0 T M M 7.2 24 280 M M 4 3 34 280
28 72 43 58 -5 7 0 T M M 7.6 21 290 M M 3 26 230
29 85 38 62 -1 3 0 0.00 M M 5.7 15 230 M M 0 19 230
30 89 43 66 3 0 1 0.00 M M 5.4 21 240 M M 0 26 210
31 88 47 68 6 0 3 0.00 M M 11.9 28 230 M M 4 8 34 220
================================================================================
SM 2566 1578 72 137 2.91 M 363.5 M 78
================================================================================
AV 82.8 50.9 11.7 FASTST M M 3 MAX(MPH)
MISC ----> 53 200 65 200
================================================================================
NOTES:
# LAST OF SEVERAL OCCURRENCES
COLUMN 17 PEAK WIND IN M.P.H.
PRELIMINARY LOCAL CLIMATOLOGICAL DATA (WS FORM: F-6) , PAGE 2
STATION: LIVINGSTON MT
MONTH: AUGUST
YEAR: 2021
LATITUDE: 45 41 N
LONGITUDE: 110 26 W
[TEMPERATURE DATA] [PRECIPITATION DATA] SYMBOLS USED IN COLUMN 16
AVERAGE MONTHLY: 66.8 TOTAL FOR MONTH: 2.91 1 = FOG OR MIST
DPTR FM NORMAL: 0.3 DPTR FM NORMAL: 1.84 2 = FOG REDUCING VISIBILITY
HIGHEST: 98 ON 16 GRTST 24HR 1.00 ON 18-19 TO 1/4 MILE OR LESS
LOWEST: 37 ON 24 3 = THUNDER
SNOW, ICE PELLETS, HAIL 4 = ICE PELLETS
TOTAL MONTH: M 5 = HAIL
GRTST 24HR M ON M 6 = FREEZING RAIN OR DRIZZLE
GRTST DEPTH: M ON M 7 = DUSTSTORM OR SANDSTORM:
VSBY 1/2 MILE OR LESS
8 = SMOKE OR HAZE
[NO. OF DAYS WITH] [WEATHER - DAYS WITH] 9 = BLOWING SNOW
X = TORNADO
MAX 32 OR BELOW: 0 0.01 INCH OR MORE: 9
MAX 90 OR ABOVE: 10 0.10 INCH OR MORE: 6
MIN 32 OR BELOW: 0 0.50 INCH OR MORE: 2
MIN 0 OR BELOW: 0 1.00 INCH OR MORE: 0
[HDD (BASE 65) ]
TOTAL THIS MO. 72 CLEAR (SCALE 0-3) 23
DPTR FM NORMAL 14 PTCLDY (SCALE 4-7) 6
TOTAL FM JUL 1 73 CLOUDY (SCALE 8-10) 2
DPTR FM NORMAL -24
[CDD (BASE 65) ]
TOTAL THIS MO. 137
DPTR FM NORMAL 34 [PRESSURE DATA]
TOTAL FM JAN 1 489 HIGHEST SLP 30.27 ON 13
DPTR FM NORMAL 233 LOWEST SLP 29.46 ON 17
[REMARKS]
#FINAL-08-21#