000
CXUS53 KTOP 020333
CF6LWC
PRELIMINARY LOCAL CLIMATOLOGICAL DATA (WS FORM: F-6)
STATION: LAWRENCE KS
MONTH: JULY
YEAR: 2021
LATITUDE: 39 0 N
LONGITUDE: 95 13 W
TEMPERATURE IN F: :PCPN: SNOW: WIND :SUNSHINE: SKY :PK WND
================================================================================
1 2 3 4 5 6A 6B 7 8 9 10 11 12 13 14 15 16 17 18
12Z AVG MX 2MIN
DY MAX MIN AVG DEP HDD CDD WTR SNW DPTH SPD SPD DIR MIN PSBL S-S WX SPD DR
================================================================================
1 86 71 79 1 0 14 0.00 M M 5.9 12 40 M M 4 1 19 40
2 88 66 77 -1 0 12 0.00 M M 3.5 8 100 M M 1 1 12 100
3 90 66 78 0 0 13 0.00 M M 3.0 8 50 M M 2 1 12 50
4 90 67 79 1 0 14 0.00 M M 3.6 10 190 M M 2 1 14 200
5 90 67 79 1 0 14 0.00 M M 3.1 9 170 M M 2 18 16 170
6 90 65 78 0 0 13 0.00 M M 4.7 12 160 M M 1 1 17 170
7 86 67 77 -1 0 12 0.08 M M 6.0 21 330 M M 4 1 26 320
8 87 61 74 -5 0 9 0.00 M M 3.9 10 340 M M 0 1 15 340
9 95 67 81 2 0 16 0.00 M M 9.7 23 200 M M 0 34 190
10 85 64 75 -4 0 10 0.71 M M 5.9 45 330 M M 5 138 69 340
11 80 64 72 -7 0 7 0.01 M M 8.1 18 360 M M 9 28 20
12 83 63 73 -6 0 8 0.00 M M 5.7 15 350 M M 5 1 20 340
13 90 60 75 -4 0 10 0.00 M M 6.0 14 190 M M 1 1 19 180
14 92 74 83 4 0 18 0.00 M M 11.8 23 190 M M 0 30 200
15 81 69 75 -4 0 10 0.99 M M 4.5 16 190 M M 7 13 24 190
16 87 69 78 -1 0 13 0.00 M M 1.9 6 70 M M 7 1 10 80
17 87 68 78 -1 0 13 0.13 M M 5.2 15 110 M M 2 13 21 120
18 85 68 77 -2 0 12 0.00 M M 5.7 13 100 M M 0 17 130
19 87 65 76 -3 0 11 0.00 M M 3.5 10 40 M M 1 17 90
20 89 64 77 -2 0 12 0.00 M M 2.4 8 80 M M 1 1 12 80
21 89 62 76 -3 0 11 0.00 M M 2.6 8 110 M M 1 128 11 100
22 89 66 78 -1 0 13 0.00 M M 5.6 14 200 M M 1 18 21 210
23 93 69 81 2 0 16 0.00 M M 6.6 14 200 M M 1 18 19 190
24 96 73 85 5 0 20 0.00 M M 5.3 13 220 M M 0 19 220
25 90 70 80 0 0 15 0.19 M M 4.7 17 100 M M 2 13 23 50
26 91 67 79 -1 0 14 0.00 M M 4.1 13 130 M M 0 18 19 150
27 95 67 81 1 0 16 0.00 M M 2.1 7 130 M M 0 18 9 150
28 98 69 84 4 0 19 0.00 M M 3.0 12 250 M M 0 18 16 140
29 99 71 85 5 0 20 0.00 M M 3.7 14 240 M M 0 1 19 250
30 98 73 86 6 0 21 0.00 M M 3.9 14 170 M M 1 18 18 180
31 89 69 79 -1 0 14 0.02 M M 6.3 17 360 M M 3 138 24 360
================================================================================
SM 2775 2081 0 420 2.13 M 152.0 M 63
================================================================================
AV 89.5 67.1 4.9 FASTST M M 2 MAX(MPH)
MISC ----> 45 330 69 340
================================================================================
NOTES:
# LAST OF SEVERAL OCCURRENCES
COLUMN 17 PEAK WIND IN M.P.H.
PRELIMINARY LOCAL CLIMATOLOGICAL DATA (WS FORM: F-6) , PAGE 2
STATION: LAWRENCE KS
MONTH: JULY
YEAR: 2021
LATITUDE: 39 0 N
LONGITUDE: 95 13 W
[TEMPERATURE DATA] [PRECIPITATION DATA] SYMBOLS USED IN COLUMN 16
AVERAGE MONTHLY: 78.3 TOTAL FOR MONTH: 2.13 1 = FOG OR MIST
DPTR FM NORMAL: -0.7 DPTR FM NORMAL: -1.81 2 = FOG REDUCING VISIBILITY
HIGHEST: 99 ON 29 GRTST 24HR 0.99 ON 15-15 TO 1/4 MILE OR LESS
LOWEST: 60 ON 13 3 = THUNDER
SNOW, ICE PELLETS, HAIL 4 = ICE PELLETS
TOTAL MONTH: M 5 = HAIL
GRTST 24HR M ON M 6 = FREEZING RAIN OR DRIZZLE
GRTST DEPTH: M ON M 7 = DUSTSTORM OR SANDSTORM:
VSBY 1/2 MILE OR LESS
8 = SMOKE OR HAZE
[NO. OF DAYS WITH] [WEATHER - DAYS WITH] 9 = BLOWING SNOW
X = TORNADO
MAX 32 OR BELOW: 0 0.01 INCH OR MORE: 7
MAX 90 OR ABOVE: 15 0.10 INCH OR MORE: 4
MIN 32 OR BELOW: 0 0.50 INCH OR MORE: 2
MIN 0 OR BELOW: 0 1.00 INCH OR MORE: 0
[HDD (BASE 65) ]
TOTAL THIS MO. 0 CLEAR (SCALE 0-3) 24
DPTR FM NORMAL 0 PTCLDY (SCALE 4-7) 6
TOTAL FM JUL 1 0 CLOUDY (SCALE 8-10) 1
DPTR FM NORMAL 0
[CDD (BASE 65) ]
TOTAL THIS MO. 420
DPTR FM NORMAL -14 [PRESSURE DATA]
TOTAL FM JAN 1 904 HIGHEST SLP 30.16 ON 20
DPTR FM NORMAL 27 LOWEST SLP 29.79 ON 10
[REMARKS]
#FINAL-07-21#