000
CXUS53 KDMX 020348
CF6LWD
PRELIMINARY LOCAL CLIMATOLOGICAL DATA (WS FORM: F-6)
STATION: LAMONI IA
MONTH: APRIL
YEAR: 2020
LATITUDE: 40 37 N
LONGITUDE: 93 56 W
TEMPERATURE IN F: :PCPN: SNOW: WIND :SUNSHINE: SKY :PK WND
================================================================================
1 2 3 4 5 6A 6B 7 8 9 10 11 12 13 14 15 16 17 18
12Z AVG MX 2MIN
DY MAX MIN AVG DEP HDD CDD WTR SNW DPTH SPD SPD DIR MIN PSBL S-S WX SPD DR
================================================================================
1 67 38 53 6 12 0 0.00 0.0 0 9.6 18 150 M M 0 25 140
2 57 51 54 7 11 0 0.71 0.0 0 8.6 20 290 M M 6 13 26 290
3 52 29 41 -7 24 0 0.62 0.0 0 13.8 23 320 M M 10 16 30 320
4 42 27 35 -13 30 0 0.00 0.0 0 6.8 16 360 M M 10 23 360
5 60 32 46 -2 19 0 0.00 0.0 0 6.5 15 180 M M 1 21 170
6 63 45 54 5 11 0 0.00 0.0 0 9.8 21 200 M M 8 1 28 200
7 79 55 67 18 0 2 0.00 0.0 0 8.9 17 200 M M 3 12 24 240
8 78 42 60 11 5 0 0.00 0.0 0 10.3 35 10 M M 0 8 47 20
9 54 29 42 -8 23 0 0.00 0.0 0 16.8 38 300 M M 0 52 300
10 52 23 38 -12 27 0 0.00 0.0 0 8.0 16 190 M M 3 22 200
11 65 42 54 4 11 0 0.06 0.0 0 8.3 18 200 M M 6 3 26 190
12 60 29 45 -6 20 0 0.30 M 0 15.2 33 340 M M 8 123 50 360
13 43 25 34 -17 31 0 0.00 0.0 0 15.7 26 300 M M 2 35 320
14 45 23 34 -17 31 0 0.00 0.0 0 12.0 29 280 M M 4 38 290
15 49 21 35 -17 30 0 0.06 M M 7.0 20 30 M M 6 1 29 30
16 37 29 33 -19 32 0 1.08 M M 11.5 20 50 M M 10 12 27 50
17 40 31 36 -16 29 0 0.09 M M 11.8 21 30 M M 5 1 31 30
18 62 31 47 -5 18 0 0.00 0.0 M 15.6 31 210 M M 0 41 210
19 63 40 52 -1 13 0 0.00 0.0 0 8.1 18 40 M M 0 25 60
20 67 42 55 2 10 0 0.00 0.0 0 11.2 26 300 M M 4 40 250
21 65 38 52 -1 13 0 0.00 0.0 0 7.4 14 190 M M 0 21 310
22 72 48 60 6 5 0 0.00 0.0 0 10.5 18 210 M M 0 24 220
23 72 46 59 5 6 0 0.00 0.0 0 6.5 12 200 M M 4 12 15 200
24 65 50 58 4 7 0 1.06 0.0 0 8.0 17 30 M M 9 138 25 30
25 66 46 56 1 9 0 T 0.0 0 10.2 21 30 M M 4 1 29 50
26 68 41 55 0 10 0 0.00 0.0 0 4.9 15 220 M M 2 21 220
27 74 52 63 8 2 0 0.04 0.0 0 13.5 28 210 M M 2 39 230
28 72 53 63 7 2 0 T 0.0 0 13.2 31 330 M M 1 45 330
29 66 48 57 1 8 0 0.00 0.0 0 19.6 35 350 M M 6 48 360
30 72 41 57 1 8 0 0.00 0.0 0 7.7 17 330 M M 0 24 320
================================================================================
SM 1827 1147 457 2 4.02 0.0 317.0 M 114
================================================================================
AV 60.9 38.2 10.6 FASTST M M 4 MAX(MPH)
MISC ----> # 38 300 # 52 300
================================================================================
NOTES:
# LAST OF SEVERAL OCCURRENCES
COLUMN 17 PEAK WIND IN M.P.H.
PRELIMINARY LOCAL CLIMATOLOGICAL DATA (WS FORM: F-6) , PAGE 2
STATION: LAMONI IA
MONTH: APRIL
YEAR: 2020
LATITUDE: 40 37 N
LONGITUDE: 93 56 W
[TEMPERATURE DATA] [PRECIPITATION DATA] SYMBOLS USED IN COLUMN 16
AVERAGE MONTHLY: 49.6 TOTAL FOR MONTH: 4.02 1 = FOG OR MIST
DPTR FM NORMAL: -2.0 DPTR FM NORMAL: 0.31 2 = FOG REDUCING VISIBILITY
HIGHEST: 79 ON 7 GRTST 24HR 1.08 ON 16-16 TO 1/4 MILE OR LESS
LOWEST: 21 ON 15 3 = THUNDER
SNOW, ICE PELLETS, HAIL 4 = ICE PELLETS
TOTAL MONTH: 0.0 INCH 5 = HAIL
GRTST 24HR 0.0 6 = FREEZING RAIN OR DRIZZLE
GRTST DEPTH: 0 7 = DUSTSTORM OR SANDSTORM:
VSBY 1/2 MILE OR LESS
8 = SMOKE OR HAZE
[NO. OF DAYS WITH] [WEATHER - DAYS WITH] 9 = BLOWING SNOW
X = TORNADO
MAX 32 OR BELOW: 0 0.01 INCH OR MORE: 9
MAX 90 OR ABOVE: 0 0.10 INCH OR MORE: 5
MIN 32 OR BELOW: 12 0.50 INCH OR MORE: 4
MIN 0 OR BELOW: 0 1.00 INCH OR MORE: 2
[HDD (BASE 65) ]
TOTAL THIS MO. 457 CLEAR (SCALE 0-3) 14
DPTR FM NORMAL 51 PTCLDY (SCALE 4-7) 11
TOTAL FM JUL 1 5622 CLOUDY (SCALE 8-10) 5
DPTR FM NORMAL -273
[CDD (BASE 65) ]
TOTAL THIS MO. 2
DPTR FM NORMAL -4 [PRESSURE DATA]
TOTAL FM JAN 1 2 HIGHEST SLP 30.37 ON 16
DPTR FM NORMAL -5 LOWEST SLP 29.54 ON 12
[REMARKS]
#FINAL-04-20#