000
CXUS53 KILX 010900
CF6LWV
PRELIMINARY LOCAL CLIMATOLOGICAL DATA (WS FORM: F-6)
STATION: LAWRENCEVILLE IL AIRPORT
MONTH: APRIL
YEAR: 2022
LATITUDE: 38 45 N
LONGITUDE: 87 36 W
TEMPERATURE IN F: :PCPN: SNOW: WIND :SUNSHINE: SKY :PK WND
================================================================================
1 2 3 4 5 6A 6B 7 8 9 10 11 12 13 14 15 16 17 18
12Z AVG MX 2MIN
DY MAX MIN AVG DEP HDD CDD WTR SNW DPTH SPD SPD DIR MIN PSBL S-S WX SPD DR
================================================================================
1 45 33 39 -12 26 0 0.01 M M 8.1 20 300 M M 7 1 25 280
2 59 31 45 -6 20 0 T M M 10.8 31 320 M M 2 37 320
3 62 32 47 -4 18 0 0.00 M M 6.0 15 290 M M 1 20 290
4 63 47 55 3 10 0 T M M 9.5 20 220 M M 6 26 210
5 64 46 55 3 10 0 0.07 M M 9.1 18 170 M M 6 1 23 180
6 61 45 53 0 12 0 0.21 M M 10.1 28 340 M M 7 1 34 340
7 52 38 45 -8 20 0 T M M 14.1 29 240 M M 5 37 240
8 46 37 42 -11 23 0 T M M 13.5 24 270 M M 10 1 32 260
9 52 35 44 -10 21 0 T M M 9.5 21 320 M M 5 29 280
10 71 33 52 -2 13 0 0.00 M M 14.1 29 160 M M 1 35 170
11 67 53 60 6 5 0 0.32 M M 11.2 28 210 M M 8 13 34 210
12 72 50 61 6 4 0 0.00 M M 12.0 23 180 M M 6 1 30 180
13 70 44 57 2 8 0 0.54 M M 16.7 40 300 M M 8 13 51 270
14 63 34 49 -7 16 0 0.00 M M 12.5 26 230 M M 1 38 240
15 64 39 52 -4 13 0 T M M 12.0 35 210 M M 3 52 210
16 60 41 51 -5 14 0 0.00 M M 10.7 22 340 M M 4 29 340
17 54 38 46 -11 19 0 0.14 M M 11.2 21 60 M M 3 1 27 60
18 51 36 44 -13 21 0 0.05 M M 15.1 28 290 M M 7 1 40 300
19 54 32 43 -15 22 0 0.00 M M 7.9 15 290 M M 1 21 290
20 66 45 56 -2 9 0 0.01 M M 14.5 37 180 M M 8 50 190
21 69 51 60 2 5 0 0.04 M M 6.8 25 180 M M 6 13 33 170
22 82 51 67 9 0 2 T M M 10.7 24 190 M M 4 1 32 200
23 85 59 72 13 0 7 0.00 M M 16.2 31 200 M M 0 39 190
24 82 63 73 14 0 8 1.23 M M 17.8 36 200 M M 4 13 47 210
25 65 43 54 -6 11 0 1.11 M M 10.4 18 320 M M 6 13 24 340
26 57 38 48 -12 17 0 0.00 M M 9.9 20 320 M M 0 27 290
27 69 39 54 -6 11 0 0.00 M M 3.3 13 210 M M 0 16 220
28 70 48 59 -2 6 0 0.00 M M 8.9 16 110 M M 4 22 110
29 74 56 65 4 0 0 T M M 10.4 20 110 M M 8 24 110
30 79 59 69 8 0 4 T M M 15.3 30 190 M M 5 3 41 200
================================================================================
SM 1928 1296 354 21 3.73 M 338.3 M 136
================================================================================
AV 64.3 43.2 11.3 FASTST M M 5 MAX(MPH)
MISC ----> 40 300 52 210
================================================================================
NOTES:
# LAST OF SEVERAL OCCURRENCES
COLUMN 17 PEAK WIND IN M.P.H.
PRELIMINARY LOCAL CLIMATOLOGICAL DATA (WS FORM: F-6) , PAGE 2
STATION: LAWRENCEVILLE IL AIRPORT
MONTH: APRIL
YEAR: 2022
LATITUDE: 38 45 N
LONGITUDE: 87 36 W
[TEMPERATURE DATA] [PRECIPITATION DATA] SYMBOLS USED IN COLUMN 16
AVERAGE MONTHLY: 53.7 TOTAL FOR MONTH: 3.73 1 = FOG OR MIST
DPTR FM NORMAL: -2.4 DPTR FM NORMAL: -0.51 2 = FOG REDUCING VISIBILITY
HIGHEST: 85 ON 23 GRTST 24HR 2.34 ON 24-25 TO 1/4 MILE OR LESS
LOWEST: 31 ON 2 3 = THUNDER
SNOW, ICE PELLETS, HAIL 4 = ICE PELLETS
TOTAL MONTH: M 5 = HAIL
GRTST 24HR M ON M 6 = FREEZING RAIN OR DRIZZLE
GRTST DEPTH: M ON M 7 = DUSTSTORM OR SANDSTORM:
VSBY 1/2 MILE OR LESS
8 = SMOKE OR HAZE
[NO. OF DAYS WITH] [WEATHER - DAYS WITH] 9 = BLOWING SNOW
X = TORNADO
MAX 32 OR BELOW: 0 0.01 INCH OR MORE: 11
MAX 90 OR ABOVE: 0 0.10 INCH OR MORE: 6
MIN 32 OR BELOW: 3 0.50 INCH OR MORE: 3
MIN 0 OR BELOW: 0 1.00 INCH OR MORE: 2
[HDD (BASE 65) ]
TOTAL THIS MO. 354 CLEAR (SCALE 0-3) 9
DPTR FM NORMAL 64 PTCLDY (SCALE 4-7) 19
TOTAL FM JUL 1 3937 CLOUDY (SCALE 8-10) 2
DPTR FM NORMAL -686
[CDD (BASE 65) ]
TOTAL THIS MO. 21
DPTR FM NORMAL -2 [PRESSURE DATA]
TOTAL FM JAN 1 21 HIGHEST SLP 30.39 ON 21
DPTR FM NORMAL -5 LOWEST SLP 29.48 ON 13
[REMARKS]
#FINAL-04-22#