000
CXUS53 KGID 020154 CCA
CF6LXN
PRELIMINARY LOCAL CLIMATOLOGICAL DATA (WS FORM: F-6)
STATION: LEXINGTON
MONTH: AUGUST
YEAR: 2020
LATITUDE: 40 47 N
LONGITUDE: 99 46 W
TEMPERATURE IN F: :PCPN: SNOW: WIND :SUNSHINE: SKY :PK WND
================================================================================
1 2 3 4 5 6A 6B 7 8 9 10 11 12 13 14 15 16 17 18
12Z AVG MX 2MIN
DY MAX MIN AVG DEP HDD CDD WTR SNW DPTH SPD SPD DIR MIN PSBL S-S WX SPD DR
================================================================================
1 84 60 72 M 0 7 0.04 M M 5.7 12 20 M M 3 16 30
2 79 54 67 M 0 2 0.00 M M 6.3 12 360 M M 1 16 360
3 78 51 65 M 0 0 0.00 M M 4.0 10 130 M M 4 M M
4 74 60 67 M 0 2 M M M 10.7 16 150 M M 6 3 21 180
5 83 57 70 M 0 5 0.03 M M 6.9 13 110 M M 1 3 M M
6 88 62 75 M 0 10 0.03 M M 7.3 15 160 M M 1 123 M M
7 90 69 80 M 0 15 0.00 M M 11.5 17 160 M M 4 1 21 160
8 95 66 81 M 0 16 0.00 M M 6.0 17 350 M M 2 12 24 350
9 96 63 80 M 0 15 0.00 M M 5.5 10 170 M M 2 8 M M
10 84 64 74 M 0 9 0.00 M M 10.3 18 70 M M 2 18 25 60
11 89 63 76 M 0 11 0.00 M M 10.5 18 150 M M 2 8 24 150
12 92 63 78 M 0 13 0.00 M M 9.6 16 200 M M 0 24 220
13 91 65 78 M 0 13 0.00 M M 9.1 16 190 M M 4 18 21 170
14 86 62 74 M 0 9 0.00 M M 7.9 12 360 M M 1 M M
15 86 55 71 M 0 6 0.00 M M 7.4 15 160 M M 1 17 160
16 90 62 76 M 0 11 0.16 M M 6.1 12 210 M M 1 M M
17 89 56 73 M 0 8 0.00 M M 3.0 9 170 M M 0 M M
18 89 62 76 M 0 11 0.02 M M 9.9 17 180 M M 1 3 20 160
19 86 65 76 M 0 11 0.00 M M 10.4 16 180 M M 0 23 180
20 94 64 79 M 0 14 T M M 9.4 15 200 M M 1 18 170
21 92 67 80 M 0 15 0.00 M M 7.8 12 140 M M 0 16 200
22 94 61 78 M 0 13 0.00 M M 4.6 9 140 M M 0 1 M M
23 96 63 80 M 0 15 0.00 M M 5.2 10 150 M M 1 13 140
24 97 67 82 M 0 17 0.00 M M 8.8 16 150 M M 0 20 160
25 97 66 82 M 0 17 0.00 M M 12.5 22 210 M M 0 29 180
26 97 67 82 M 0 17 T M M 12.6 24 200 M M 0 31 200
27 95 63 79 M 0 14 T M M 7.8 15 150 M M 0 17 150
28 90 64 77 M 0 12 0.00 M M 8.2 17 10 M M 0 28 10
29 80 57 69 M 0 4 0.00 M M 5.9 10 160 M M 0 M M
30 87 64 76 M 0 11 0.00 M M 12.4 20 180 M M 4 3 28 190
31 75 56 66 M 0 1 0.00 M M 10.6 20 10 M M 3 37 350
================================================================================
SM 2743 1918 0 324 M M 253.9 M 45
================================================================================
AV 88.5 61.9 8.2 FASTST M M 1 MAX(MPH)
MISC ----> # 24 200 # M M
================================================================================
NOTES:
# LAST OF SEVERAL OCCURRENCES
COLUMN 17 PEAK WIND IN M.P.H.
PRELIMINARY LOCAL CLIMATOLOGICAL DATA (WS FORM: F-6) , PAGE 2
STATION: LEXINGTON
MONTH: AUGUST
YEAR: 2020
LATITUDE: 40 47 N
LONGITUDE: 99 46 W
[TEMPERATURE DATA] [PRECIPITATION DATA] SYMBOLS USED IN COLUMN 16
AVERAGE MONTHLY: 75.2 TOTAL FOR MONTH: M 1 = FOG OR MIST
DPTR FM NORMAL: M DPTR FM NORMAL: M 2 = FOG REDUCING VISIBILITY
HIGHEST: 97 ON 26,25 GRTST 24HR M ON M TO 1/4 MILE OR LESS
LOWEST: 51 ON 3 3 = THUNDER
SNOW, ICE PELLETS, HAIL 4 = ICE PELLETS
TOTAL MONTH: M 5 = HAIL
GRTST 24HR M ON M 6 = FREEZING RAIN OR DRIZZLE
GRTST DEPTH: M ON M 7 = DUSTSTORM OR SANDSTORM:
VSBY 1/2 MILE OR LESS
8 = SMOKE OR HAZE
[NO. OF DAYS WITH] [WEATHER - DAYS WITH] 9 = BLOWING SNOW
X = TORNADO
MAX 32 OR BELOW: 0 0.01 INCH OR MORE: M
MAX 90 OR ABOVE: 15 0.10 INCH OR MORE: M
MIN 32 OR BELOW: 0 0.50 INCH OR MORE: M
MIN 0 OR BELOW: 0 1.00 INCH OR MORE: M
[HDD (BASE 65) ]
TOTAL THIS MO. 0 CLEAR (SCALE 0-3) 26
DPTR FM NORMAL M PTCLDY (SCALE 4-7) 5
TOTAL FM JUL 1 0 CLOUDY (SCALE 8-10) 0
DPTR FM NORMAL M
[CDD (BASE 65) ]
TOTAL THIS MO. 324
DPTR FM NORMAL M [PRESSURE DATA]
TOTAL FM JAN 1 1000 HIGHEST SLP M ON M
DPTR FM NORMAL M LOWEST SLP M ON M
[REMARKS]
#FINAL-08-20#