000
CXUS53 KGID 012232 AAA
CF6LXN
PRELIMINARY LOCAL CLIMATOLOGICAL DATA (WS FORM: F-6)
STATION: LEXINGTON NE
MONTH: DECEMBER
YEAR: 2023
LATITUDE: 40 47 N
LONGITUDE: 99 46 W
TEMPERATURE IN F: :PCPN: SNOW: WIND :SUNSHINE: SKY :PK WND
================================================================================
1 2 3 4 5 6A 6B 7 8 9 10 11 12 13 14 15 16 17 18
12Z AVG MX 2MIN
DY MAX MIN AVG DEP HDD CDD WTR SNW DPTH SPD SPD DIR MIN PSBL S-S WX SPD DR
================================================================================
1 37 18 28 M 37 0 0.00 M M 5.2 9 300 M M 0 M M
2 45 22 34 M 31 0 M M M 7.1 10 220 M M 3 M M
3 47 19 33 M 32 0 0.00 M M 10.6 30 340 M M 4 41 340
4 54 19 37 M 28 0 0.00 M M 8.7 23 350 M M 2 31 350
5 48 25 37 M 28 0 0.00 M M 7.3 13 300 M M 4 M M
6 72 28 50 M 15 0 0.00 M M 4.0 10 180 M M 0 17 180
7 70 23 47 M 18 0 0.00 M M 7.0 16 290 M M 0 M M
8 54 28 41 M 24 0 0.00 M M 10.3 20 330 M M 2 25 330
9 41 20 31 M 34 0 0.00 M M 18.5 33 340 M M 1 39 340
10 49 16 33 M 32 0 0.00 M M 5.7 10 260 M M 0 18 230
11 56 19 38 M 27 0 0.00 M M 6.4 13 290 M M 0 M M
12 38 22 30 M 35 0 0.00 M M 6.8 12 100 M M 4 M M
13 43 17 30 M 35 0 T M M 3.1 6 100 M M 4 M M
14 41 33 37 M 28 0 T M M 8.8 16 190 M M 10 1 21 190
15 49 30 40 M 25 0 0.00 M M 8.3 16 160 M M 8 1 21 160
16 49 23 36 M 29 0 0.00 M M 9.0 17 290 M M 2 22 310
17 60 23 42 M 23 0 0.00 M M 10.4 17 350 M M 0 23 340
18 45 18 32 M 33 0 0.00 M M 7.8 15 180 M M 0 22 170
19 58 26 42 M 23 0 0.00 M M 7.1 12 170 M M 0 18 170
20 49 22 36 M 29 0 0.00 M M 4.2 9 130 M M 0 1 M M
21 48 21 35 M 30 0 0.00 M M 2.9 10 220 M M 3 12 M M
22 64 27 46 M 19 0 0.00 M M 6.6 12 290 M M 0 M M
23 54 29 42 M 23 0 0.07 M M 9.1 17 170 M M 6 22 200
24 54 30 42 M 23 0 0.25 M M 19.5 29 340 M M 10 40 350
25 30 24 27 M 38 0 M M M 22.7 27 320 M M 10 38 320
26 32 25 29 M 36 0 M M M 17.0 24 350 M M 10 1 32 350
27 33 25 29 M 36 0 M M M 4.7 12 10 M M 10 1 M M
28 33 20 27 M 38 0 M M M 10.5 20 320 M M 7 16 20
29 42 17 30 M 35 0 0.00 M M 11.2 16 300 M M 0 M M
30 46 26 36 M 29 0 0.00 M M 8.9 13 310 M M 1 M M
31 31 16 24 M 41 0 0.00 M M 7.5 14 350 M M 3 M M
================================================================================
SM 1472 711 914 0 M M 276.9 M 104
================================================================================
AV 47.5 22.9 8.9 FASTST M M 3 MAX(MPH)
MISC ----> 33 340 M M
================================================================================
NOTES:
# LAST OF SEVERAL OCCURRENCES
COLUMN 17 PEAK WIND IN M.P.H.
PRELIMINARY LOCAL CLIMATOLOGICAL DATA (WS FORM: F-6) , PAGE 2
STATION: LEXINGTON NE
MONTH: DECEMBER
YEAR: 2023
LATITUDE: 40 47 N
LONGITUDE: 99 46 W
[TEMPERATURE DATA] [PRECIPITATION DATA] SYMBOLS USED IN COLUMN 16
AVERAGE MONTHLY: 35.2 TOTAL FOR MONTH: M 1 = FOG OR MIST
DPTR FM NORMAL: M DPTR FM NORMAL: M 2 = FOG REDUCING VISIBILITY
HIGHEST: 72 ON 6 GRTST 24HR M ON M TO 1/4 MILE OR LESS
LOWEST: 16 ON 31,10 3 = THUNDER
SNOW, ICE PELLETS, HAIL 4 = ICE PELLETS
TOTAL MONTH: M 5 = HAIL
GRTST 24HR M ON M 6 = FREEZING RAIN OR DRIZZLE
GRTST DEPTH: M ON M 7 = DUSTSTORM OR SANDSTORM:
VSBY 1/2 MILE OR LESS
8 = SMOKE OR HAZE
[NO. OF DAYS WITH] [WEATHER - DAYS WITH] 9 = BLOWING SNOW
X = TORNADO
MAX 32 OR BELOW: 3 0.01 INCH OR MORE: M
MAX 90 OR ABOVE: 0 0.10 INCH OR MORE: M
MIN 32 OR BELOW: 30 0.50 INCH OR MORE: M
MIN 0 OR BELOW: 0 1.00 INCH OR MORE: M
[HDD (BASE 65) ]
TOTAL THIS MO. 914 CLEAR (SCALE 0-3) 18
DPTR FM NORMAL M PTCLDY (SCALE 4-7) 8
TOTAL FM JUL 1 2047 CLOUDY (SCALE 8-10) 5
DPTR FM NORMAL M
[CDD (BASE 65) ]
TOTAL THIS MO. 0
DPTR FM NORMAL M [PRESSURE DATA]
TOTAL FM JAN 1 1043 HIGHEST SLP M ON M
DPTR FM NORMAL M LOWEST SLP M ON M
[REMARKS]
#FINAL-12-23#