000
CXUS53 KEAX 010836
CF6LXT
PRELIMINARY LOCAL CLIMATOLOGICAL DATA (WS FORM: F-6)
STATION: LEE`S SUMMIT MO
MONTH: FEBRUARY
YEAR: 2024
LATITUDE: 38 57 N
LONGITUDE: 94 22 W
TEMPERATURE IN F: :PCPN: SNOW: WIND :SUNSHINE: SKY :PK WND
================================================================================
1 2 3 4 5 6A 6B 7 8 9 10 11 12 13 14 15 16 17 18
12Z AVG MX 2MIN
DY MAX MIN AVG DEP HDD CDD WTR SNW DPTH SPD SPD DIR MIN PSBL S-S WX SPD DR
================================================================================
1 66 46 56 24 9 0 0.00 M M 9.7 16 190 M M 2 21 200
2 69 43 56 24 9 0 0.00 M M 10.7 18 110 M M 1 28 130
3 60 42 51 19 14 0 T M M 11.2 18 90 M M 8 18 24 90
4 50 38 44 12 21 0 0.19 M M 11.0 18 50 M M 6 1 24 50
5 58 32 45 13 20 0 0.00 M M 4.8 9 320 M M 0 13 30
6 59 29 44 11 21 0 0.00 M M 4.9 12 160 M M 0 1 17 160
7 63 46 55 22 10 0 0.00 M M 13.7 22 160 M M 0 32 180
8 68 49 59 26 6 0 0.00 M M 17.2 39 220 M M 1 55 220
9 61 38 50 17 15 0 0.00 M M 7.1 20 360 M M 0 28 350
10 46 31 39 5 26 0 0.00 M M 8.6 17 30 M M 0 23 20
11 43 31 37 3 28 0 0.00 M M 7.7 14 30 M M 2 19 360
12 53 28 41 7 24 0 0.00 M M 5.7 18 340 M M 0 26 330
13 64 34 49 15 16 0 0.00 M M 10.5 28 220 M M 1 35 220
14 66 33 50 15 15 0 0.00 M M 10.6 22 210 M M 1 33 170
15 57 37 47 12 18 0 0.00 M M 10.6 23 310 M M 4 31 340
16 39 22 31 -4 34 0 0.01 M M 15.8 24 30 M M 10 12 36 60
17 34 9 22 -14 43 0 0.00 M M 9.3 20 350 M M 0 27 340
18 54 26 40 4 25 0 0.00 M M 8.5 15 250 M M 0 20 250
19 57 30 44 8 21 0 0.00 M M 9.8 21 200 M M 1 26 220
20 68 34 51 14 14 0 0.00 M M 9.4 17 190 M M 0 27 170
21 70 44 57 20 8 0 0.00 M M 6.7 16 160 M M 0 22 170
22 68 44 56 19 9 0 0.00 M M 10.9 23 360 M M 1 30 350
23 66 38 52 14 13 0 0.00 M M 12.3 29 320 M M 1 41 310
24 60 31 46 8 19 0 0.00 M M 10.7 20 200 M M 0 26 200
25 74 42 58 20 7 0 0.00 M M 8.0 18 190 M M 0 27 170
26 79 50 65 26 0 0 0.00 M M 11.2 24 220 M M 0 32 210
27 79 23 51 12 14 0 T M M 15.9 32 340 M M 1 8 45 320
28 39 16 28 -12 37 0 T M M 11.6 26 320 M M 1 36 320
29 58 29 44 4 21 0 0.00 M M 12.5 23 210 M M 0 32 220
================================================================================
SM 1728 995 517 0 0.20 M 296.6 M 41
================================================================================
AV 59.6 34.3 10.2 FASTST M M 1 MAX(MPH)
MISC ----> 39 220 55 220
================================================================================
NOTES:
# LAST OF SEVERAL OCCURRENCES
COLUMN 17 PEAK WIND IN M.P.H.
PRELIMINARY LOCAL CLIMATOLOGICAL DATA (WS FORM: F-6) , PAGE 2
STATION: LEE`S SUMMIT MO
MONTH: FEBRUARY
YEAR: 2024
LATITUDE: 38 57 N
LONGITUDE: 94 22 W
[TEMPERATURE DATA] [PRECIPITATION DATA] SYMBOLS USED IN COLUMN 16
AVERAGE MONTHLY: 46.9 TOTAL FOR MONTH: 0.20 1 = FOG OR MIST
DPTR FM NORMAL: 11.8 DPTR FM NORMAL: -1.23 2 = FOG REDUCING VISIBILITY
HIGHEST: 79 ON 27,26 GRTST 24HR 0.19 ON 3- 4 TO 1/4 MILE OR LESS
LOWEST: 9 ON 17 3 = THUNDER
SNOW, ICE PELLETS, HAIL 4 = ICE PELLETS
TOTAL MONTH: M 5 = HAIL
GRTST 24HR M ON M 6 = FREEZING RAIN OR DRIZZLE
GRTST DEPTH: M ON M 7 = DUSTSTORM OR SANDSTORM:
VSBY 1/2 MILE OR LESS
8 = SMOKE OR HAZE
[NO. OF DAYS WITH] [WEATHER - DAYS WITH] 9 = BLOWING SNOW
X = TORNADO
MAX 32 OR BELOW: 0 0.01 INCH OR MORE: 2
MAX 90 OR ABOVE: 0 0.10 INCH OR MORE: 1
MIN 32 OR BELOW: 13 0.50 INCH OR MORE: 0
MIN 0 OR BELOW: 0 1.00 INCH OR MORE: 0
[HDD (BASE 65) ]
TOTAL THIS MO. 517 CLEAR (SCALE 0-3) 25
DPTR FM NORMAL -320 PTCLDY (SCALE 4-7) 2
TOTAL FM JUL 1 3059 CLOUDY (SCALE 8-10) 2
DPTR FM NORMAL -759
[CDD (BASE 65) ]
TOTAL THIS MO. 0
DPTR FM NORMAL 0 [PRESSURE DATA]
TOTAL FM JAN 1 0 HIGHEST SLP 30.50 ON 17
DPTR FM NORMAL 0 LOWEST SLP 29.26 ON 27
[REMARKS]
#FINAL-02-24#