000
CXUS55 KPUB 011310
CF6LXV
PRELIMINARY LOCAL CLIMATOLOGICAL DATA (WS FORM: F-6)
STATION: LEADVILLE CO
MONTH: NOVEMBER
YEAR: 2021
LATITUDE: 39 15 N
LONGITUDE: 106 18 W
TEMPERATURE IN F: :PCPN: SNOW: WIND :SUNSHINE: SKY :PK WND
================================================================================
1 2 3 4 5 6A 6B 7 8 9 10 11 12 13 14 15 16 17 18
12Z AVG MX 2MIN
DY MAX MIN AVG DEP HDD CDD WTR SNW DPTH SPD SPD DIR MIN PSBL S-S WX SPD DR
================================================================================
1 44 24 34 3 31 0 0.06 M M 5.0 16 310 M M 8 1 22 300
2 36 27 32 2 33 0 0.04 M M 3.8 13 360 M M 9 1 20 360
3 44 23 34 4 31 0 T M M 6.1 14 290 M M 6 1 22 350
4 48 19 34 5 31 0 0.00 M M 6.7 20 300 M M 0 27 290
5 52 23 38 9 27 0 0.00 M M 5.4 18 340 M M 0 31 340
6 55 16 36 7 29 0 0.00 M M 5.6 15 190 M M 0 24 280
7 55 26 41 13 24 0 0.00 M M 6.5 20 290 M M 0 31 300
8 49 23 36 8 29 0 0.00 M M 7.3 22 200 M M 2 33 210
9 48 23 36 9 29 0 T M M 6.3 21 200 M M 2 1 31 210
10 31 22 27 0 38 0 0.31 M M 9.8 23 290 M M 9 12 34 310
11 30 19 25 -1 40 0 0.22 M M 10.2 22 320 M M 10 1 33 340
12 38 26 32 6 33 0 0.01 M M 10.3 23 290 M M 7 33 320
13 44 21 33 7 32 0 0.00 M M 7.8 22 300 M M 3 32 300
14 46 31 39 14 26 0 0.00 M M 10.4 22 320 M M 1 34 320
15 52 27 40 15 25 0 0.00 M M 5.1 17 310 M M 0 24 300
16 47 28 38 14 27 0 T M M 9.2 21 310 M M 1 34 310
17 34 12 23 -1 42 0 0.02 M M 7.8 17 310 M M 4 12 29 300
18 46 4 25 1 40 0 0.00 M M 5.2 18 10 M M 0 27 360
19 41 27 34 11 31 0 0.00 M M 8.5 18 360 M M 6 29 360
20 37 21 29 6 36 0 0.10 M M 7.7 22 310 M M 9 12 29 310
21 36 7 22 0 43 0 0.00 M M 7.7 14 300 M M 1 1 20 30
22 48 13 31 9 34 0 0.00 M M 7.0 16 290 M M 0 23 310
23 47 13 30 8 35 0 0.00 M M 7.7 21 300 M M 2 32 300
24 28 6 17 -4 48 0 0.01 M M 8.3 20 360 M M 6 1 27 20
25 36 -2 17 -4 48 0 0.00 M M 8.5 18 300 M M 0 25 300
26 45 12 29 8 36 0 0.00 M M 7.2 16 300 M M 0 22 290
27 45 19 32 12 33 0 0.00 M M 6.6 16 320 M M 0 24 340
28 47 20 34 14 31 0 0.00 M M 7.6 17 360 M M 0 25 350
29 50 20 35 15 30 0 0.00 M M 6.5 15 290 M M 0 22 290
30 47 22 35 15 30 0 0.00 M M 7.6 18 300 M M 1 28 330
================================================================================
SM 1306 572 1002 0 0.77 M 219.4 M 87
================================================================================
AV 43.5 19.1 7.3 FASTST M M 3 MAX(MPH)
MISC ----> # 23 290 # 34 310
================================================================================
NOTES:
# LAST OF SEVERAL OCCURRENCES
COLUMN 17 PEAK WIND IN M.P.H.
PRELIMINARY LOCAL CLIMATOLOGICAL DATA (WS FORM: F-6) , PAGE 2
STATION: LEADVILLE CO
MONTH: NOVEMBER
YEAR: 2021
LATITUDE: 39 15 N
LONGITUDE: 106 18 W
[TEMPERATURE DATA] [PRECIPITATION DATA] SYMBOLS USED IN COLUMN 16
AVERAGE MONTHLY: 31.3 TOTAL FOR MONTH: 0.77 1 = FOG OR MIST
DPTR FM NORMAL: 6.5 DPTR FM NORMAL: -0.09 2 = FOG REDUCING VISIBILITY
HIGHEST: 55 ON 7, 6 GRTST 24HR 0.32 ON 10-11 TO 1/4 MILE OR LESS
LOWEST: -2 ON 25 3 = THUNDER
SNOW, ICE PELLETS, HAIL 4 = ICE PELLETS
TOTAL MONTH: M 5 = HAIL
GRTST 24HR M ON M 6 = FREEZING RAIN OR DRIZZLE
GRTST DEPTH: M ON M 7 = DUSTSTORM OR SANDSTORM:
VSBY 1/2 MILE OR LESS
8 = SMOKE OR HAZE
[NO. OF DAYS WITH] [WEATHER - DAYS WITH] 9 = BLOWING SNOW
X = TORNADO
MAX 32 OR BELOW: 3 0.01 INCH OR MORE: 8
MAX 90 OR ABOVE: 0 0.10 INCH OR MORE: 3
MIN 32 OR BELOW: 30 0.50 INCH OR MORE: 0
MIN 0 OR BELOW: 1 1.00 INCH OR MORE: 0
[HDD (BASE 65) ]
TOTAL THIS MO. 1002 CLEAR (SCALE 0-3) 19
DPTR FM NORMAL -204 PTCLDY (SCALE 4-7) 7
TOTAL FM JUL 1 2931 CLOUDY (SCALE 8-10) 4
DPTR FM NORMAL -380
[CDD (BASE 65) ]
TOTAL THIS MO. 0
DPTR FM NORMAL 0 [PRESSURE DATA]
TOTAL FM JAN 1 0 HIGHEST SLP 30.70 ON 25
DPTR FM NORMAL 0 LOWEST SLP 29.61 ON 24
[REMARKS]
#FINAL-11-21#