000
CXUS51 KRNK 011235
CLSLYH
CLIMATE REPORT
NATIONAL WEATHER SERVICE BLACKSBURG, VA
735 AM EST WED MAR 01 2023
...................................
...THE LYNCHBURG VA CLIMATE SUMMARY FOR THE SEASON, FROM
12/1/2022 TO 2/28/2023...
CLIMATE NORMAL PERIOD: 1991 TO 2020
CLIMATE RECORD PERIOD: 1893 TO 2023
WEATHER OBSERVED NORMAL DEPART LAST YEAR`S
VALUE DATE(S) VALUE FROM VALUE
NORMAL
..............................................................
TEMPERATURE (F)
RECORD
HIGH 82 02/11/1932
LOW -11 02/20/2015
HIGHEST 79 02/23 74
LOWEST 4 12/24 11
AVG. MAXIMUM 54.2 48.2 6.0 53.2
AVG. MINIMUM 32.9 27.5 5.4 30.0
MEAN 43.5 37.9 5.6 41.6
DAYS MAX >= 90 0 0.0 0.0 MM
DAYS MAX <= 32 1 6.0 -5.0 MM
DAYS MIN <= 32 45 63.6 -18.6 60
DAYS MIN <= 0 0 0.2 -0.2 0
PRECIPITATION (INCHES)
RECORD
MAXIMUM 18.30 1901
MINIMUM 4.69 1906
TOTALS 11.89 9.87 2.02 8.01
DAYS >= .01 31 28.8 2.2 29
DAYS >= .10 21 18.1 2.9 18
DAYS >= .50 10 7.3 2.7 6
DAYS >= 1.00 2 2.1 -0.1 1
GREATEST
24 HR. TOTAL 2.02 1.16
SNOWFALL (INCHES)
TOTALS 0.3 9.1 -8.8 9.5
DAYS >= TRACE 4 4.4 -0.4 MM
DAYS >= 1.0 0 2.1 -2.1 MM
GREATEST
24 HR TOTAL 0.1 5.0
DEGREE DAYS
HEATING TOTAL 1926 2443 -517 2090
COOLING TOTAL 0 0 0 0
..............................................................
WIND (MPH)
AVERAGE WIND SPEED 4.9
RESULTANT WIND SPEED/DIRECTION 1/220
HIGHEST WIND SPEED/DIRECTION 33/030 DATE 02/12
HIGHEST GUST SPEED/DIRECTION 44/280 DATE 12/23
SKY COVER
AVERAGE SKY COVER 0.38
AVERAGE RH (PERCENT) 63
WEATHER CONDITIONS. NUMBER OF DAYS WITH
THUNDERSTORM 1 MIXED PRECIP 0
HEAVY RAIN 5 RAIN 16
LIGHT RAIN 38 FREEZING RAIN 0
LT FREEZING RAIN 1 HAIL 0
HEAVY SNOW 0 SNOW 0
LIGHT SNOW 2 SLEET 2
FOG 38 FOG W/VIS <= 1/4 MILE 11
HAZE 0
- INDICATES NEGATIVE NUMBERS.
R INDICATES RECORD WAS SET OR TIED.
MM INDICATES DATA IS MISSING.
T INDICATES TRACE AMOUNT.
$$