000
CXUS54 KLZK 091549
CLSLZK
CLIMATE REPORT
NATIONAL WEATHER SERVICE LITTLE ROCK AR
1049 AM CDT FRI JUN 09 2023
...................................
...THE NORTH LITTLE ROCK CLIMATE SUMMARY FOR THE SEASON, FROM
3/1/2023 TO 5/31/2023...
CLIMATE NORMAL PERIOD 1991 TO 2020
CLIMATE RECORD PERIOD 1975 TO 2023
WEATHER OBSERVED NORMAL DEPART LAST YEAR`S
VALUE DATE(S) VALUE FROM VALUE DATE(S)
NORMAL
................................................................
TEMPERATURE (F)
RECORD
HIGH 98 05/30/1977
LOW 14 03/03/2014
03/02/1980
HIGHEST 89 05/31 73 16 92 05/12
LOWEST 26 03/19 53 -27 24 03/12
AVG. MAXIMUM 71.8 71.1 0.7 72.3
AVG. MINIMUM 53.0 52.0 1.0 51.9
MEAN 62.4 61.6 0.8 62.1
DAYS MAX >= 90 0 2.3 -2.3 3
DAYS MAX <= 32 0 0.1 -0.1 0
DAYS MIN <= 32 5 3.1 1.9 4
DAYS MIN <= 0 0 0.0 0.0 0
PRECIPITATION (INCHES)
TOTALS 20.02 16.06 3.96 16.46
DAILY AVG. 0.22 0.17 0.05 0.18
DAYS >= .01 30 31.5 -1.5 10
DAYS >= .10 22 22.2 -0.2 8
DAYS >= .50 15 10.6 4.4 5
DAYS >= 1.00 7 4.6 2.4 0
GREATEST
24 HR. TOTAL 2.38 3.22 03/21 TO 03/22
STORM TOTAL 2.38 2.32
(MM/DD(HH)) MM
SNOWFALL (INCHES)
RECORDS
TOTAL 6.4 2015
24 HR TOTAL 6.4 03/04/2015 TO 03/05/2015
SNOW DEPTH 3 03/12/2022
TOTALS T 0.4 -0.4 4.3
LIQUID EQUIV T 0.00 0.00 0.40
SINCE 7/1 0.6 3.8 -3.2 MM
LIQUID 7/1 0.06 0.00 0.06 MM
SNOWDEPTH AVG. 0 0
DAYS >= TRACE 1 0.3 0.7 4
DAYS >= 1.0 0 0.2 -0.2 1
GREATEST
SNOW DEPTH 0 3 03/12
24 HR TOTAL 0.0 4.3 03/11 TO 03/11
STORM TOTAL 0.0 4.3
(MM/DD(HH)) MM
DEGREE DAYS
HEATING TOTAL 496 570 -74 532
SINCE 7/1 2698 3142 -444 MM
COOLING TOTAL 284 256 28 292
SINCE 1/1 286 257 29 MM
FREEZE DATES
RECORD
EARLIEST 10/20/1989
LATEST 04/19/1983
EARLIEST 11/12
LATEST 03/13
................................................................
WIND (MPH)
AVERAGE WIND SPEED MM
HIGHEST WIND SPEED/DIRECTION MM DATE MM
HIGHEST GUST SPEED/DIRECTION MM DATE MM
SKY COVER
AVERAGE SKY COVER MM
NUMBER OF DAYS FAIR 0
NUMBER OF DAYS PC 0
NUMBER OF DAYS CLOUDY 0
WEATHER CONDITIONS. NUMBER OF DAYS WITH
THUNDERSTORM 18 MIXED PRECIP 0
HEAVY RAIN 11 RAIN 19
LIGHT RAIN 39 FREEZING RAIN 0
LT FREEZING RAIN 0 HAIL 1
HEAVY SNOW 0 SLEET 0
FOG 7 FOG W/VIS <= 1/4 MILE 0
HAZE 0
- INDICATES NEGATIVE NUMBERS.
R INDICATES RECORD WAS SET OR TIED.
MM INDICATES DATA IS MISSING.
T INDICATES TRACE AMOUNT.
$$