000
CXUS54 KLZK 011539
CF6M19
PRELIMINARY LOCAL CLIMATOLOGICAL DATA (WS FORM: F-6)
STATION: NEWPORT AIRPORT
MONTH: AUGUST
YEAR: 2022
LATITUDE: 35 35 N
LONGITUDE: 91 16 W
TEMPERATURE IN F: :PCPN: SNOW: WIND :SUNSHINE: SKY :PK WND
================================================================================
1 2 3 4 5 6A 6B 7 8 9 10 11 12 13 14 15 16 17 18
12Z AVG MX 2MIN
DY MAX MIN AVG DEP HDD CDD WTR SNW DPTH SPD SPD DIR MIN PSBL S-S WX SPD DR
================================================================================
1 92 74 83 2 0 18 0.00 0.0 0 M M M M M M M M
2 92 73 83 2 0 18 0.00 M M 7.0 10 160 M M 1 M M
3 89 74 82 1 0 17 0.00 M M 9.8 16 170 M M 3 M M
4 82 71 77 -4 0 12 0.87 M M 7.7 23 30 M M 6 13 30 40
5 91 74 83 2 0 18 0.00 M M 6.8 14 180 M M 4 1 M M
6 91 74 83 2 0 18 0.00 M M 8.7 14 190 M M 1 M M
7 92 74 83 2 0 18 0.00 M M 8.4 14 180 M M 0 1 M M
8 77 74 76 -5 0 11 0.46 M M 7.5 14 140 M M 1 3 22 140
9 90 72 81 0 0 16 T M M 4.5 14 220 M M 4 18 M M
10 85 74 80 -1 0 15 0.04 M M 5.6 12 40 M M 6 1 M M
11 83 69 76 -5 0 11 0.00 M M 6.9 12 40 M M 1 M M
12 86 68 77 -4 0 12 0.00 M M 5.8 10 50 M M 1 M M
13 84 62 73 -8 0 8 0.00 M M 3.4 7 99 M M 0 M M
14 91 68 80 -1 0 15 0.00 M M 6.2 13 260 M M 0 M M
15 86 71 79 -2 0 14 0.00 M M 6.7 12 50 M M 0 1 M M
16 78 68 73 -7 0 8 0.00 M M 7.4 15 60 M M 4 M M
17 74 67 71 -9 0 6 0.55 M M 6.5 14 340 M M 8 13 M M
18 83 64 74 -6 0 9 0.00 M M 4.8 7 50 M M 0 1 M M
19 86 63 75 -5 0 10 0.01 M M 2.6 6 340 M M 0 1 M M
20 89 66 78 -2 0 13 0.00 M M 3.6 8 170 M M 0 M M
21 85 69 77 -3 0 12 0.00 M M 5.0 14 30 M M 4 3 18 30
22 84 70 77 -3 0 12 0.00 M M 5.7 9 40 M M 7 1 M M
23 85 69 77 -3 0 12 0.00 M M 6.5 15 80 M M 4 1 M M
24 86 66 76 -4 0 11 0.00 M M 6.4 13 30 M M 4 1 M M
25 88 68 78 -1 0 13 0.00 M M 2.7 8 10 M M 3 M M
26 90 70 80 1 0 15 0.00 M M 2.0 7 20 M M 0 M M
27 91 69 80 1 0 15 0.00 M M 3.4 8 120 M M 0 1 M M
28 91 72 82 3 0 17 0.00 M M 8.8 15 210 M M 1 M M
29 92 71 82 4 0 17 0.01 M M 8.9 18 10 M M 2 1 32 10
30 89 70 80 2 0 15 0.03 M M 3.5 8 360 M M 3 1 M M
31 88 65 77 -1 0 12 0.00 0.0 0 5.1 8 60 M M 0 M M
================================================================================
SM 2690 2159 0 418 1.97 0.0 177.9 M 68
================================================================================
AV 86.8 69.6 5.9 FASTST M M 2 MAX(MPH)
MISC ----> 23 30 32 10
================================================================================
NOTES:
# LAST OF SEVERAL OCCURRENCES
COLUMN 17 PEAK WIND IN M.P.H.
PRELIMINARY LOCAL CLIMATOLOGICAL DATA (WS FORM: F-6) , PAGE 2
STATION: NEWPORT AIRPORT
MONTH: AUGUST
YEAR: 2022
LATITUDE: 35 35 N
LONGITUDE: 91 16 W
[TEMPERATURE DATA] [PRECIPITATION DATA] SYMBOLS USED IN COLUMN 16
AVERAGE MONTHLY: 78.2 TOTAL FOR MONTH: 1.97 1 = FOG OR MIST
DPTR FM NORMAL: -1.9 DPTR FM NORMAL: -0.69 2 = FOG REDUCING VISIBILITY
HIGHEST: 92 ON 7,29 GRTST 24HR 0.87 ON 4- 4 TO 1/4 MILE OR LESS
LOWEST: 62 ON 13 3 = THUNDER
SNOW, ICE PELLETS, HAIL 4 = ICE PELLETS
TOTAL MONTH: 0.0 INCH 5 = HAIL
GRTST 24HR 0.0 6 = FREEZING RAIN OR DRIZZLE
GRTST DEPTH: 0 7 = DUSTSTORM OR SANDSTORM:
VSBY 1/2 MILE OR LESS
8 = SMOKE OR HAZE
[NO. OF DAYS WITH] [WEATHER - DAYS WITH] 9 = BLOWING SNOW
X = TORNADO
MAX 32 OR BELOW: 0 0.01 INCH OR MORE: 7
MAX 90 OR ABOVE: 11 0.10 INCH OR MORE: 3
MIN 32 OR BELOW: 0 0.50 INCH OR MORE: 2
MIN 0 OR BELOW: 0 1.00 INCH OR MORE: 0
[HDD (BASE 65) ]
TOTAL THIS MO. 0 CLEAR (SCALE 0-3) 19
DPTR FM NORMAL 0 PTCLDY (SCALE 4-7) 11
TOTAL FM JUL 1 0 CLOUDY (SCALE 8-10) 1
DPTR FM NORMAL 0
[CDD (BASE 65) ]
TOTAL THIS MO. 418
DPTR FM NORMAL -52 [PRESSURE DATA]
TOTAL FM JAN 1 1692 HIGHEST SLP M ON M
DPTR FM NORMAL 112 LOWEST SLP M ON M
[REMARKS]
#FINAL-08-22#