000
CXUS54 KLZK 281230
CF6M19
PRELIMINARY LOCAL CLIMATOLOGICAL DATA (WS FORM: F-6)
STATION: NEWPORT AIRPORT
MONTH: MARCH
YEAR: 2024
LATITUDE: 35 35 N
LONGITUDE: 91 16 W
TEMPERATURE IN F: :PCPN: SNOW: WIND :SUNSHINE: SKY :PK WND
================================================================================
1 2 3 4 5 6A 6B 7 8 9 10 11 12 13 14 15 16 17 18
12Z AVG MX 2MIN
DY MAX MIN AVG DEP HDD CDD WTR SNW DPTH SPD SPD DIR MIN PSBL S-S WX SPD DR
================================================================================
1 51 38 45 -1 20 0 0.02 M M 6.1 9 160 M M 7 M M
2 66 34 50 4 15 0 0.00 M M 7.7 13 150 M M 2 17 150
3 72 47 60 14 5 0 0.00 M M 13.2 27 200 M M 5 33 190
4 79 56 68 21 0 3 0.31 M M 12.8 18 210 M M 4 38 56 160
5 76 58 67 20 0 2 0.27 M M 9.3 17 160 M M 3 13 21 120
6 63 50 57 9 8 0 0.00 M M 7.7 15 30 M M 7 M M
7 58 50 54 6 11 0 0.14 M M 8.3 22 270 M M 7 1 M M
8 64 54 59 11 6 0 0.60 M M 7.5 18 340 M M 8 13 M M
9 58 41 50 2 15 0 0.05 M M 13.2 20 330 M M 6 25 330
10 59 35 47 -2 18 0 0.00 M M 7.3 12 10 M M 0 8 M M
11 66 38 52 3 13 0 0.00 M M 9.6 18 200 M M 0 21 190
12 71 41 56 6 9 0 0.00 M M 11.7 21 200 M M 0 M M
13 77 49 63 13 2 0 0.00 M M 13.3 23 200 M M 2 1 20 200
14 77 60 69 19 0 4 0.61 M M 13.8 21 360 M M 9 3 33 200
15 62 47 55 5 10 0 0.36 M M 8.5 17 310 M M 7 13 21 360
16 68 41 55 4 10 0 0.00 M M 5.5 12 190 M M 2 12 M M
17 64 45 55 4 10 0 T M M 9.9 15 330 M M 6 21 320
18 50 33 42 -9 23 0 0.00 M M 11.7 18 330 M M 0 24 320
19 62 29 46 -6 19 0 0.00 M M 11.6 21 190 M M 0 27 200
20 74 42 58 6 7 0 T M M 7.5 17 50 M M 2 8 22 40
21 64 43 54 2 11 0 0.00 M M 8.8 13 50 M M 4 8 M M
22 71 47 59 6 6 0 0.00 M M 7.5 14 150 M M 6 M M
23 55 40 48 -5 17 0 0.00 M M 14.1 24 10 M M 4 8 32 10
24 65 39 52 -1 13 0 T M M 9.1 16 140 M M 1 M M
25 70 52 61 7 4 0 0.88 M M 22.7 40 160 M M 10 1 51 160
26 56 38 47 -7 18 0 0.00 M M 13.8 23 240 M M 3 1 33 240
27 55 32 44 -10 21 0 0.00 M M 6.4 14 40 M M 0 M M
================================================================================
SM 1753 1179 291 9 3.24 M 278.6 M 105
================================================================================
AV 64.9 43.7 10.3 FASTST M M 4 MAX(MPH)
MISC ----> 40 160 56 160
================================================================================
NOTES:
# LAST OF SEVERAL OCCURRENCES
COLUMN 17 PEAK WIND IN M.P.H.
PRELIMINARY LOCAL CLIMATOLOGICAL DATA (WS FORM: F-6) , PAGE 2
STATION: NEWPORT AIRPORT
MONTH: MARCH
YEAR: 2024
LATITUDE: 35 35 N
LONGITUDE: 91 16 W
[TEMPERATURE DATA] [PRECIPITATION DATA] SYMBOLS USED IN COLUMN 16
AVERAGE MONTHLY: 54.3 TOTAL FOR MONTH: 3.24 1 = FOG OR MIST
DPTR FM NORMAL: 4.2 DPTR FM NORMAL: -0.70 2 = FOG REDUCING VISIBILITY
HIGHEST: 79 ON 4 GRTST 24HR 0.88 ON 25-25 TO 1/4 MILE OR LESS
LOWEST: 29 ON 19 3 = THUNDER
SNOW, ICE PELLETS, HAIL 4 = ICE PELLETS
TOTAL MONTH: M 5 = HAIL
GRTST 24HR M ON M 6 = FREEZING RAIN OR DRIZZLE
GRTST DEPTH: M ON M 7 = DUSTSTORM OR SANDSTORM:
VSBY 1/2 MILE OR LESS
8 = SMOKE OR HAZE
[NO. OF DAYS WITH] [WEATHER - DAYS WITH] 9 = BLOWING SNOW
X = TORNADO
MAX 32 OR BELOW: 0 0.01 INCH OR MORE: 9
MAX 90 OR ABOVE: 0 0.10 INCH OR MORE: 7
MIN 32 OR BELOW: 2 0.50 INCH OR MORE: 3
MIN 0 OR BELOW: 0 1.00 INCH OR MORE: 0
[HDD (BASE 65) ]
TOTAL THIS MO. 291 CLEAR (SCALE 0-3) 13
DPTR FM NORMAL -116 PTCLDY (SCALE 4-7) 12
TOTAL FM JUL 1 2788 CLOUDY (SCALE 8-10) 2
DPTR FM NORMAL -573
[CDD (BASE 65) ]
TOTAL THIS MO. 9
DPTR FM NORMAL 9 [PRESSURE DATA]
TOTAL FM JAN 1 15 HIGHEST SLP M ON M
DPTR FM NORMAL 15 LOWEST SLP M ON M
[REMARKS]