000
CXUS53 KDTX 012120
CF6MBS
PRELIMINARY LOCAL CLIMATOLOGICAL DATA (WS FORM: F-6)
STATION: TRI CITIES MI
MONTH: SEPTEMBER
YEAR: 2021
LATITUDE: 43 31 N
LONGITUDE: 84 5 W
TEMPERATURE IN F: :PCPN: SNOW: WIND :SUNSHINE: SKY :PK WND
================================================================================
1 2 3 4 5 6A 6B 7 8 9 10 11 12 13 14 15 16 17 18
12Z AVG MX 2MIN
DY MAX MIN AVG DEP HDD CDD WTR SNW DPTH SPD SPD DIR MIN PSBL S-S WX SPD DR
================================================================================
1 76 58 67 0 0 2 0.00 0.0 0 9.7 21 30 M M 1 29 30
2 77 50 64 -3 1 0 0.00 0.0 0 5.8 13 320 M M 0 21 310
3 75 52 64 -3 1 0 0.00 0.0 0 3.4 9 180 M M 0 14 170
4 75 61 68 2 0 3 T 0.0 0 7.4 14 270 M M 9 21 200
5 79 58 69 3 0 4 0.00 0.0 0 10.9 25 270 M M 3 32 250
6 75 53 64 -2 1 0 0.00 0.0 0 7.6 16 310 M M 2 24 290
7 83 51 67 1 0 2 1.01 0.0 0 8.8 38 290 M M 4 13 63 300
8 75 55 65 0 0 0 T 0.0 0 12.0 24 260 M M 4 1 31 260
9 72 53 63 -2 2 0 0.00 0.0 0 8.5 17 320 M M 1 23 320
10 75 51 63 -2 2 0 0.00 0.0 0 5.7 12 220 M M 4 18 230
11 81 59 70 6 0 5 0.00 0.0 0 10.8 25 220 M M 1 32 220
12 72 61 67 3 0 2 1.13 0.0 0 5.8 21 290 M M 8 123 29 280
13 67 59 63 -1 2 0 0.25 0.0 0 4.7 21 90 M M 9 123 30 90
14 85 59 72 9 0 7 0.07 0.0 0 12.0 29 240 M M 6 123 44 250
15 75 56 66 3 0 1 0.00 0.0 0 5.3 15 320 M M 3 19 300
16 79 51 65 3 0 0 0.00 0.0 0 6.3 15 160 M M 1 12 19 140
17 84 58 71 9 0 6 0.00 0.0 0 9.2 20 260 M M 2 1 27 210
18 72 52 62 0 3 0 0.00 0.0 0 9.1 21 20 M M 2 27 30
19 80 48 64 3 1 0 0.00 0.0 0 5.3 13 110 M M 0 17 140
20 80 59 70 9 0 5 0.04 0.0 0 9.2 25 180 M M 4 3 39 180
21 74 56 65 4 0 0 0.23 0.0 0 11.4 18 280 M M 10 1 27 180
22 56 52 54 -6 11 0 0.51 0.0 0 18.7 28 360 M M 10 1 41 350
23 56 49 53 -7 12 0 1.15 0.0 0 18.1 30 360 M M 10 1 47 10
24 72 50 61 2 4 0 0.00 0.0 0 11.9 21 270 M M 4 1 26 230
25 66 51 59 0 6 0 0.13 0.0 0 11.3 22 250 M M 6 1 28 250
26 70 46 58 -1 7 0 T 0.0 0 8.2 17 250 M M 4 23 250
27 79 56 68 10 0 3 0.00 0.0 0 9.9 18 40 M M 3 24 50
28 67 47 57 -1 8 0 0.00 0.0 0 5.2 10 360 M M 3 14 360
29 73 48 61 4 4 0 0.00 0.0 0 1.6 8 70 M M 2 10 100
30 75 47 61 4 4 0 0.00 0.0 0 2.0 8 110 M M 0 11 300
================================================================================
SM 2225 1606 69 40 4.52 0.0 255.8 M 116
================================================================================
AV 74.2 53.5 8.5 FASTST M M 4 MAX(MPH)
MISC ----> 38 290 63 300
================================================================================
NOTES:
# LAST OF SEVERAL OCCURRENCES
COLUMN 17 PEAK WIND IN M.P.H.
PRELIMINARY LOCAL CLIMATOLOGICAL DATA (WS FORM: F-6) , PAGE 2
STATION: TRI CITIES MI
MONTH: SEPTEMBER
YEAR: 2021
LATITUDE: 43 31 N
LONGITUDE: 84 5 W
[TEMPERATURE DATA] [PRECIPITATION DATA] SYMBOLS USED IN COLUMN 16
AVERAGE MONTHLY: 63.9 TOTAL FOR MONTH: 4.52 1 = FOG OR MIST
DPTR FM NORMAL: 1.3 DPTR FM NORMAL: 1.71 2 = FOG REDUCING VISIBILITY
HIGHEST: 85 ON 14 GRTST 24HR 1.35 ON 12-13 TO 1/4 MILE OR LESS
LOWEST: 46 ON 26 3 = THUNDER
SNOW, ICE PELLETS, HAIL 4 = ICE PELLETS
TOTAL MONTH: 0.0 INCH 5 = HAIL
GRTST 24HR 0.0 6 = FREEZING RAIN OR DRIZZLE
GRTST DEPTH: 0 7 = DUSTSTORM OR SANDSTORM:
VSBY 1/2 MILE OR LESS
8 = SMOKE OR HAZE
[NO. OF DAYS WITH] [WEATHER - DAYS WITH] 9 = BLOWING SNOW
X = TORNADO
MAX 32 OR BELOW: 0 0.01 INCH OR MORE: 9
MAX 90 OR ABOVE: 0 0.10 INCH OR MORE: 7
MIN 32 OR BELOW: 0 0.50 INCH OR MORE: 4
MIN 0 OR BELOW: 0 1.00 INCH OR MORE: 3
[HDD (BASE 65) ]
TOTAL THIS MO. 69 CLEAR (SCALE 0-3) 16
DPTR FM NORMAL -67 PTCLDY (SCALE 4-7) 9
TOTAL FM JUL 1 71 CLOUDY (SCALE 8-10) 5
DPTR FM NORMAL -94
[CDD (BASE 65) ]
TOTAL THIS MO. 40
DPTR FM NORMAL -20 [PRESSURE DATA]
TOTAL FM JAN 1 804 HIGHEST SLP 30.27 ON 18
DPTR FM NORMAL 179 LOWEST SLP 29.57 ON 7
[REMARKS]
#FINAL-09-21#