000
CXUS53 KDTX 010635
CF6MBS
PRELIMINARY LOCAL CLIMATOLOGICAL DATA (WS FORM: F-6)
STATION: TRI CITIES MI
MONTH: AUGUST
YEAR: 2021
LATITUDE: 43 31 N
LONGITUDE: 84 5 W
TEMPERATURE IN F: :PCPN: SNOW: WIND :SUNSHINE: SKY :PK WND
================================================================================
1 2 3 4 5 6A 6B 7 8 9 10 11 12 13 14 15 16 17 18
12Z AVG MX 2MIN
DY MAX MIN AVG DEP HDD CDD WTR SNW DPTH SPD SPD DIR MIN PSBL S-S WX SPD DR
================================================================================
1 73 57 65 -6 0 0 0.21 0.0 0 9.3 23 20 M M 4 1238 31 20
2 77 53 65 -6 0 0 0.00 0.0 0 5.5 13 250 M M 2 17 300
3 80 55 68 -3 0 3 0.00 0.0 0 5.8 16 310 M M 1 21 310
4 82 60 71 0 0 6 0.00 0.0 M 4.9 9 180 M M 0 1 14 220
5 84 62 73 2 0 8 0.00 0.0 0 5.4 13 200 M M 1 18 18 190
6 82 64 73 2 0 8 0.00 0.0 0 8.2 16 220 M M 3 8 22 220
7 84 64 74 3 0 9 0.00 0.0 0 4.3 9 160 M M 3 1 13 290
8 86 70 78 7 0 13 0.35 0.0 0 8.6 16 290 M M 4 138 23 290
9 86 71 79 8 0 14 0.06 0.0 0 10.3 24 170 M M 2 138 31 170
10 85 73 79 9 0 14 0.62 0.0 0 10.1 37 280 M M 6 1238 57 270
11 87 69 78 8 0 13 0.36 0.0 0 10.9 25 330 M M 2 138 33 330
12 86 71 79 9 0 14 0.47 0.0 0 9.1 24 300 M M 3 13 33 290
13 81 65 73 3 0 8 0.00 0.0 0 7.8 16 270 M M 1 1 21 260
14 76 54 65 -5 0 0 0.00 0.0 0 4.4 17 340 M M 2 21 340
15 79 55 67 -3 0 2 0.00 0.0 0 3.4 9 90 M M 1 12 150
16 79 56 68 -2 0 3 0.00 0.0 0 3.6 13 60 M M 1 17 50
17 82 58 70 0 0 5 0.00 0.0 0 2.8 8 170 M M 3 12 13 180
18 86 64 75 5 0 10 0.00 0.0 0 2.6 9 50 M M 0 18 15 360
19 87 66 77 7 0 12 0.00 0.0 0 2.8 12 300 M M 1 18 21 350
20 87 65 76 7 0 11 0.00 0.0 0 3.9 10 60 M M 0 18 12 70
21 89 64 77 8 0 12 0.00 0.0 0 4.9 12 180 M M 1 18 15 190
22 83 68 76 7 0 11 0.00 0.0 0 6.9 17 30 M M 3 18 22 30
23 85 66 76 7 0 11 0.00 0.0 0 5.4 13 290 M M 4 128 21 250
24 90 65 78 9 0 13 0.29 0.0 0 8.3 36 300 M M 3 13 53 290
25 87 69 78 9 0 13 0.01 0.0 0 6.8 15 230 M M 3 21 190
26 88 69 79 11 0 14 0.00 0.0 0 6.4 13 30 M M 2 16 40
27 83 67 75 7 0 10 0.69 0.0 0 8.2 16 30 M M 5 13 20 30
28 90 70 80 12 0 15 0.79 0.0 0 8.1 45 270 M M 3 138 62 260
29 89 71 80 12 0 15 0.06 0.0 0 10.3 24 260 M M 2 13 39 270
30 83 63 73 5 0 8 0.00 0.0 0 8.4 16 270 M M 1 23 260
31 76 60 68 1 0 3 0.00 0.0 0 5.1 13 10 M M 2 17 20
================================================================================
SM 2592 1984 0 278 3.91 0.0 202.5 M 69
================================================================================
AV 83.6 64.0 6.5 FASTST M M 2 MAX(MPH)
MISC ----> 45 270 62 260
================================================================================
NOTES:
# LAST OF SEVERAL OCCURRENCES
COLUMN 17 PEAK WIND IN M.P.H.
PRELIMINARY LOCAL CLIMATOLOGICAL DATA (WS FORM: F-6) , PAGE 2
STATION: TRI CITIES MI
MONTH: AUGUST
YEAR: 2021
LATITUDE: 43 31 N
LONGITUDE: 84 5 W
[TEMPERATURE DATA] [PRECIPITATION DATA] SYMBOLS USED IN COLUMN 16
AVERAGE MONTHLY: 73.8 TOTAL FOR MONTH: 3.91 1 = FOG OR MIST
DPTR FM NORMAL: 4.1 DPTR FM NORMAL: 0.06 2 = FOG REDUCING VISIBILITY
HIGHEST: 90 ON 28,24 GRTST 24HR 0.83 ON 11-12 TO 1/4 MILE OR LESS
LOWEST: 53 ON 2 3 = THUNDER
SNOW, ICE PELLETS, HAIL 4 = ICE PELLETS
TOTAL MONTH: 0.0 INCH 5 = HAIL
GRTST 24HR 0.0 6 = FREEZING RAIN OR DRIZZLE
GRTST DEPTH: 0 7 = DUSTSTORM OR SANDSTORM:
VSBY 1/2 MILE OR LESS
8 = SMOKE OR HAZE
[NO. OF DAYS WITH] [WEATHER - DAYS WITH] 9 = BLOWING SNOW
X = TORNADO
MAX 32 OR BELOW: 0 0.01 INCH OR MORE: 11
MAX 90 OR ABOVE: 2 0.10 INCH OR MORE: 8
MIN 32 OR BELOW: 0 0.50 INCH OR MORE: 3
MIN 0 OR BELOW: 0 1.00 INCH OR MORE: 0
[HDD (BASE 65) ]
TOTAL THIS MO. 0 CLEAR (SCALE 0-3) 24
DPTR FM NORMAL -19 PTCLDY (SCALE 4-7) 7
TOTAL FM JUL 1 2 CLOUDY (SCALE 8-10) 0
DPTR FM NORMAL -23
[CDD (BASE 65) ]
TOTAL THIS MO. 278
DPTR FM NORMAL 113 [PRESSURE DATA]
TOTAL FM JAN 1 764 HIGHEST SLP M ON M
DPTR FM NORMAL 199 LOWEST SLP 29.76 ON 11
[REMARKS]
#FINAL-08-21#