000
CXUS54 KLIX 010810
CF6MCB
PRELIMINARY LOCAL CLIMATOLOGICAL DATA (WS FORM: F-6)
STATION: MCCOMB
MONTH: MARCH
YEAR: 2020
LATITUDE: 31 10 N
LONGITUDE: 90 28 W
TEMPERATURE IN F: :PCPN: SNOW: WIND :SUNSHINE: SKY :PK WND
================================================================================
1 2 3 4 5 6A 6B 7 8 9 10 11 12 13 14 15 16 17 18
12Z AVG MX 2MIN
DY MAX MIN AVG DEP HDD CDD WTR SNW DPTH SPD SPD DIR MIN PSBL S-S WX SPD DR
================================================================================
1 72 39 56 1 9 0 0.00 0.0 M 9.2 22 160 M M 2 27 160
2 75 60 68 13 0 3 T 0.0 M 10.4 20 200 M M 7 24 180
3 77 68 73 17 0 8 0.03 0.0 M 6.2 18 160 M M 9 1 23 170
4 71 53 62 6 3 0 0.68 0.0 M 9.3 22 30 M M 10 13 34 30
5 67 45 56 0 9 0 0.04 0.0 M 9.8 21 320 M M 8 13 29 360
6 68 43 56 0 9 0 T 0.0 M 10.2 23 330 M M 0 31 330
7 65 40 53 -4 12 0 0.00 0.0 M 4.1 14 70 M M 0 20 80
8 72 45 59 2 6 0 0.00 0.0 M 8.1 20 170 M M 1 26 160
9 72 55 64 7 1 0 0.01 0.0 M 11.6 21 160 M M 7 1 27 160
10 73 61 67 10 0 2 0.48 0.0 M 4.4 14 170 M M 8 1 17 170
11 80 58 69 11 0 4 0.00 0.0 M 5.9 16 230 M M 5 1 22 220
12 81 61 71 13 0 6 0.00 0.0 M 8.8 20 180 M M 4 18 24 200
13 81 63 72 14 0 7 0.00 0.0 M 5.1 16 180 M M 8 1 19 180
14 82 61 72 14 0 7 0.00 0.0 M 6.5 14 170 M M 4 12 19 180
15 85 61 73 15 0 8 0.00 0.0 M 4.6 14 340 M M 3 18 17 340
16 79 57 68 9 0 3 0.00 0.0 M 4.9 15 170 M M 3 18 17 170
17 77 65 71 12 0 6 T 0.0 M 3.3 9 200 M M 8 1 12 190
18 82 66 74 15 0 9 T 0.0 M 9.1 16 150 M M 9 1 22 160
19 83 70 77 18 0 12 0.04 0.0 M 11.1 18 170 M M 9 1 24 160
20 84 64 74 14 0 9 0.03 0.0 M 7.4 22 340 M M 8 1 27 330
21 65 57 61 1 4 0 0.00 0.0 M 6.4 13 350 M M 10 1 16 360
22 76 55 66 6 0 1 0.10 0.0 M 7.3 15 160 M M 9 13 19 160
23 85 68 77 17 0 12 0.00 0.0 M 6.8 16 210 M M 7 1 22 210
24 84 65 75 15 0 10 0.00 0.0 M 9.8 22 200 M M 7 1 31 220
25 86 59 73 13 0 8 0.00 0.0 M 3.1 14 320 M M 3 18 17 270
26 87 57 72 11 0 7 0.00 0.0 M 6.2 16 160 M M 2 12 20 170
27 87 69 78 17 0 13 0.00 0.0 M 9.4 17 160 M M 5 1 24 200
28 87 70 79 18 0 14 0.00 0.0 M 11.7 22 170 M M 8 1 27 170
29 79 59 69 8 0 4 0.07 0.0 M 4.6 24 310 M M 3 18 34 310
30 78 63 71 9 0 6 0.00 0.0 M 4.9 12 120 M M 5 18 15 120
31 74 49 62 0 3 0 0.19 0.0 M 11.5 25 330 M M 8 1 40 290
================================================================================
SM 2414 1806 56 159 1.67 0.0 231.7 M 180
================================================================================
AV 77.9 58.3 7.5 FASTST M M 6 MAX(MPH)
MISC ----> 25 330 40 290
================================================================================
NOTES:
# LAST OF SEVERAL OCCURRENCES
COLUMN 17 PEAK WIND IN M.P.H.
PRELIMINARY LOCAL CLIMATOLOGICAL DATA (WS FORM: F-6) , PAGE 2
STATION: MCCOMB
MONTH: MARCH
YEAR: 2020
LATITUDE: 31 10 N
LONGITUDE: 90 28 W
[TEMPERATURE DATA] [PRECIPITATION DATA] SYMBOLS USED IN COLUMN 16
AVERAGE MONTHLY: 68.1 TOTAL FOR MONTH: 1.67 1 = FOG OR MIST
DPTR FM NORMAL: 9.5 DPTR FM NORMAL: -4.15 2 = FOG REDUCING VISIBILITY
HIGHEST: 87 ON 28,27 GRTST 24HR 0.72 ON 4- 5 TO 1/4 MILE OR LESS
LOWEST: 39 ON 1 3 = THUNDER
SNOW, ICE PELLETS, HAIL 4 = ICE PELLETS
TOTAL MONTH: 0.0 INCH 5 = HAIL
GRTST 24HR 0.0 6 = FREEZING RAIN OR DRIZZLE
GRTST DEPTH: M ON M 7 = DUSTSTORM OR SANDSTORM:
VSBY 1/2 MILE OR LESS
8 = SMOKE OR HAZE
[NO. OF DAYS WITH] [WEATHER - DAYS WITH] 9 = BLOWING SNOW
X = TORNADO
MAX 32 OR BELOW: 0 0.01 INCH OR MORE: 10
MAX 90 OR ABOVE: 0 0.10 INCH OR MORE: 4
MIN 32 OR BELOW: 0 0.50 INCH OR MORE: 1
MIN 0 OR BELOW: 0 1.00 INCH OR MORE: 0
[HDD (BASE 65) ]
TOTAL THIS MO. 56 CLEAR (SCALE 0-3) 7
DPTR FM NORMAL -176 PTCLDY (SCALE 4-7) 15
TOTAL FM JUL 1 1416 CLOUDY (SCALE 8-10) 9
DPTR FM NORMAL -519
[CDD (BASE 65) ]
TOTAL THIS MO. 159
DPTR FM NORMAL 127 [PRESSURE DATA]
TOTAL FM JAN 1 187 HIGHEST SLP M ON M
DPTR FM NORMAL 141 LOWEST SLP 29.73 ON 31
[REMARKS]
#FINAL-03-20#