000
CXAK56 PAFG 021540
CF6MCG
PRELIMINARY LOCAL CLIMATOLOGICAL DATA (WS FORM: F-6)
STATION: MCGRATH AK
MONTH: MARCH
YEAR: 2022
LATITUDE: 62 57 N
LONGITUDE: 155 36 W
TEMPERATURE IN F: :PCPN: SNOW: WIND :SUNSHINE: SKY :PK WND
================================================================================
1 2 3 4 5 6A 6B 7 8 9 10 11 12 13 14 15 16 17 18
12Z AVG MX 2MIN
DY MAX MIN AVG DEP HDD CDD WTR SNW DPTH SPD SPD DIR MIN PSBL S-S WX SPD DR
================================================================================
1 19 -12 4 -4 61 0 0.00 M M 0.3 5 110 M M 4 1 6 120
2 20 -13 4 -4 61 0 0.00 M M 0.6 6 340 M M 7 6 350
3 36 14 25 17 40 0 T M M 1.9 10 90 M M 5 14 90
4 40 27 34 26 31 0 T M M 13.8 38 200 M M 6 52 160
5 35 6 21 13 44 0 0.00 M M 2.4 10 280 M M 2 1 14 290
6 M M M M M M M M M M M M M M M M M
7 M M M M M M M M M M M M M M M M M
8 33 24 29 20 36 0 0.00 M M M M M M M M M M
9 33 24 29 20 36 0 0.45 M M M M M M M M 1 M M
10 27 13 20 11 45 0 0.21 M M M M M M M M 1 M M
11 23 -3 10 0 55 0 0.00 M M 7.7 14 40 M M 4 18 40
12 21 -16 3 -7 62 0 0.00 M M 8.2 18 30 M M 0 24 30
13 18 -8 5 -5 60 0 0.00 M M 9.8 17 30 M M 0 23 30
14 21 -24 -1 -11 66 0 0.00 M M 2.3 9 360 M M 0 13 10
15 9 -11 -1 -11 66 0 0.00 M M 6.8 16 20 M M 0 23 10
16 23 -14 5 -6 60 0 T M M 7.1 14 40 M M 4 18 50
17 21 -9 6 -5 59 0 0.00 M M 1.2 8 170 M M 1 9 170
18 26 -10 8 -4 57 0 0.00 M M 5.4 16 360 M M 1 23 360
19 18 5 12 0 53 0 T M M 7.8 13 20 M M 9 17 340
20 23 -1 11 -1 54 0 0.00 M M 6.4 16 30 M M 2 20 40
21 19 -19 0 -13 65 0 0.00 M M 5.8 15 10 M M 0 20 20
22 16 1 9 -4 56 0 0.00 M M 10.3 22 40 M M 0 30 50
23 20 3 12 -2 53 0 0.00 M M 6.9 15 120 M M 1 19 120
24 29 -12 9 -5 56 0 0.00 M M 2.4 13 100 M M 3 16 110
25 32 10 21 6 44 0 0.00 M M 1.9 8 70 M M 1 10 80
26 38 7 23 7 42 0 0.00 M M 1.2 7 270 M M 7 11 10
27 41 0 21 5 44 0 T M M 7.9 20 70 M M 1 26 80
28 40 16 28 11 37 0 0.00 M M 2.7 14 70 M M 7 18 80
29 40 20 30 12 35 0 0.00 M M 2.3 8 130 M M 8 10 130
30 36 13 25 6 40 0 0.00 M M 5.5 17 110 M M 4 22 100
31 31 4 18 -1 47 0 0.00 M M 4.6 14 70 M M 5 20 80
================================================================================
SM 788 35 1465 0 0.66 M 133.2 M 82
================================================================================
AV 27.2 1.2 5.1 FASTST M M 3 MAX(MPH)
MISC ----> 38 200 52 160
================================================================================
NOTES:
# LAST OF SEVERAL OCCURRENCES
COLUMN 17 PEAK WIND IN M.P.H.
PRELIMINARY LOCAL CLIMATOLOGICAL DATA (WS FORM: F-6) , PAGE 2
STATION: MCGRATH AK
MONTH: MARCH
YEAR: 2022
LATITUDE: 62 57 N
LONGITUDE: 155 36 W
[TEMPERATURE DATA] [PRECIPITATION DATA] SYMBOLS USED IN COLUMN 16
AVERAGE MONTHLY: 14.2 TOTAL FOR MONTH: 0.66 1 = FOG OR MIST
DPTR FM NORMAL: 2.3 DPTR FM NORMAL: -0.02 2 = FOG REDUCING VISIBILITY
HIGHEST: 41 ON 27 GRTST 24HR 0.64 ON 9-10 TO 1/4 MILE OR LESS
LOWEST: -24 ON 14 3 = THUNDER
SNOW, ICE PELLETS, HAIL 4 = ICE PELLETS
TOTAL MONTH: M 5 = HAIL
GRTST 24HR M ON M 6 = FREEZING RAIN OR DRIZZLE
GRTST DEPTH: M ON M 7 = DUSTSTORM OR SANDSTORM:
VSBY 1/2 MILE OR LESS
8 = SMOKE OR HAZE
[NO. OF DAYS WITH] [WEATHER - DAYS WITH] 9 = BLOWING SNOW
X = TORNADO
MAX 32 OR BELOW: 19 0.01 INCH OR MORE: 2
MAX 90 OR ABOVE: 0 0.10 INCH OR MORE: 2
MIN 32 OR BELOW: 29 0.50 INCH OR MORE: 0
MIN 0 OR BELOW: 14 1.00 INCH OR MORE: 0
[HDD (BASE 65) ]
TOTAL THIS MO. 1465 CLEAR (SCALE 0-3) 14
DPTR FM NORMAL -181 PTCLDY (SCALE 4-7) 11
TOTAL FM JUL 1 3421 CLOUDY (SCALE 8-10) 6
DPTR FM NORMAL -8042
[CDD (BASE 65) ]
TOTAL THIS MO. 0
DPTR FM NORMAL 0 [PRESSURE DATA]
TOTAL FM JAN 1 0 HIGHEST SLP 30.68 ON 7
DPTR FM NORMAL 0 LOWEST SLP 29.35 ON 16
[REMARKS]
#FINAL-03-22#